{"id":31151,"date":"2026-01-28T09:30:07","date_gmt":"2026-01-28T08:30:07","guid":{"rendered":"https:\/\/www.linkeus.fr\/produit\/cap-esterel-pierre-vacances-2\/"},"modified":"2026-01-28T09:30:07","modified_gmt":"2026-01-28T08:30:07","slug":"cap-esterel-pierre-vacances-2","status":"publish","type":"product","link":"https:\/\/www.linkeus.fr\/en\/produit\/cap-esterel-pierre-vacances-2\/","title":{"rendered":"Cap Esterel- Pierre &#038; Vacances"},"content":{"rendered":"<p>Nestled in the heart of a protected 210-hectare estate, between the sparkling Mediterranean Sea and the red hills of the Esterel Massif, Cap Esterel offers a unique setting for your seminars, conventions, film shoots, or incentive trips.<\/p>\n<p>A truly authentic Proven\u00e7al village, vibrant and welcoming, where narrow streets, squares, and panoramic views blend together to create an inspiring and exotic atmosphere.<\/p>\n<p>&nbsp;<\/p>\n<h2>Meeting Rooms<\/h2>\n<p>Flexible and High-Performance Event Spaces<\/p>\n<p>For your meetings, plenary sessions, or workshops, Cap Esterel offers modular facilities designed for efficiency and comfort:<\/p>\n<p>Les Arcades Room \u2013 380 m\u00b2<br \/>\nA plenary room with a fully equipped stage, accommodating up to 200 people, divisible into three independent spaces.<\/p>\n<p>5 Additional Rooms (48 to 110 m\u00b2)<br \/>\nModular into 8 breakout rooms, ideal for working groups.<br \/>\nApartments Convertible into Breakout Rooms<br \/>\nFor confidential sessions (7 to 8 people), in a quiet and independent setting.<\/p>\n<hr \/>\n<h2>Incentive &amp; Team Building: Southern energy at the service of your teams<\/h2>\n<p>For over 20 years, our teams and partners have been developing tailor-made experiences to strengthen cohesion, stimulate creativity, and motivate your employees.<\/p>\n<p>Sports challenge, fun activity, or wellness workshop: we support you from conception to execution, with a dynamic approach 100% adapted to your objectives.<\/p>\n<hr \/>\n<h2>Accommodation<\/h2>\n<p>We welcome your participants to spaces designed for relaxation:<\/p>\n<p>175 apartments (70% air-conditioned). They are equipped with: bathroom, separate WC (except studios), television, safe, balcony or terrace, and Wi-Fi.<\/p>\n<p>64 modern rooms at the H\u00f4tel de l\u2019Esterel***: shower room with WC, hairdryer, air conditioning, large 108cm TV, minibar, and loggia or terrace with a view.<br \/>\nOptimal comfort to combine work and relaxation.<\/p>\n<hr \/>\n<h2>Dining options<\/h2>\n<p>Enjoy delicious moments overlooking the sea. Whether for a gala dinner, a casual lunch, or a festive evening, several venues are available:<\/p>\n<p>Le Grand Bleu \u2013 220 seats, sea view, dance floor, and games area.<br \/>\nLe Jardin de l\u2019Esterel \u2013 70 seats indoors + 80 on the terrace.<br \/>\nLe Restaurant de la Plage \u2013 250 seats under the pine trees, facing \u00cele d\u2019Or.<br \/>\nA variety of atmospheres to enhance every highlight of your event.<\/p>\n<hr \/>\n<h2>Activities: A vast playground between land and sea<\/h2>\n<p><strong>A personalized welcome.<\/strong><\/p>\n<p>Working in perfect synergy between our teams and our local partners, we offer a wide range of activities &#8220;\u00e0 la carte,&#8221; with a customized program and quote for each event.<\/p>\n<p><em><strong>On-site<\/strong><\/em><\/p>\n<ul>\n<li>1100 m\u00b2 aquatic area, infinity pool.<\/li>\n<li>Tennis, padel, multi-sports courts.<\/li>\n<li>9-hole golf course designed by Yves Bureau with driving range.<\/li>\n<li>Spa (by reservation).<\/li>\n<\/ul>\n<p><strong><em>Nearby<\/em><\/strong><\/p>\n<ul>\n<li>Iconic Proven\u00e7al villages: Grasse, Biot, Vallauris, Saint-Tropez\u2026<\/li>\n<li>Buggy tours departing from the resort.<\/li>\n<\/ul>\n<p><strong><em>Exclusive experiences<\/em><\/strong><\/p>\n<ul>\n<li>Electric mountain biking in the heart of nature.<\/li>\n<li>Water sports challenges: giant paddleboarding, kayaking in the Calanques.<\/li>\n<li>Maxi-catamaran excursions for up to 180 participants: an unforgettable experience departing from Saint-Rapha\u00ebl.<\/li>\n<\/ul>\n<hr \/>\n<h2>Cap Esterel \u2013 The essential address for your events on the French Riviera<\/h2>\n<p>Between professional infrastructure, exceptional activities and a spectacular setting, Cap Esterel offers you all the conditions for a memorable, unifying and perfectly orchestrated event.<\/p>\n","protected":false},"excerpt":{"rendered":"<p>Nestled in the heart of a protected 210-hectare estate, between the sparkling Mediterranean Sea and the red hills of the Esterel Massif, Cap Esterel offers a unique setting for your seminars, conventions, film shoots, or incentive trips. A truly authentic Proven\u00e7al village, vibrant and welcoming, where narrow streets, squares, and panoramic views blend together to [&hellip;]<\/p>\n","protected":false},"featured_media":0,"comment_status":"closed","ping_status":"closed","template":"","meta":{"inline_featured_image":false},"product_cat":[],"product_tag":[],"class_list":{"0":"post-31151","1":"product","2":"type-product","3":"status-publish","6":"first","7":"instock","8":"virtual","9":"sold-individually","10":"purchasable","11":"product-type-listing_booking"},"yoast_head":"<!-- This site is optimized with the Yoast SEO plugin v24.0 - https:\/\/yoast.com\/wordpress\/plugins\/seo\/ -->\n<title>Cap Esterel- Pierre &amp; Vacances - Linkeus Provence C\u00f4te d&#039;Azur Events<\/title>\n<meta name=\"robots\" content=\"index, follow, max-snippet:-1, max-image-preview:large, max-video-preview:-1\" \/>\n<link rel=\"canonical\" href=\"https:\/\/www.linkeus.fr\/en\/produit\/cap-esterel-pierre-vacances-2\/\" \/>\n<meta property=\"og:locale\" content=\"en_US\" \/>\n<meta property=\"og:type\" content=\"article\" \/>\n<meta property=\"og:title\" content=\"Cap Esterel- Pierre &amp; Vacances - Linkeus Provence C\u00f4te d&#039;Azur Events\" \/>\n<meta property=\"og:description\" content=\"Nestled in the heart of a protected 210-hectare estate, between the sparkling Mediterranean Sea and the red hills of the Esterel Massif, Cap Esterel offers a unique setting for your seminars, conventions, film shoots, or incentive trips. A truly authentic Proven\u00e7al village, vibrant and welcoming, where narrow streets, squares, and panoramic views blend together to [&hellip;]\" \/>\n<meta property=\"og:url\" content=\"https:\/\/www.linkeus.fr\/en\/produit\/cap-esterel-pierre-vacances-2\/\" \/>\n<meta property=\"og:site_name\" content=\"Linkeus Provence C\u00f4te d&#039;Azur Events\" \/>\n<meta property=\"article:publisher\" content=\"https:\/\/www.facebook.com\/ProvenceCotedAzurEvents\" \/>\n<meta property=\"og:image\" content=\"https:\/\/www.linkeus.fr\/wp-content\/uploads\/2021\/07\/pce-image-resaux-sociaux-scaled.jpg\" \/>\n\t<meta property=\"og:image:width\" content=\"2560\" \/>\n\t<meta property=\"og:image:height\" content=\"1204\" \/>\n\t<meta property=\"og:image:type\" content=\"image\/jpeg\" \/>\n<meta name=\"twitter:card\" content=\"summary_large_image\" \/>\n<meta name=\"twitter:label1\" content=\"Est. reading time\" \/>\n\t<meta name=\"twitter:data1\" content=\"2 minutes\" \/>\n<script type=\"application\/ld+json\" class=\"yoast-schema-graph\">{\"@context\":\"https:\/\/schema.org\",\"@graph\":[{\"@type\":\"WebPage\",\"@id\":\"https:\/\/www.linkeus.fr\/en\/produit\/cap-esterel-pierre-vacances-2\/\",\"url\":\"https:\/\/www.linkeus.fr\/en\/produit\/cap-esterel-pierre-vacances-2\/\",\"name\":\"Cap Esterel- Pierre & Vacances - Linkeus Provence C\u00f4te d&#039;Azur Events\",\"isPartOf\":{\"@id\":\"https:\/\/www.linkeus.fr\/#website\"},\"datePublished\":\"2026-01-28T08:30:07+00:00\",\"dateModified\":\"2026-01-28T08:30:07+00:00\",\"breadcrumb\":{\"@id\":\"https:\/\/www.linkeus.fr\/en\/produit\/cap-esterel-pierre-vacances-2\/#breadcrumb\"},\"inLanguage\":\"en-US\",\"potentialAction\":[{\"@type\":\"ReadAction\",\"target\":[\"https:\/\/www.linkeus.fr\/en\/produit\/cap-esterel-pierre-vacances-2\/\"]}]},{\"@type\":\"BreadcrumbList\",\"@id\":\"https:\/\/www.linkeus.fr\/en\/produit\/cap-esterel-pierre-vacances-2\/#breadcrumb\",\"itemListElement\":[{\"@type\":\"ListItem\",\"position\":1,\"name\":\"Accueil\",\"item\":\"https:\/\/www.linkeus.fr\/en\/\"},{\"@type\":\"ListItem\",\"position\":2,\"name\":\"Produits\",\"item\":\"https:\/\/www.linkeus.fr\/shop\/\"},{\"@type\":\"ListItem\",\"position\":3,\"name\":\"Cap Esterel- Pierre &#038; Vacances\"}]},{\"@type\":\"WebSite\",\"@id\":\"https:\/\/www.linkeus.fr\/#website\",\"url\":\"https:\/\/www.linkeus.fr\/\",\"name\":\"Linkeus Provence C\u00f4te d&#039;Azur Events\",\"description\":\"Le bureau des congr\u00e8s regional : l&#039;interlocuteur privil\u00e9gi\u00e9 pour l&#039;organisation de vos \u00e9v\u00e8nements professionnels en Provence Alpes C\u00f4te d&#039;Azur\",\"publisher\":{\"@id\":\"https:\/\/www.linkeus.fr\/#organization\"},\"potentialAction\":[{\"@type\":\"SearchAction\",\"target\":{\"@type\":\"EntryPoint\",\"urlTemplate\":\"https:\/\/www.linkeus.fr\/?s={search_term_string}\"},\"query-input\":{\"@type\":\"PropertyValueSpecification\",\"valueRequired\":true,\"valueName\":\"search_term_string\"}}],\"inLanguage\":\"en-US\"},{\"@type\":\"Organization\",\"@id\":\"https:\/\/www.linkeus.fr\/#organization\",\"name\":\"Linkeus Provence C\u00f4te d&#039;Azur Events\",\"url\":\"https:\/\/www.linkeus.fr\/\",\"logo\":{\"@type\":\"ImageObject\",\"inLanguage\":\"en-US\",\"@id\":\"https:\/\/www.linkeus.fr\/#\/schema\/logo\/image\/\",\"url\":\"https:\/\/www.linkeus.fr\/wp-content\/uploads\/2022\/09\/log-linkeus290.png\",\"contentUrl\":\"https:\/\/www.linkeus.fr\/wp-content\/uploads\/2022\/09\/log-linkeus290.png\",\"width\":290,\"height\":100,\"caption\":\"Linkeus Provence C\u00f4te d&#039;Azur Events\"},\"image\":{\"@id\":\"https:\/\/www.linkeus.fr\/#\/schema\/logo\/image\/\"},\"sameAs\":[\"https:\/\/www.facebook.com\/ProvenceCotedAzurEvents\"]}]}<\/script>\n<!-- \/ Yoast SEO plugin. -->","yoast_head_json":{"title":"Cap Esterel- Pierre & Vacances - Linkeus Provence C\u00f4te d&#039;Azur Events","robots":{"index":"index","follow":"follow","max-snippet":"max-snippet:-1","max-image-preview":"max-image-preview:large","max-video-preview":"max-video-preview:-1"},"canonical":"https:\/\/www.linkeus.fr\/en\/produit\/cap-esterel-pierre-vacances-2\/","og_locale":"en_US","og_type":"article","og_title":"Cap Esterel- Pierre & Vacances - Linkeus Provence C\u00f4te d&#039;Azur Events","og_description":"Nestled in the heart of a protected 210-hectare estate, between the sparkling Mediterranean Sea and the red hills of the Esterel Massif, Cap Esterel offers a unique setting for your seminars, conventions, film shoots, or incentive trips. A truly authentic Proven\u00e7al village, vibrant and welcoming, where narrow streets, squares, and panoramic views blend together to [&hellip;]","og_url":"https:\/\/www.linkeus.fr\/en\/produit\/cap-esterel-pierre-vacances-2\/","og_site_name":"Linkeus Provence C\u00f4te d&#039;Azur Events","article_publisher":"https:\/\/www.facebook.com\/ProvenceCotedAzurEvents","og_image":[{"width":2560,"height":1204,"url":"https:\/\/www.linkeus.fr\/wp-content\/uploads\/2021\/07\/pce-image-resaux-sociaux-scaled.jpg","type":"image\/jpeg"}],"twitter_card":"summary_large_image","twitter_misc":{"Est. reading time":"2 minutes"},"schema":{"@context":"https:\/\/schema.org","@graph":[{"@type":"WebPage","@id":"https:\/\/www.linkeus.fr\/en\/produit\/cap-esterel-pierre-vacances-2\/","url":"https:\/\/www.linkeus.fr\/en\/produit\/cap-esterel-pierre-vacances-2\/","name":"Cap Esterel- Pierre & Vacances - Linkeus Provence C\u00f4te d&#039;Azur Events","isPartOf":{"@id":"https:\/\/www.linkeus.fr\/#website"},"datePublished":"2026-01-28T08:30:07+00:00","dateModified":"2026-01-28T08:30:07+00:00","breadcrumb":{"@id":"https:\/\/www.linkeus.fr\/en\/produit\/cap-esterel-pierre-vacances-2\/#breadcrumb"},"inLanguage":"en-US","potentialAction":[{"@type":"ReadAction","target":["https:\/\/www.linkeus.fr\/en\/produit\/cap-esterel-pierre-vacances-2\/"]}]},{"@type":"BreadcrumbList","@id":"https:\/\/www.linkeus.fr\/en\/produit\/cap-esterel-pierre-vacances-2\/#breadcrumb","itemListElement":[{"@type":"ListItem","position":1,"name":"Accueil","item":"https:\/\/www.linkeus.fr\/en\/"},{"@type":"ListItem","position":2,"name":"Produits","item":"https:\/\/www.linkeus.fr\/shop\/"},{"@type":"ListItem","position":3,"name":"Cap Esterel- Pierre &#038; Vacances"}]},{"@type":"WebSite","@id":"https:\/\/www.linkeus.fr\/#website","url":"https:\/\/www.linkeus.fr\/","name":"Linkeus Provence C\u00f4te d&#039;Azur Events","description":"Le bureau des congr\u00e8s regional : l&#039;interlocuteur privil\u00e9gi\u00e9 pour l&#039;organisation de vos \u00e9v\u00e8nements professionnels en Provence Alpes C\u00f4te d&#039;Azur","publisher":{"@id":"https:\/\/www.linkeus.fr\/#organization"},"potentialAction":[{"@type":"SearchAction","target":{"@type":"EntryPoint","urlTemplate":"https:\/\/www.linkeus.fr\/?s={search_term_string}"},"query-input":{"@type":"PropertyValueSpecification","valueRequired":true,"valueName":"search_term_string"}}],"inLanguage":"en-US"},{"@type":"Organization","@id":"https:\/\/www.linkeus.fr\/#organization","name":"Linkeus Provence C\u00f4te d&#039;Azur Events","url":"https:\/\/www.linkeus.fr\/","logo":{"@type":"ImageObject","inLanguage":"en-US","@id":"https:\/\/www.linkeus.fr\/#\/schema\/logo\/image\/","url":"https:\/\/www.linkeus.fr\/wp-content\/uploads\/2022\/09\/log-linkeus290.png","contentUrl":"https:\/\/www.linkeus.fr\/wp-content\/uploads\/2022\/09\/log-linkeus290.png","width":290,"height":100,"caption":"Linkeus Provence C\u00f4te d&#039;Azur Events"},"image":{"@id":"https:\/\/www.linkeus.fr\/#\/schema\/logo\/image\/"},"sameAs":["https:\/\/www.facebook.com\/ProvenceCotedAzurEvents"]}]}},"_links":{"self":[{"href":"https:\/\/www.linkeus.fr\/en\/wp-json\/wp\/v2\/product\/31151","targetHints":{"allow":["GET"]}}],"collection":[{"href":"https:\/\/www.linkeus.fr\/en\/wp-json\/wp\/v2\/product"}],"about":[{"href":"https:\/\/www.linkeus.fr\/en\/wp-json\/wp\/v2\/types\/product"}],"replies":[{"embeddable":true,"href":"https:\/\/www.linkeus.fr\/en\/wp-json\/wp\/v2\/comments?post=31151"}],"wp:attachment":[{"href":"https:\/\/www.linkeus.fr\/en\/wp-json\/wp\/v2\/media?parent=31151"}],"wp:term":[{"taxonomy":"product_cat","embeddable":true,"href":"https:\/\/www.linkeus.fr\/en\/wp-json\/wp\/v2\/product_cat?post=31151"},{"taxonomy":"product_tag","embeddable":true,"href":"https:\/\/www.linkeus.fr\/en\/wp-json\/wp\/v2\/product_tag?post=31151"}],"curies":[{"name":"wp","href":"https:\/\/api.w.org\/{rel}","templated":true}]}}

<p>Nestled in the heart of a protected 210-hectare estate, between the sparkling Mediterranean Sea and the red hills of the Esterel Massif, Cap Esterel offers a unique setting for your seminars, conventions, film shoots, or incentive trips.</p>
<p>A truly authentic Provençal village, vibrant and welcoming, where narrow streets, squares, and panoramic views blend together to create an inspiring and exotic atmosphere.</p>
<p>&nbsp;</p>
<h2>Meeting Rooms</h2>
<p>Flexible and High-Performance Event Spaces</p>
<p>For your meetings, plenary sessions, or workshops, Cap Esterel offers modular facilities designed for efficiency and comfort:</p>
<p>Les Arcades Room – 380 m²<br />
A plenary room with a fully equipped stage, accommodating up to 200 people, divisible into three independent spaces.</p>
<p>5 Additional Rooms (48 to 110 m²)<br />
Modular into 8 breakout rooms, ideal for working groups.<br />
Apartments Convertible into Breakout Rooms<br />
For confidential sessions (7 to 8 people), in a quiet and independent setting.</p>
<hr />
<h2>Incentive &amp; Team Building: Southern energy at the service of your teams</h2>
<p>For over 20 years, our teams and partners have been developing tailor-made experiences to strengthen cohesion, stimulate creativity, and motivate your employees.</p>
<p>Sports challenge, fun activity, or wellness workshop: we support you from conception to execution, with a dynamic approach 100% adapted to your objectives.</p>
<hr />
<h2>Accommodation</h2>
<p>We welcome your participants to spaces designed for relaxation:</p>
<p>175 apartments (70% air-conditioned). They are equipped with: bathroom, separate WC (except studios), television, safe, balcony or terrace, and Wi-Fi.</p>
<p>64 modern rooms at the Hôtel de l’Esterel***: shower room with WC, hairdryer, air conditioning, large 108cm TV, minibar, and loggia or terrace with a view.<br />
Optimal comfort to combine work and relaxation.</p>
<hr />
<h2>Dining options</h2>
<p>Enjoy delicious moments overlooking the sea. Whether for a gala dinner, a casual lunch, or a festive evening, several venues are available:</p>
<p>Le Grand Bleu – 220 seats, sea view, dance floor, and games area.<br />
Le Jardin de l’Esterel – 70 seats indoors + 80 on the terrace.<br />
Le Restaurant de la Plage – 250 seats under the pine trees, facing Île d’Or.<br />
A variety of atmospheres to enhance every highlight of your event.</p>
<hr />
<h2>Activities: A vast playground between land and sea</h2>
<p><strong>A personalized welcome.</strong></p>
<p>Working in perfect synergy between our teams and our local partners, we offer a wide range of activities &#8220;à la carte,&#8221; with a customized program and quote for each event.</p>
<p><em><strong>On-site</strong></em></p>
<ul>
<li>1100 m² aquatic area, infinity pool.</li>
<li>Tennis, padel, multi-sports courts.</li>
<li>9-hole golf course designed by Yves Bureau with driving range.</li>
<li>Spa (by reservation).</li>
</ul>
<p><strong><em>Nearby</em></strong></p>
<ul>
<li>Iconic Provençal villages: Grasse, Biot, Vallauris, Saint-Tropez…</li>
<li>Buggy tours departing from the resort.</li>
</ul>
<p><strong><em>Exclusive experiences</em></strong></p>
<ul>
<li>Electric mountain biking in the heart of nature.</li>
<li>Water sports challenges: giant paddleboarding, kayaking in the Calanques.</li>
<li>Maxi-catamaran excursions for up to 180 participants: an unforgettable experience departing from Saint-Raphaël.</li>
</ul>
<hr />
<h2>Cap Esterel – The essential address for your events on the French Riviera</h2>
<p>Between professional infrastructure, exceptional activities and a spectacular setting, Cap Esterel offers you all the conditions for a memorable, unifying and perfectly orchestrated event.</p>

<p>Nestled in the heart of a protected 210-hectare estate, between the sparkling Mediterranean Sea and the red hills of the Esterel Massif, Cap Esterel offers a unique setting for your seminars, conventions, film shoots, or incentive trips. A truly authentic Provençal village, vibrant and welcoming, where narrow streets, squares, and panoramic views blend together to [&hellip;]</p>

<!-- This site is optimized with the Yoast SEO plugin v24.0 - https://yoast.com/wordpress/plugins/seo/ -->
<title>Cap Esterel- Pierre &amp; Vacances - Linkeus Provence Côte d&#039;Azur Events</title>
<meta name="robots" content="index, follow, max-snippet:-1, max-image-preview:large, max-video-preview:-1" />
<link rel="canonical" href="https://www.linkeus.fr/en/produit/cap-esterel-pierre-vacances-2/" />
<meta property="og:locale" content="en_US" />
<meta property="og:type" content="article" />
<meta property="og:title" content="Cap Esterel- Pierre &amp; Vacances - Linkeus Provence Côte d&#039;Azur Events" />
<meta property="og:description" content="Nestled in the heart of a protected 210-hectare estate, between the sparkling Mediterranean Sea and the red hills of the Esterel Massif, Cap Esterel offers a unique setting for your seminars, conventions, film shoots, or incentive trips. A truly authentic Provençal village, vibrant and welcoming, where narrow streets, squares, and panoramic views blend together to [&hellip;]" />
<meta property="og:url" content="https://www.linkeus.fr/en/produit/cap-esterel-pierre-vacances-2/" />
<meta property="og:site_name" content="Linkeus Provence Côte d&#039;Azur Events" />
<meta property="article:publisher" content="https://www.facebook.com/ProvenceCotedAzurEvents" />
<meta property="og:image" content="https://www.linkeus.fr/wp-content/uploads/2021/07/pce-image-resaux-sociaux-scaled.jpg" />
	<meta property="og:image:width" content="2560" />
	<meta property="og:image:height" content="1204" />
	<meta property="og:image:type" content="image/jpeg" />
<meta name="twitter:card" content="summary_large_image" />
<meta name="twitter:label1" content="Est. reading time" />
	<meta name="twitter:data1" content="2 minutes" />
<script type="application/ld+json" class="yoast-schema-graph">{"@context":"https://schema.org","@graph":[{"@type":"WebPage","@id":"https://www.linkeus.fr/en/produit/cap-esterel-pierre-vacances-2/","url":"https://www.linkeus.fr/en/produit/cap-esterel-pierre-vacances-2/","name":"Cap Esterel- Pierre & Vacances - Linkeus Provence Côte d&#039;Azur Events","isPartOf":{"@id":"https://www.linkeus.fr/#website"},"datePublished":"2026-01-28T08:30:07+00:00","dateModified":"2026-01-28T08:30:07+00:00","breadcrumb":{"@id":"https://www.linkeus.fr/en/produit/cap-esterel-pierre-vacances-2/#breadcrumb"},"inLanguage":"en-US","potentialAction":[{"@type":"ReadAction","target":["https://www.linkeus.fr/en/produit/cap-esterel-pierre-vacances-2/"]}]},{"@type":"BreadcrumbList","@id":"https://www.linkeus.fr/en/produit/cap-esterel-pierre-vacances-2/#breadcrumb","itemListElement":[{"@type":"ListItem","position":1,"name":"Accueil","item":"https://www.linkeus.fr/en/"},{"@type":"ListItem","position":2,"name":"Produits","item":"https://www.linkeus.fr/shop/"},{"@type":"ListItem","position":3,"name":"Cap Esterel- Pierre &#038; Vacances"}]},{"@type":"WebSite","@id":"https://www.linkeus.fr/#website","url":"https://www.linkeus.fr/","name":"Linkeus Provence Côte d&#039;Azur Events","description":"Le bureau des congrès regional : l&#039;interlocuteur privilégié pour l&#039;organisation de vos évènements professionnels en Provence Alpes Côte d&#039;Azur","publisher":{"@id":"https://www.linkeus.fr/#organization"},"potentialAction":[{"@type":"SearchAction","target":{"@type":"EntryPoint","urlTemplate":"https://www.linkeus.fr/?s={search_term_string}"},"query-input":{"@type":"PropertyValueSpecification","valueRequired":true,"valueName":"search_term_string"}}],"inLanguage":"en-US"},{"@type":"Organization","@id":"https://www.linkeus.fr/#organization","name":"Linkeus Provence Côte d&#039;Azur Events","url":"https://www.linkeus.fr/","logo":{"@type":"ImageObject","inLanguage":"en-US","@id":"https://www.linkeus.fr/#/schema/logo/image/","url":"https://www.linkeus.fr/wp-content/uploads/2022/09/log-linkeus290.png","contentUrl":"https://www.linkeus.fr/wp-content/uploads/2022/09/log-linkeus290.png","width":290,"height":100,"caption":"Linkeus Provence Côte d&#039;Azur Events"},"image":{"@id":"https://www.linkeus.fr/#/schema/logo/image/"},"sameAs":["https://www.facebook.com/ProvenceCotedAzurEvents"]}]}</script>
<!-- / Yoast SEO plugin. -->

Cap Esterel- Pierre & Vacances - Linkeus Provence Côte d&#039;Azur Events

Nestled in the heart of a protected 210-hectare estate, between the sparkling Mediterranean Sea and the red hills of the Esterel Massif, Cap Esterel offers a unique setting for your seminars, conventions, film shoots, or incentive trips. A truly authentic Provençal village, vibrant and welcoming, where narrow streets, squares, and panoramic views blend together to [&hellip;]

Linkeus Provence Côte d&#039;Azur Events

Le bureau des congrès regional : l&#039;interlocuteur privilégié pour l&#039;organisation de vos évènements professionnels en Provence Alpes Côte d&#039;Azur
