{"id":31148,"date":"2026-01-27T14:53:39","date_gmt":"2026-01-27T13:53:39","guid":{"rendered":"https:\/\/www.linkeus.fr\/produit\/village-pierre-et-vacances-pont-royal-en-provence\/"},"modified":"2026-01-27T14:53:39","modified_gmt":"2026-01-27T13:53:39","slug":"village-pierre-et-vacances-pont-royal-en-provence","status":"publish","type":"product","link":"https:\/\/www.linkeus.fr\/en\/produit\/village-pierre-et-vacances-pont-royal-en-provence\/","title":{"rendered":"Village Pierre et Vacances Pont Royal en Provence"},"content":{"rendered":"<p>Between Alpilles and Luberon, the pedestrian-only village of Pont-Royal en Provence dominates the Durance valley, just a few kilometres from Aix-en-Provence and Avignon. Luxurious facilities and a special location in the heart of the 180 ha domain: you&#8217;ll have all you need to combine discussions, relaxation and fun under the shade of the plane trees and the hum of the cicadas!<\/p>\n<p>&nbsp;<\/p>\n<p data-start=\"39\" data-end=\"259\"><strong data-start=\"39\" data-end=\"65\">MODULAR MEETING SPACES<\/strong><br data-start=\"65\" data-end=\"68\" \/>\u2022 \u201c&#8221;Medici&#8221; space: 520 m\u00b2 that can be divided into 8 meeting rooms, accommodating up to 450 people in plenary session<br data-start=\"125\" data-end=\"128\" \/>\u2022 4 additional meeting rooms just a short walk from the \u201cM\u00e9dicis\u201d Space<br data-start=\"199\" data-end=\"202\" \/>\u2022 Possibility to convert apartments into breakout rooms<\/p>\n<p data-start=\"39\" data-end=\"259\">\n<p data-start=\"261\" data-end=\"346\"><strong data-start=\"261\" data-end=\"293\">FULLY EQUIPPED ACCOMMODATION<\/strong><br data-start=\"293\" data-end=\"296\" \/>\u2022 300 very comfortable apartments with balcony, terrace or small garden<br data-start=\"312\" data-end=\"315\" \/>\n<\/p>\n<p data-start=\"348\" data-end=\"495\"><strong data-start=\"348\" data-end=\"382\">A WIDE RANGE OF DINING OPTIONS<\/strong><br data-start=\"382\" data-end=\"385\" \/>\u2022 Capacity for up to 340 people in the 3 restaurants on the village hall square and 150 people at the Golf restaurant<br data-start=\"440\" data-end=\"443\" \/>\n<\/p>\n<p data-start=\"348\" data-end=\"495\">\n<p data-start=\"497\" data-end=\"719\" data-is-last-node=\"\" data-is-only-node=\"\"><strong data-start=\"497\" data-end=\"524\">ACTIVITIES FOR EVERYONE<\/strong><br data-start=\"524\" data-end=\"527\" \/>\u2022 International 18-hole golf course designed by Severiano Ballesteros<\/p>\n<p data-start=\"497\" data-end=\"719\" data-is-last-node=\"\" data-is-only-node=\"\">\u2022 Natural spaces, multi-sports and heated aquatic areas<\/p>\n<p data-start=\"497\" data-end=\"719\" data-is-last-node=\"\" data-is-only-node=\"\">\u2022 A wide range of team-building activities<\/p>\n<p data-start=\"497\" data-end=\"719\" data-is-last-node=\"\" data-is-only-node=\"\">\u2022 Unforgettable themed evenings<\/p>\n<p data-start=\"497\" data-end=\"719\" data-is-last-node=\"\" data-is-only-node=\"\">\n<p data-start=\"497\" data-end=\"719\" data-is-last-node=\"\" data-is-only-node=\"\"><em>Bus and vehicle parking<\/em><br \/>\n<em>Electric vehicle charging<\/em><\/p>\n","protected":false},"excerpt":{"rendered":"<p>Between Alpilles and Luberon, the pedestrian-only village of Pont-Royal en Provence dominates the Durance valley, just a few kilometres from Aix-en-Provence and Avignon. Luxurious facilities and a special location in the heart of the 180 ha domain: you&#8217;ll have all you need to combine discussions, relaxation and fun under the shade of the plane trees [&hellip;]<\/p>\n","protected":false},"featured_media":0,"comment_status":"closed","ping_status":"closed","template":"","meta":{"inline_featured_image":false},"product_cat":[],"product_tag":[],"class_list":{"0":"post-31148","1":"product","2":"type-product","3":"status-publish","6":"first","7":"instock","8":"virtual","9":"sold-individually","10":"purchasable","11":"product-type-listing_booking"},"yoast_head":"<!-- This site is optimized with the Yoast SEO plugin v24.0 - https:\/\/yoast.com\/wordpress\/plugins\/seo\/ -->\n<title>Village Pierre et Vacances Pont Royal en Provence - Linkeus Provence C\u00f4te d&#039;Azur Events<\/title>\n<meta name=\"robots\" content=\"index, follow, max-snippet:-1, max-image-preview:large, max-video-preview:-1\" \/>\n<link rel=\"canonical\" href=\"https:\/\/www.linkeus.fr\/en\/produit\/village-pierre-et-vacances-pont-royal-en-provence\/\" \/>\n<meta property=\"og:locale\" content=\"en_US\" \/>\n<meta property=\"og:type\" content=\"article\" \/>\n<meta property=\"og:title\" content=\"Village Pierre et Vacances Pont Royal en Provence - Linkeus Provence C\u00f4te d&#039;Azur Events\" \/>\n<meta property=\"og:description\" content=\"Between Alpilles and Luberon, the pedestrian-only village of Pont-Royal en Provence dominates the Durance valley, just a few kilometres from Aix-en-Provence and Avignon. Luxurious facilities and a special location in the heart of the 180 ha domain: you&#8217;ll have all you need to combine discussions, relaxation and fun under the shade of the plane trees [&hellip;]\" \/>\n<meta property=\"og:url\" content=\"https:\/\/www.linkeus.fr\/en\/produit\/village-pierre-et-vacances-pont-royal-en-provence\/\" \/>\n<meta property=\"og:site_name\" content=\"Linkeus Provence C\u00f4te d&#039;Azur Events\" \/>\n<meta property=\"article:publisher\" content=\"https:\/\/www.facebook.com\/ProvenceCotedAzurEvents\" \/>\n<meta property=\"og:image\" content=\"https:\/\/www.linkeus.fr\/wp-content\/uploads\/2021\/07\/pce-image-resaux-sociaux-scaled.jpg\" \/>\n\t<meta property=\"og:image:width\" content=\"2560\" \/>\n\t<meta property=\"og:image:height\" content=\"1204\" \/>\n\t<meta property=\"og:image:type\" content=\"image\/jpeg\" \/>\n<meta name=\"twitter:card\" content=\"summary_large_image\" \/>\n<meta name=\"twitter:label1\" content=\"Est. reading time\" \/>\n\t<meta name=\"twitter:data1\" content=\"1 minute\" \/>\n<script type=\"application\/ld+json\" class=\"yoast-schema-graph\">{\"@context\":\"https:\/\/schema.org\",\"@graph\":[{\"@type\":\"WebPage\",\"@id\":\"https:\/\/www.linkeus.fr\/en\/produit\/village-pierre-et-vacances-pont-royal-en-provence\/\",\"url\":\"https:\/\/www.linkeus.fr\/en\/produit\/village-pierre-et-vacances-pont-royal-en-provence\/\",\"name\":\"Village Pierre et Vacances Pont Royal en Provence - Linkeus Provence C\u00f4te d&#039;Azur Events\",\"isPartOf\":{\"@id\":\"https:\/\/www.linkeus.fr\/#website\"},\"datePublished\":\"2026-01-27T13:53:39+00:00\",\"dateModified\":\"2026-01-27T13:53:39+00:00\",\"breadcrumb\":{\"@id\":\"https:\/\/www.linkeus.fr\/en\/produit\/village-pierre-et-vacances-pont-royal-en-provence\/#breadcrumb\"},\"inLanguage\":\"en-US\",\"potentialAction\":[{\"@type\":\"ReadAction\",\"target\":[\"https:\/\/www.linkeus.fr\/en\/produit\/village-pierre-et-vacances-pont-royal-en-provence\/\"]}]},{\"@type\":\"BreadcrumbList\",\"@id\":\"https:\/\/www.linkeus.fr\/en\/produit\/village-pierre-et-vacances-pont-royal-en-provence\/#breadcrumb\",\"itemListElement\":[{\"@type\":\"ListItem\",\"position\":1,\"name\":\"Accueil\",\"item\":\"https:\/\/www.linkeus.fr\/en\/\"},{\"@type\":\"ListItem\",\"position\":2,\"name\":\"Produits\",\"item\":\"https:\/\/www.linkeus.fr\/shop\/\"},{\"@type\":\"ListItem\",\"position\":3,\"name\":\"Village Pierre et Vacances Pont Royal en Provence\"}]},{\"@type\":\"WebSite\",\"@id\":\"https:\/\/www.linkeus.fr\/#website\",\"url\":\"https:\/\/www.linkeus.fr\/\",\"name\":\"Linkeus Provence C\u00f4te d&#039;Azur Events\",\"description\":\"Le bureau des congr\u00e8s regional : l&#039;interlocuteur privil\u00e9gi\u00e9 pour l&#039;organisation de vos \u00e9v\u00e8nements professionnels en Provence Alpes C\u00f4te d&#039;Azur\",\"publisher\":{\"@id\":\"https:\/\/www.linkeus.fr\/#organization\"},\"potentialAction\":[{\"@type\":\"SearchAction\",\"target\":{\"@type\":\"EntryPoint\",\"urlTemplate\":\"https:\/\/www.linkeus.fr\/?s={search_term_string}\"},\"query-input\":{\"@type\":\"PropertyValueSpecification\",\"valueRequired\":true,\"valueName\":\"search_term_string\"}}],\"inLanguage\":\"en-US\"},{\"@type\":\"Organization\",\"@id\":\"https:\/\/www.linkeus.fr\/#organization\",\"name\":\"Linkeus Provence C\u00f4te d&#039;Azur Events\",\"url\":\"https:\/\/www.linkeus.fr\/\",\"logo\":{\"@type\":\"ImageObject\",\"inLanguage\":\"en-US\",\"@id\":\"https:\/\/www.linkeus.fr\/#\/schema\/logo\/image\/\",\"url\":\"https:\/\/www.linkeus.fr\/wp-content\/uploads\/2022\/09\/log-linkeus290.png\",\"contentUrl\":\"https:\/\/www.linkeus.fr\/wp-content\/uploads\/2022\/09\/log-linkeus290.png\",\"width\":290,\"height\":100,\"caption\":\"Linkeus Provence C\u00f4te d&#039;Azur Events\"},\"image\":{\"@id\":\"https:\/\/www.linkeus.fr\/#\/schema\/logo\/image\/\"},\"sameAs\":[\"https:\/\/www.facebook.com\/ProvenceCotedAzurEvents\"]}]}<\/script>\n<!-- \/ Yoast SEO plugin. -->","yoast_head_json":{"title":"Village Pierre et Vacances Pont Royal en Provence - Linkeus Provence C\u00f4te d&#039;Azur Events","robots":{"index":"index","follow":"follow","max-snippet":"max-snippet:-1","max-image-preview":"max-image-preview:large","max-video-preview":"max-video-preview:-1"},"canonical":"https:\/\/www.linkeus.fr\/en\/produit\/village-pierre-et-vacances-pont-royal-en-provence\/","og_locale":"en_US","og_type":"article","og_title":"Village Pierre et Vacances Pont Royal en Provence - Linkeus Provence C\u00f4te d&#039;Azur Events","og_description":"Between Alpilles and Luberon, the pedestrian-only village of Pont-Royal en Provence dominates the Durance valley, just a few kilometres from Aix-en-Provence and Avignon. Luxurious facilities and a special location in the heart of the 180 ha domain: you&#8217;ll have all you need to combine discussions, relaxation and fun under the shade of the plane trees [&hellip;]","og_url":"https:\/\/www.linkeus.fr\/en\/produit\/village-pierre-et-vacances-pont-royal-en-provence\/","og_site_name":"Linkeus Provence C\u00f4te d&#039;Azur Events","article_publisher":"https:\/\/www.facebook.com\/ProvenceCotedAzurEvents","og_image":[{"width":2560,"height":1204,"url":"https:\/\/www.linkeus.fr\/wp-content\/uploads\/2021\/07\/pce-image-resaux-sociaux-scaled.jpg","type":"image\/jpeg"}],"twitter_card":"summary_large_image","twitter_misc":{"Est. reading time":"1 minute"},"schema":{"@context":"https:\/\/schema.org","@graph":[{"@type":"WebPage","@id":"https:\/\/www.linkeus.fr\/en\/produit\/village-pierre-et-vacances-pont-royal-en-provence\/","url":"https:\/\/www.linkeus.fr\/en\/produit\/village-pierre-et-vacances-pont-royal-en-provence\/","name":"Village Pierre et Vacances Pont Royal en Provence - Linkeus Provence C\u00f4te d&#039;Azur Events","isPartOf":{"@id":"https:\/\/www.linkeus.fr\/#website"},"datePublished":"2026-01-27T13:53:39+00:00","dateModified":"2026-01-27T13:53:39+00:00","breadcrumb":{"@id":"https:\/\/www.linkeus.fr\/en\/produit\/village-pierre-et-vacances-pont-royal-en-provence\/#breadcrumb"},"inLanguage":"en-US","potentialAction":[{"@type":"ReadAction","target":["https:\/\/www.linkeus.fr\/en\/produit\/village-pierre-et-vacances-pont-royal-en-provence\/"]}]},{"@type":"BreadcrumbList","@id":"https:\/\/www.linkeus.fr\/en\/produit\/village-pierre-et-vacances-pont-royal-en-provence\/#breadcrumb","itemListElement":[{"@type":"ListItem","position":1,"name":"Accueil","item":"https:\/\/www.linkeus.fr\/en\/"},{"@type":"ListItem","position":2,"name":"Produits","item":"https:\/\/www.linkeus.fr\/shop\/"},{"@type":"ListItem","position":3,"name":"Village Pierre et Vacances Pont Royal en Provence"}]},{"@type":"WebSite","@id":"https:\/\/www.linkeus.fr\/#website","url":"https:\/\/www.linkeus.fr\/","name":"Linkeus Provence C\u00f4te d&#039;Azur Events","description":"Le bureau des congr\u00e8s regional : l&#039;interlocuteur privil\u00e9gi\u00e9 pour l&#039;organisation de vos \u00e9v\u00e8nements professionnels en Provence Alpes C\u00f4te d&#039;Azur","publisher":{"@id":"https:\/\/www.linkeus.fr\/#organization"},"potentialAction":[{"@type":"SearchAction","target":{"@type":"EntryPoint","urlTemplate":"https:\/\/www.linkeus.fr\/?s={search_term_string}"},"query-input":{"@type":"PropertyValueSpecification","valueRequired":true,"valueName":"search_term_string"}}],"inLanguage":"en-US"},{"@type":"Organization","@id":"https:\/\/www.linkeus.fr\/#organization","name":"Linkeus Provence C\u00f4te d&#039;Azur Events","url":"https:\/\/www.linkeus.fr\/","logo":{"@type":"ImageObject","inLanguage":"en-US","@id":"https:\/\/www.linkeus.fr\/#\/schema\/logo\/image\/","url":"https:\/\/www.linkeus.fr\/wp-content\/uploads\/2022\/09\/log-linkeus290.png","contentUrl":"https:\/\/www.linkeus.fr\/wp-content\/uploads\/2022\/09\/log-linkeus290.png","width":290,"height":100,"caption":"Linkeus Provence C\u00f4te d&#039;Azur Events"},"image":{"@id":"https:\/\/www.linkeus.fr\/#\/schema\/logo\/image\/"},"sameAs":["https:\/\/www.facebook.com\/ProvenceCotedAzurEvents"]}]}},"_links":{"self":[{"href":"https:\/\/www.linkeus.fr\/en\/wp-json\/wp\/v2\/product\/31148","targetHints":{"allow":["GET"]}}],"collection":[{"href":"https:\/\/www.linkeus.fr\/en\/wp-json\/wp\/v2\/product"}],"about":[{"href":"https:\/\/www.linkeus.fr\/en\/wp-json\/wp\/v2\/types\/product"}],"replies":[{"embeddable":true,"href":"https:\/\/www.linkeus.fr\/en\/wp-json\/wp\/v2\/comments?post=31148"}],"wp:attachment":[{"href":"https:\/\/www.linkeus.fr\/en\/wp-json\/wp\/v2\/media?parent=31148"}],"wp:term":[{"taxonomy":"product_cat","embeddable":true,"href":"https:\/\/www.linkeus.fr\/en\/wp-json\/wp\/v2\/product_cat?post=31148"},{"taxonomy":"product_tag","embeddable":true,"href":"https:\/\/www.linkeus.fr\/en\/wp-json\/wp\/v2\/product_tag?post=31148"}],"curies":[{"name":"wp","href":"https:\/\/api.w.org\/{rel}","templated":true}]}}

<p>Between Alpilles and Luberon, the pedestrian-only village of Pont-Royal en Provence dominates the Durance valley, just a few kilometres from Aix-en-Provence and Avignon. Luxurious facilities and a special location in the heart of the 180 ha domain: you&#8217;ll have all you need to combine discussions, relaxation and fun under the shade of the plane trees and the hum of the cicadas!</p>
<p>&nbsp;</p>
<p data-start="39" data-end="259"><strong data-start="39" data-end="65">MODULAR MEETING SPACES</strong><br data-start="65" data-end="68" />• “&#8221;Medici&#8221; space: 520 m² that can be divided into 8 meeting rooms, accommodating up to 450 people in plenary session<br data-start="125" data-end="128" />• 4 additional meeting rooms just a short walk from the “Médicis” Space<br data-start="199" data-end="202" />• Possibility to convert apartments into breakout rooms</p>
<p data-start="39" data-end="259">
<p data-start="261" data-end="346"><strong data-start="261" data-end="293">FULLY EQUIPPED ACCOMMODATION</strong><br data-start="293" data-end="296" />• 300 very comfortable apartments with balcony, terrace or small garden<br data-start="312" data-end="315" />
</p>
<p data-start="348" data-end="495"><strong data-start="348" data-end="382">A WIDE RANGE OF DINING OPTIONS</strong><br data-start="382" data-end="385" />• Capacity for up to 340 people in the 3 restaurants on the village hall square and 150 people at the Golf restaurant<br data-start="440" data-end="443" />
</p>
<p data-start="348" data-end="495">
<p data-start="497" data-end="719" data-is-last-node="" data-is-only-node=""><strong data-start="497" data-end="524">ACTIVITIES FOR EVERYONE</strong><br data-start="524" data-end="527" />• International 18-hole golf course designed by Severiano Ballesteros</p>
<p data-start="497" data-end="719" data-is-last-node="" data-is-only-node="">• Natural spaces, multi-sports and heated aquatic areas</p>
<p data-start="497" data-end="719" data-is-last-node="" data-is-only-node="">• A wide range of team-building activities</p>
<p data-start="497" data-end="719" data-is-last-node="" data-is-only-node="">• Unforgettable themed evenings</p>
<p data-start="497" data-end="719" data-is-last-node="" data-is-only-node="">
<p data-start="497" data-end="719" data-is-last-node="" data-is-only-node=""><em>Bus and vehicle parking</em><br />
<em>Electric vehicle charging</em></p>

<!-- This site is optimized with the Yoast SEO plugin v24.0 - https://yoast.com/wordpress/plugins/seo/ -->
<title>Village Pierre et Vacances Pont Royal en Provence - Linkeus Provence Côte d&#039;Azur Events</title>
<meta name="robots" content="index, follow, max-snippet:-1, max-image-preview:large, max-video-preview:-1" />
<link rel="canonical" href="https://www.linkeus.fr/en/produit/village-pierre-et-vacances-pont-royal-en-provence/" />
<meta property="og:locale" content="en_US" />
<meta property="og:type" content="article" />
<meta property="og:title" content="Village Pierre et Vacances Pont Royal en Provence - Linkeus Provence Côte d&#039;Azur Events" />
<meta property="og:description" content="Between Alpilles and Luberon, the pedestrian-only village of Pont-Royal en Provence dominates the Durance valley, just a few kilometres from Aix-en-Provence and Avignon. Luxurious facilities and a special location in the heart of the 180 ha domain: you&#8217;ll have all you need to combine discussions, relaxation and fun under the shade of the plane trees [&hellip;]" />
<meta property="og:url" content="https://www.linkeus.fr/en/produit/village-pierre-et-vacances-pont-royal-en-provence/" />
<meta property="og:site_name" content="Linkeus Provence Côte d&#039;Azur Events" />
<meta property="article:publisher" content="https://www.facebook.com/ProvenceCotedAzurEvents" />
<meta property="og:image" content="https://www.linkeus.fr/wp-content/uploads/2021/07/pce-image-resaux-sociaux-scaled.jpg" />
	<meta property="og:image:width" content="2560" />
	<meta property="og:image:height" content="1204" />
	<meta property="og:image:type" content="image/jpeg" />
<meta name="twitter:card" content="summary_large_image" />
<meta name="twitter:label1" content="Est. reading time" />
	<meta name="twitter:data1" content="1 minute" />
<script type="application/ld+json" class="yoast-schema-graph">{"@context":"https://schema.org","@graph":[{"@type":"WebPage","@id":"https://www.linkeus.fr/en/produit/village-pierre-et-vacances-pont-royal-en-provence/","url":"https://www.linkeus.fr/en/produit/village-pierre-et-vacances-pont-royal-en-provence/","name":"Village Pierre et Vacances Pont Royal en Provence - Linkeus Provence Côte d&#039;Azur Events","isPartOf":{"@id":"https://www.linkeus.fr/#website"},"datePublished":"2026-01-27T13:53:39+00:00","dateModified":"2026-01-27T13:53:39+00:00","breadcrumb":{"@id":"https://www.linkeus.fr/en/produit/village-pierre-et-vacances-pont-royal-en-provence/#breadcrumb"},"inLanguage":"en-US","potentialAction":[{"@type":"ReadAction","target":["https://www.linkeus.fr/en/produit/village-pierre-et-vacances-pont-royal-en-provence/"]}]},{"@type":"BreadcrumbList","@id":"https://www.linkeus.fr/en/produit/village-pierre-et-vacances-pont-royal-en-provence/#breadcrumb","itemListElement":[{"@type":"ListItem","position":1,"name":"Accueil","item":"https://www.linkeus.fr/en/"},{"@type":"ListItem","position":2,"name":"Produits","item":"https://www.linkeus.fr/shop/"},{"@type":"ListItem","position":3,"name":"Village Pierre et Vacances Pont Royal en Provence"}]},{"@type":"WebSite","@id":"https://www.linkeus.fr/#website","url":"https://www.linkeus.fr/","name":"Linkeus Provence Côte d&#039;Azur Events","description":"Le bureau des congrès regional : l&#039;interlocuteur privilégié pour l&#039;organisation de vos évènements professionnels en Provence Alpes Côte d&#039;Azur","publisher":{"@id":"https://www.linkeus.fr/#organization"},"potentialAction":[{"@type":"SearchAction","target":{"@type":"EntryPoint","urlTemplate":"https://www.linkeus.fr/?s={search_term_string}"},"query-input":{"@type":"PropertyValueSpecification","valueRequired":true,"valueName":"search_term_string"}}],"inLanguage":"en-US"},{"@type":"Organization","@id":"https://www.linkeus.fr/#organization","name":"Linkeus Provence Côte d&#039;Azur Events","url":"https://www.linkeus.fr/","logo":{"@type":"ImageObject","inLanguage":"en-US","@id":"https://www.linkeus.fr/#/schema/logo/image/","url":"https://www.linkeus.fr/wp-content/uploads/2022/09/log-linkeus290.png","contentUrl":"https://www.linkeus.fr/wp-content/uploads/2022/09/log-linkeus290.png","width":290,"height":100,"caption":"Linkeus Provence Côte d&#039;Azur Events"},"image":{"@id":"https://www.linkeus.fr/#/schema/logo/image/"},"sameAs":["https://www.facebook.com/ProvenceCotedAzurEvents"]}]}</script>
<!-- / Yoast SEO plugin. -->

Village Pierre et Vacances Pont Royal en Provence - Linkeus Provence Côte d&#039;Azur Events

Linkeus Provence Côte d&#039;Azur Events

Le bureau des congrès regional : l&#039;interlocuteur privilégié pour l&#039;organisation de vos évènements professionnels en Provence Alpes Côte d&#039;Azur
