{"id":31105,"date":"2026-01-26T16:28:54","date_gmt":"2026-01-26T15:28:54","guid":{"rendered":"https:\/\/www.linkeus.fr\/produit\/chateau-de-bellet\/"},"modified":"2026-01-26T16:28:54","modified_gmt":"2026-01-26T15:28:54","slug":"chateau-de-bellet","status":"publish","type":"product","link":"https:\/\/www.linkeus.fr\/en\/produit\/chateau-de-bellet\/","title":{"rendered":"Ch\u00e2teau de Bellet"},"content":{"rendered":"<p>At the top of the hills of Nice, Ch\u00e2teau de Bellet is a very unique site to welcome your private events.<\/p>\n<p>The descralized 19<sup>th<\/sup> century Chapel could accommodate your dinners in an atypical and intimate atmosphere, the outdoor terrace with an all-round view on Cap d\u2019Antibes and the Alps would be ideal for your cocktails and product launches and finally, the 250m\u00b2 ball room with chairs, tables, sofas, projector, microphones and speakers could host your professional events such as conferences and gala dinners.<\/p>\n<p>&nbsp;<\/p>\n<p>From gala dinners to product launches, team buildings or seminars, your professional events are adapted to your request<\/p>\n","protected":false},"excerpt":{"rendered":"<p>At the top of the hills of Nice, Ch\u00e2teau de Bellet is a very unique site to welcome your private events. The descralized 19th century Chapel could accommodate your dinners in an atypical and intimate atmosphere, the outdoor terrace with an all-round view on Cap d\u2019Antibes and the Alps would be ideal for your cocktails [&hellip;]<\/p>\n","protected":false},"featured_media":0,"comment_status":"closed","ping_status":"closed","template":"","meta":{"inline_featured_image":false},"product_cat":[],"product_tag":[],"class_list":{"0":"post-31105","1":"product","2":"type-product","3":"status-publish","6":"first","7":"instock","8":"virtual","9":"sold-individually","10":"purchasable","11":"product-type-listing_booking"},"yoast_head":"<!-- This site is optimized with the Yoast SEO plugin v24.0 - https:\/\/yoast.com\/wordpress\/plugins\/seo\/ -->\n<title>Ch\u00e2teau de Bellet - Linkeus Provence C\u00f4te d&#039;Azur Events<\/title>\n<meta name=\"robots\" content=\"index, follow, max-snippet:-1, max-image-preview:large, max-video-preview:-1\" \/>\n<link rel=\"canonical\" href=\"https:\/\/www.linkeus.fr\/en\/produit\/chateau-de-bellet\/\" \/>\n<meta property=\"og:locale\" content=\"en_US\" \/>\n<meta property=\"og:type\" content=\"article\" \/>\n<meta property=\"og:title\" content=\"Ch\u00e2teau de Bellet - Linkeus Provence C\u00f4te d&#039;Azur Events\" \/>\n<meta property=\"og:description\" content=\"At the top of the hills of Nice, Ch\u00e2teau de Bellet is a very unique site to welcome your private events. The descralized 19th century Chapel could accommodate your dinners in an atypical and intimate atmosphere, the outdoor terrace with an all-round view on Cap d\u2019Antibes and the Alps would be ideal for your cocktails [&hellip;]\" \/>\n<meta property=\"og:url\" content=\"https:\/\/www.linkeus.fr\/en\/produit\/chateau-de-bellet\/\" \/>\n<meta property=\"og:site_name\" content=\"Linkeus Provence C\u00f4te d&#039;Azur Events\" \/>\n<meta property=\"article:publisher\" content=\"https:\/\/www.facebook.com\/ProvenceCotedAzurEvents\" \/>\n<meta property=\"og:image\" content=\"https:\/\/www.linkeus.fr\/wp-content\/uploads\/2021\/07\/pce-image-resaux-sociaux-scaled.jpg\" \/>\n\t<meta property=\"og:image:width\" content=\"2560\" \/>\n\t<meta property=\"og:image:height\" content=\"1204\" \/>\n\t<meta property=\"og:image:type\" content=\"image\/jpeg\" \/>\n<meta name=\"twitter:card\" content=\"summary_large_image\" \/>\n<meta name=\"twitter:label1\" content=\"Est. reading time\" \/>\n\t<meta name=\"twitter:data1\" content=\"1 minute\" \/>\n<script type=\"application\/ld+json\" class=\"yoast-schema-graph\">{\"@context\":\"https:\/\/schema.org\",\"@graph\":[{\"@type\":\"WebPage\",\"@id\":\"https:\/\/www.linkeus.fr\/en\/produit\/chateau-de-bellet\/\",\"url\":\"https:\/\/www.linkeus.fr\/en\/produit\/chateau-de-bellet\/\",\"name\":\"Ch\u00e2teau de Bellet - Linkeus Provence C\u00f4te d&#039;Azur Events\",\"isPartOf\":{\"@id\":\"https:\/\/www.linkeus.fr\/#website\"},\"datePublished\":\"2026-01-26T15:28:54+00:00\",\"dateModified\":\"2026-01-26T15:28:54+00:00\",\"breadcrumb\":{\"@id\":\"https:\/\/www.linkeus.fr\/en\/produit\/chateau-de-bellet\/#breadcrumb\"},\"inLanguage\":\"en-US\",\"potentialAction\":[{\"@type\":\"ReadAction\",\"target\":[\"https:\/\/www.linkeus.fr\/en\/produit\/chateau-de-bellet\/\"]}]},{\"@type\":\"BreadcrumbList\",\"@id\":\"https:\/\/www.linkeus.fr\/en\/produit\/chateau-de-bellet\/#breadcrumb\",\"itemListElement\":[{\"@type\":\"ListItem\",\"position\":1,\"name\":\"Accueil\",\"item\":\"https:\/\/www.linkeus.fr\/en\/\"},{\"@type\":\"ListItem\",\"position\":2,\"name\":\"Produits\",\"item\":\"https:\/\/www.linkeus.fr\/shop\/\"},{\"@type\":\"ListItem\",\"position\":3,\"name\":\"Ch\u00e2teau de Bellet\"}]},{\"@type\":\"WebSite\",\"@id\":\"https:\/\/www.linkeus.fr\/#website\",\"url\":\"https:\/\/www.linkeus.fr\/\",\"name\":\"Linkeus Provence C\u00f4te d&#039;Azur Events\",\"description\":\"Le bureau des congr\u00e8s regional : l&#039;interlocuteur privil\u00e9gi\u00e9 pour l&#039;organisation de vos \u00e9v\u00e8nements professionnels en Provence Alpes C\u00f4te d&#039;Azur\",\"publisher\":{\"@id\":\"https:\/\/www.linkeus.fr\/#organization\"},\"potentialAction\":[{\"@type\":\"SearchAction\",\"target\":{\"@type\":\"EntryPoint\",\"urlTemplate\":\"https:\/\/www.linkeus.fr\/?s={search_term_string}\"},\"query-input\":{\"@type\":\"PropertyValueSpecification\",\"valueRequired\":true,\"valueName\":\"search_term_string\"}}],\"inLanguage\":\"en-US\"},{\"@type\":\"Organization\",\"@id\":\"https:\/\/www.linkeus.fr\/#organization\",\"name\":\"Linkeus Provence C\u00f4te d&#039;Azur Events\",\"url\":\"https:\/\/www.linkeus.fr\/\",\"logo\":{\"@type\":\"ImageObject\",\"inLanguage\":\"en-US\",\"@id\":\"https:\/\/www.linkeus.fr\/#\/schema\/logo\/image\/\",\"url\":\"https:\/\/www.linkeus.fr\/wp-content\/uploads\/2022\/09\/log-linkeus290.png\",\"contentUrl\":\"https:\/\/www.linkeus.fr\/wp-content\/uploads\/2022\/09\/log-linkeus290.png\",\"width\":290,\"height\":100,\"caption\":\"Linkeus Provence C\u00f4te d&#039;Azur Events\"},\"image\":{\"@id\":\"https:\/\/www.linkeus.fr\/#\/schema\/logo\/image\/\"},\"sameAs\":[\"https:\/\/www.facebook.com\/ProvenceCotedAzurEvents\"]}]}<\/script>\n<!-- \/ Yoast SEO plugin. -->","yoast_head_json":{"title":"Ch\u00e2teau de Bellet - Linkeus Provence C\u00f4te d&#039;Azur Events","robots":{"index":"index","follow":"follow","max-snippet":"max-snippet:-1","max-image-preview":"max-image-preview:large","max-video-preview":"max-video-preview:-1"},"canonical":"https:\/\/www.linkeus.fr\/en\/produit\/chateau-de-bellet\/","og_locale":"en_US","og_type":"article","og_title":"Ch\u00e2teau de Bellet - Linkeus Provence C\u00f4te d&#039;Azur Events","og_description":"At the top of the hills of Nice, Ch\u00e2teau de Bellet is a very unique site to welcome your private events. The descralized 19th century Chapel could accommodate your dinners in an atypical and intimate atmosphere, the outdoor terrace with an all-round view on Cap d\u2019Antibes and the Alps would be ideal for your cocktails [&hellip;]","og_url":"https:\/\/www.linkeus.fr\/en\/produit\/chateau-de-bellet\/","og_site_name":"Linkeus Provence C\u00f4te d&#039;Azur Events","article_publisher":"https:\/\/www.facebook.com\/ProvenceCotedAzurEvents","og_image":[{"width":2560,"height":1204,"url":"https:\/\/www.linkeus.fr\/wp-content\/uploads\/2021\/07\/pce-image-resaux-sociaux-scaled.jpg","type":"image\/jpeg"}],"twitter_card":"summary_large_image","twitter_misc":{"Est. reading time":"1 minute"},"schema":{"@context":"https:\/\/schema.org","@graph":[{"@type":"WebPage","@id":"https:\/\/www.linkeus.fr\/en\/produit\/chateau-de-bellet\/","url":"https:\/\/www.linkeus.fr\/en\/produit\/chateau-de-bellet\/","name":"Ch\u00e2teau de Bellet - Linkeus Provence C\u00f4te d&#039;Azur Events","isPartOf":{"@id":"https:\/\/www.linkeus.fr\/#website"},"datePublished":"2026-01-26T15:28:54+00:00","dateModified":"2026-01-26T15:28:54+00:00","breadcrumb":{"@id":"https:\/\/www.linkeus.fr\/en\/produit\/chateau-de-bellet\/#breadcrumb"},"inLanguage":"en-US","potentialAction":[{"@type":"ReadAction","target":["https:\/\/www.linkeus.fr\/en\/produit\/chateau-de-bellet\/"]}]},{"@type":"BreadcrumbList","@id":"https:\/\/www.linkeus.fr\/en\/produit\/chateau-de-bellet\/#breadcrumb","itemListElement":[{"@type":"ListItem","position":1,"name":"Accueil","item":"https:\/\/www.linkeus.fr\/en\/"},{"@type":"ListItem","position":2,"name":"Produits","item":"https:\/\/www.linkeus.fr\/shop\/"},{"@type":"ListItem","position":3,"name":"Ch\u00e2teau de Bellet"}]},{"@type":"WebSite","@id":"https:\/\/www.linkeus.fr\/#website","url":"https:\/\/www.linkeus.fr\/","name":"Linkeus Provence C\u00f4te d&#039;Azur Events","description":"Le bureau des congr\u00e8s regional : l&#039;interlocuteur privil\u00e9gi\u00e9 pour l&#039;organisation de vos \u00e9v\u00e8nements professionnels en Provence Alpes C\u00f4te d&#039;Azur","publisher":{"@id":"https:\/\/www.linkeus.fr\/#organization"},"potentialAction":[{"@type":"SearchAction","target":{"@type":"EntryPoint","urlTemplate":"https:\/\/www.linkeus.fr\/?s={search_term_string}"},"query-input":{"@type":"PropertyValueSpecification","valueRequired":true,"valueName":"search_term_string"}}],"inLanguage":"en-US"},{"@type":"Organization","@id":"https:\/\/www.linkeus.fr\/#organization","name":"Linkeus Provence C\u00f4te d&#039;Azur Events","url":"https:\/\/www.linkeus.fr\/","logo":{"@type":"ImageObject","inLanguage":"en-US","@id":"https:\/\/www.linkeus.fr\/#\/schema\/logo\/image\/","url":"https:\/\/www.linkeus.fr\/wp-content\/uploads\/2022\/09\/log-linkeus290.png","contentUrl":"https:\/\/www.linkeus.fr\/wp-content\/uploads\/2022\/09\/log-linkeus290.png","width":290,"height":100,"caption":"Linkeus Provence C\u00f4te d&#039;Azur Events"},"image":{"@id":"https:\/\/www.linkeus.fr\/#\/schema\/logo\/image\/"},"sameAs":["https:\/\/www.facebook.com\/ProvenceCotedAzurEvents"]}]}},"_links":{"self":[{"href":"https:\/\/www.linkeus.fr\/en\/wp-json\/wp\/v2\/product\/31105","targetHints":{"allow":["GET"]}}],"collection":[{"href":"https:\/\/www.linkeus.fr\/en\/wp-json\/wp\/v2\/product"}],"about":[{"href":"https:\/\/www.linkeus.fr\/en\/wp-json\/wp\/v2\/types\/product"}],"replies":[{"embeddable":true,"href":"https:\/\/www.linkeus.fr\/en\/wp-json\/wp\/v2\/comments?post=31105"}],"wp:attachment":[{"href":"https:\/\/www.linkeus.fr\/en\/wp-json\/wp\/v2\/media?parent=31105"}],"wp:term":[{"taxonomy":"product_cat","embeddable":true,"href":"https:\/\/www.linkeus.fr\/en\/wp-json\/wp\/v2\/product_cat?post=31105"},{"taxonomy":"product_tag","embeddable":true,"href":"https:\/\/www.linkeus.fr\/en\/wp-json\/wp\/v2\/product_tag?post=31105"}],"curies":[{"name":"wp","href":"https:\/\/api.w.org\/{rel}","templated":true}]}}

Château de Bellet

<p>At the top of the hills of Nice, Château de Bellet is a very unique site to welcome your private events.</p>
<p>The descralized 19<sup>th</sup> century Chapel could accommodate your dinners in an atypical and intimate atmosphere, the outdoor terrace with an all-round view on Cap d’Antibes and the Alps would be ideal for your cocktails and product launches and finally, the 250m² ball room with chairs, tables, sofas, projector, microphones and speakers could host your professional events such as conferences and gala dinners.</p>
<p>&nbsp;</p>
<p>From gala dinners to product launches, team buildings or seminars, your professional events are adapted to your request</p>

<p>At the top of the hills of Nice, Château de Bellet is a very unique site to welcome your private events. The descralized 19th century Chapel could accommodate your dinners in an atypical and intimate atmosphere, the outdoor terrace with an all-round view on Cap d’Antibes and the Alps would be ideal for your cocktails [&hellip;]</p>

<!-- This site is optimized with the Yoast SEO plugin v24.0 - https://yoast.com/wordpress/plugins/seo/ -->
<title>Château de Bellet - Linkeus Provence Côte d&#039;Azur Events</title>
<meta name="robots" content="index, follow, max-snippet:-1, max-image-preview:large, max-video-preview:-1" />
<link rel="canonical" href="https://www.linkeus.fr/en/produit/chateau-de-bellet/" />
<meta property="og:locale" content="en_US" />
<meta property="og:type" content="article" />
<meta property="og:title" content="Château de Bellet - Linkeus Provence Côte d&#039;Azur Events" />
<meta property="og:description" content="At the top of the hills of Nice, Château de Bellet is a very unique site to welcome your private events. The descralized 19th century Chapel could accommodate your dinners in an atypical and intimate atmosphere, the outdoor terrace with an all-round view on Cap d’Antibes and the Alps would be ideal for your cocktails [&hellip;]" />
<meta property="og:url" content="https://www.linkeus.fr/en/produit/chateau-de-bellet/" />
<meta property="og:site_name" content="Linkeus Provence Côte d&#039;Azur Events" />
<meta property="article:publisher" content="https://www.facebook.com/ProvenceCotedAzurEvents" />
<meta property="og:image" content="https://www.linkeus.fr/wp-content/uploads/2021/07/pce-image-resaux-sociaux-scaled.jpg" />
	<meta property="og:image:width" content="2560" />
	<meta property="og:image:height" content="1204" />
	<meta property="og:image:type" content="image/jpeg" />
<meta name="twitter:card" content="summary_large_image" />
<meta name="twitter:label1" content="Est. reading time" />
	<meta name="twitter:data1" content="1 minute" />
<script type="application/ld+json" class="yoast-schema-graph">{"@context":"https://schema.org","@graph":[{"@type":"WebPage","@id":"https://www.linkeus.fr/en/produit/chateau-de-bellet/","url":"https://www.linkeus.fr/en/produit/chateau-de-bellet/","name":"Château de Bellet - Linkeus Provence Côte d&#039;Azur Events","isPartOf":{"@id":"https://www.linkeus.fr/#website"},"datePublished":"2026-01-26T15:28:54+00:00","dateModified":"2026-01-26T15:28:54+00:00","breadcrumb":{"@id":"https://www.linkeus.fr/en/produit/chateau-de-bellet/#breadcrumb"},"inLanguage":"en-US","potentialAction":[{"@type":"ReadAction","target":["https://www.linkeus.fr/en/produit/chateau-de-bellet/"]}]},{"@type":"BreadcrumbList","@id":"https://www.linkeus.fr/en/produit/chateau-de-bellet/#breadcrumb","itemListElement":[{"@type":"ListItem","position":1,"name":"Accueil","item":"https://www.linkeus.fr/en/"},{"@type":"ListItem","position":2,"name":"Produits","item":"https://www.linkeus.fr/shop/"},{"@type":"ListItem","position":3,"name":"Château de Bellet"}]},{"@type":"WebSite","@id":"https://www.linkeus.fr/#website","url":"https://www.linkeus.fr/","name":"Linkeus Provence Côte d&#039;Azur Events","description":"Le bureau des congrès regional : l&#039;interlocuteur privilégié pour l&#039;organisation de vos évènements professionnels en Provence Alpes Côte d&#039;Azur","publisher":{"@id":"https://www.linkeus.fr/#organization"},"potentialAction":[{"@type":"SearchAction","target":{"@type":"EntryPoint","urlTemplate":"https://www.linkeus.fr/?s={search_term_string}"},"query-input":{"@type":"PropertyValueSpecification","valueRequired":true,"valueName":"search_term_string"}}],"inLanguage":"en-US"},{"@type":"Organization","@id":"https://www.linkeus.fr/#organization","name":"Linkeus Provence Côte d&#039;Azur Events","url":"https://www.linkeus.fr/","logo":{"@type":"ImageObject","inLanguage":"en-US","@id":"https://www.linkeus.fr/#/schema/logo/image/","url":"https://www.linkeus.fr/wp-content/uploads/2022/09/log-linkeus290.png","contentUrl":"https://www.linkeus.fr/wp-content/uploads/2022/09/log-linkeus290.png","width":290,"height":100,"caption":"Linkeus Provence Côte d&#039;Azur Events"},"image":{"@id":"https://www.linkeus.fr/#/schema/logo/image/"},"sameAs":["https://www.facebook.com/ProvenceCotedAzurEvents"]}]}</script>
<!-- / Yoast SEO plugin. -->

Château de Bellet - Linkeus Provence Côte d&#039;Azur Events

At the top of the hills of Nice, Château de Bellet is a very unique site to welcome your private events. The descralized 19th century Chapel could accommodate your dinners in an atypical and intimate atmosphere, the outdoor terrace with an all-round view on Cap d’Antibes and the Alps would be ideal for your cocktails [&hellip;]

Linkeus Provence Côte d&#039;Azur Events

Le bureau des congrès regional : l&#039;interlocuteur privilégié pour l&#039;organisation de vos évènements professionnels en Provence Alpes Côte d&#039;Azur
