{"id":30251,"date":"2025-10-17T10:28:18","date_gmt":"2025-10-17T08:28:18","guid":{"rendered":"https:\/\/www.linkeus.fr\/produit\/grimaldi-forum-monaco-7\/"},"modified":"2025-10-17T10:28:18","modified_gmt":"2025-10-17T08:28:18","slug":"grimaldi-forum-monaco-7","status":"publish","type":"product","link":"https:\/\/www.linkeus.fr\/en\/produit\/grimaldi-forum-monaco-7\/","title":{"rendered":"Grimaldi Forum Monaco"},"content":{"rendered":"<p data-start=\"60\" data-end=\"137\"><strong data-start=\"60\" data-end=\"135\">Grimaldi Forum Monaco: 25 Years of Creativity in an Exceptional Setting<\/strong><\/p>\n<p data-start=\"139\" data-end=\"689\">Recognizable by its spectacular glass-and-steel design, the Principality of Monaco\u2019s conference and cultural center offers a modular 35,000 m\u00b2 space reclaimed from the sea for conferences, congresses, trade shows, exhibitions, concerts, and performances. Since its opening in 2000, this unique venue has attracted and retained events of international scale. Praised for the quality of its spaces and the expertise of its teams, it hosts an average of 120 events and 250,000 visitors annually and has earned more than twenty awards and distinctions.<\/p>\n<p data-start=\"691\" data-end=\"1355\"><strong>The Grimaldi Forum Monaco has expanded with a new sea-front extension<\/strong>, increasing its exhibition space by 50%, or an additional 6,000 m\u00b2. Connected to the main building via the Hall Diaghilev, this extension also features an independent entrance on the seafront. To fully leverage its exceptional location in the heart of the Principality, 2,000 m\u00b2 of outdoor spaces complement the venue, including the 600 m\u00b2 Ravel Terrace with stunning views of the Mediterranean.<br data-start=\"1156\" data-end=\"1159\" \/>This additional space allows the Forum to host larger-scale events, combine multiple simultaneous gatherings, and offer increased flexibility for ever more innovative and original event formats.<\/p>\n<p data-start=\"1357\" data-end=\"1782\">Its professional clients are mainly based in Europe and the United States, primarily in the IT, medical, and luxury sectors. Some 35% are recurring clients. Among them are leaders in their industries, such as AMWC (Informa-Euromedicom), Les Assises, One to One Retail e-commerce (Comexposium), Luxe Pack (InfoPro Digital), Sportel, the International Television Festival (Monaco Mediax), and Top Marques, to name just a few.<\/p>\n<p data-start=\"1784\" data-end=\"2453\">Clients particularly appreciate Monaco\u2019s \u201cresort-style\u201d appeal, where they can benefit from a coordinated, comprehensive offering from various local partners involved in their event (Convention Bureau, hotels, restaurateurs, and the convention center), with high-quality and diverse options, especially in catering and entertainment. Monaco\u2019s territory is fully accessible on foot, entirely secure, and offers all services at hand, providing a unique setting that truly brings the community together during the event. Other key strengths of the Grimaldi Forum include fair market-based pricing, top-quality services and infrastructure, and exceptional team expertise.<\/p>\n<p data-start=\"2455\" data-end=\"2895\">Following the Principality of Monaco\u2019s long-standing proactive policy on sustainable development\u2014with the goal of achieving carbon neutrality by 2050\u2014the Grimaldi Forum has successfully implemented a management system to improve the social, economic, and environmental impact of all its activities. A pioneer in \u201cgreen\u201d practices with ISO 14001 certification since 2008, the GFM is also committed to CSR and holds ISO 20121 certification.<\/p>\n<p data-start=\"2897\" data-end=\"3733\">Since 2008, it has improved energy efficiency by 35%, multiplied its waste sorting rate by 2.5, and reduced water consumption per visitor by more than half. With a people-centered management approach, the Grimaldi Forum Monaco has upheld ethical values, benevolence, equity, and sharing since its creation. Its 140 permanent employees, covering 44 different professions, receive continuous support to ensure their well-being and quality of life at work while developing their skills. Economically and socially, the GFM undertakes numerous initiatives shared with all stakeholders. It supports local charitable actions and encourages staff participation, shares best practices with peers, and prioritizes local suppliers and service providers. Finally, it serves as a significant economic engine for Monaco and the surrounding regions.<\/p>\n","protected":false},"excerpt":{"rendered":"<p>Grimaldi Forum Monaco: 25 Years of Creativity in an Exceptional Setting Recognizable by its spectacular glass-and-steel design, the Principality of Monaco\u2019s conference and cultural center offers a modular 35,000 m\u00b2 space reclaimed from the sea for conferences, congresses, trade shows, exhibitions, concerts, and performances. Since its opening in 2000, this unique venue has attracted and [&hellip;]<\/p>\n","protected":false},"featured_media":0,"comment_status":"closed","ping_status":"closed","template":"","meta":{"inline_featured_image":false},"product_cat":[],"product_tag":[],"class_list":{"0":"post-30251","1":"product","2":"type-product","3":"status-publish","6":"first","7":"instock","8":"virtual","9":"sold-individually","10":"purchasable","11":"product-type-listing_booking"},"yoast_head":"<!-- This site is optimized with the Yoast SEO plugin v24.0 - https:\/\/yoast.com\/wordpress\/plugins\/seo\/ -->\n<title>Grimaldi Forum Monaco - Linkeus Provence C\u00f4te d&#039;Azur Events<\/title>\n<meta name=\"robots\" content=\"index, follow, max-snippet:-1, max-image-preview:large, max-video-preview:-1\" \/>\n<link rel=\"canonical\" href=\"https:\/\/www.linkeus.fr\/en\/produit\/grimaldi-forum-monaco-7\/\" \/>\n<meta property=\"og:locale\" content=\"en_US\" \/>\n<meta property=\"og:type\" content=\"article\" \/>\n<meta property=\"og:title\" content=\"Grimaldi Forum Monaco - Linkeus Provence C\u00f4te d&#039;Azur Events\" \/>\n<meta property=\"og:description\" content=\"Grimaldi Forum Monaco: 25 Years of Creativity in an Exceptional Setting Recognizable by its spectacular glass-and-steel design, the Principality of Monaco\u2019s conference and cultural center offers a modular 35,000 m\u00b2 space reclaimed from the sea for conferences, congresses, trade shows, exhibitions, concerts, and performances. Since its opening in 2000, this unique venue has attracted and [&hellip;]\" \/>\n<meta property=\"og:url\" content=\"https:\/\/www.linkeus.fr\/en\/produit\/grimaldi-forum-monaco-7\/\" \/>\n<meta property=\"og:site_name\" content=\"Linkeus Provence C\u00f4te d&#039;Azur Events\" \/>\n<meta property=\"article:publisher\" content=\"https:\/\/www.facebook.com\/ProvenceCotedAzurEvents\" \/>\n<meta property=\"og:image\" content=\"https:\/\/www.linkeus.fr\/wp-content\/uploads\/2021\/07\/pce-image-resaux-sociaux-scaled.jpg\" \/>\n\t<meta property=\"og:image:width\" content=\"2560\" \/>\n\t<meta property=\"og:image:height\" content=\"1204\" \/>\n\t<meta property=\"og:image:type\" content=\"image\/jpeg\" \/>\n<meta name=\"twitter:card\" content=\"summary_large_image\" \/>\n<meta name=\"twitter:label1\" content=\"Est. reading time\" \/>\n\t<meta name=\"twitter:data1\" content=\"3 minutes\" \/>\n<script type=\"application\/ld+json\" class=\"yoast-schema-graph\">{\"@context\":\"https:\/\/schema.org\",\"@graph\":[{\"@type\":\"WebPage\",\"@id\":\"https:\/\/www.linkeus.fr\/en\/produit\/grimaldi-forum-monaco-7\/\",\"url\":\"https:\/\/www.linkeus.fr\/en\/produit\/grimaldi-forum-monaco-7\/\",\"name\":\"Grimaldi Forum Monaco - Linkeus Provence C\u00f4te d&#039;Azur Events\",\"isPartOf\":{\"@id\":\"https:\/\/www.linkeus.fr\/#website\"},\"datePublished\":\"2025-10-17T08:28:18+00:00\",\"dateModified\":\"2025-10-17T08:28:18+00:00\",\"breadcrumb\":{\"@id\":\"https:\/\/www.linkeus.fr\/en\/produit\/grimaldi-forum-monaco-7\/#breadcrumb\"},\"inLanguage\":\"en-US\",\"potentialAction\":[{\"@type\":\"ReadAction\",\"target\":[\"https:\/\/www.linkeus.fr\/en\/produit\/grimaldi-forum-monaco-7\/\"]}]},{\"@type\":\"BreadcrumbList\",\"@id\":\"https:\/\/www.linkeus.fr\/en\/produit\/grimaldi-forum-monaco-7\/#breadcrumb\",\"itemListElement\":[{\"@type\":\"ListItem\",\"position\":1,\"name\":\"Accueil\",\"item\":\"https:\/\/www.linkeus.fr\/en\/\"},{\"@type\":\"ListItem\",\"position\":2,\"name\":\"Produits\",\"item\":\"https:\/\/www.linkeus.fr\/shop\/\"},{\"@type\":\"ListItem\",\"position\":3,\"name\":\"Grimaldi Forum Monaco\"}]},{\"@type\":\"WebSite\",\"@id\":\"https:\/\/www.linkeus.fr\/#website\",\"url\":\"https:\/\/www.linkeus.fr\/\",\"name\":\"Linkeus Provence C\u00f4te d&#039;Azur Events\",\"description\":\"Le bureau des congr\u00e8s regional : l&#039;interlocuteur privil\u00e9gi\u00e9 pour l&#039;organisation de vos \u00e9v\u00e8nements professionnels en Provence Alpes C\u00f4te d&#039;Azur\",\"publisher\":{\"@id\":\"https:\/\/www.linkeus.fr\/#organization\"},\"potentialAction\":[{\"@type\":\"SearchAction\",\"target\":{\"@type\":\"EntryPoint\",\"urlTemplate\":\"https:\/\/www.linkeus.fr\/?s={search_term_string}\"},\"query-input\":{\"@type\":\"PropertyValueSpecification\",\"valueRequired\":true,\"valueName\":\"search_term_string\"}}],\"inLanguage\":\"en-US\"},{\"@type\":\"Organization\",\"@id\":\"https:\/\/www.linkeus.fr\/#organization\",\"name\":\"Linkeus Provence C\u00f4te d&#039;Azur Events\",\"url\":\"https:\/\/www.linkeus.fr\/\",\"logo\":{\"@type\":\"ImageObject\",\"inLanguage\":\"en-US\",\"@id\":\"https:\/\/www.linkeus.fr\/#\/schema\/logo\/image\/\",\"url\":\"https:\/\/www.linkeus.fr\/wp-content\/uploads\/2022\/09\/log-linkeus290.png\",\"contentUrl\":\"https:\/\/www.linkeus.fr\/wp-content\/uploads\/2022\/09\/log-linkeus290.png\",\"width\":290,\"height\":100,\"caption\":\"Linkeus Provence C\u00f4te d&#039;Azur Events\"},\"image\":{\"@id\":\"https:\/\/www.linkeus.fr\/#\/schema\/logo\/image\/\"},\"sameAs\":[\"https:\/\/www.facebook.com\/ProvenceCotedAzurEvents\"]}]}<\/script>\n<!-- \/ Yoast SEO plugin. -->","yoast_head_json":{"title":"Grimaldi Forum Monaco - Linkeus Provence C\u00f4te d&#039;Azur Events","robots":{"index":"index","follow":"follow","max-snippet":"max-snippet:-1","max-image-preview":"max-image-preview:large","max-video-preview":"max-video-preview:-1"},"canonical":"https:\/\/www.linkeus.fr\/en\/produit\/grimaldi-forum-monaco-7\/","og_locale":"en_US","og_type":"article","og_title":"Grimaldi Forum Monaco - Linkeus Provence C\u00f4te d&#039;Azur Events","og_description":"Grimaldi Forum Monaco: 25 Years of Creativity in an Exceptional Setting Recognizable by its spectacular glass-and-steel design, the Principality of Monaco\u2019s conference and cultural center offers a modular 35,000 m\u00b2 space reclaimed from the sea for conferences, congresses, trade shows, exhibitions, concerts, and performances. Since its opening in 2000, this unique venue has attracted and [&hellip;]","og_url":"https:\/\/www.linkeus.fr\/en\/produit\/grimaldi-forum-monaco-7\/","og_site_name":"Linkeus Provence C\u00f4te d&#039;Azur Events","article_publisher":"https:\/\/www.facebook.com\/ProvenceCotedAzurEvents","og_image":[{"width":2560,"height":1204,"url":"https:\/\/www.linkeus.fr\/wp-content\/uploads\/2021\/07\/pce-image-resaux-sociaux-scaled.jpg","type":"image\/jpeg"}],"twitter_card":"summary_large_image","twitter_misc":{"Est. reading time":"3 minutes"},"schema":{"@context":"https:\/\/schema.org","@graph":[{"@type":"WebPage","@id":"https:\/\/www.linkeus.fr\/en\/produit\/grimaldi-forum-monaco-7\/","url":"https:\/\/www.linkeus.fr\/en\/produit\/grimaldi-forum-monaco-7\/","name":"Grimaldi Forum Monaco - Linkeus Provence C\u00f4te d&#039;Azur Events","isPartOf":{"@id":"https:\/\/www.linkeus.fr\/#website"},"datePublished":"2025-10-17T08:28:18+00:00","dateModified":"2025-10-17T08:28:18+00:00","breadcrumb":{"@id":"https:\/\/www.linkeus.fr\/en\/produit\/grimaldi-forum-monaco-7\/#breadcrumb"},"inLanguage":"en-US","potentialAction":[{"@type":"ReadAction","target":["https:\/\/www.linkeus.fr\/en\/produit\/grimaldi-forum-monaco-7\/"]}]},{"@type":"BreadcrumbList","@id":"https:\/\/www.linkeus.fr\/en\/produit\/grimaldi-forum-monaco-7\/#breadcrumb","itemListElement":[{"@type":"ListItem","position":1,"name":"Accueil","item":"https:\/\/www.linkeus.fr\/en\/"},{"@type":"ListItem","position":2,"name":"Produits","item":"https:\/\/www.linkeus.fr\/shop\/"},{"@type":"ListItem","position":3,"name":"Grimaldi Forum Monaco"}]},{"@type":"WebSite","@id":"https:\/\/www.linkeus.fr\/#website","url":"https:\/\/www.linkeus.fr\/","name":"Linkeus Provence C\u00f4te d&#039;Azur Events","description":"Le bureau des congr\u00e8s regional : l&#039;interlocuteur privil\u00e9gi\u00e9 pour l&#039;organisation de vos \u00e9v\u00e8nements professionnels en Provence Alpes C\u00f4te d&#039;Azur","publisher":{"@id":"https:\/\/www.linkeus.fr\/#organization"},"potentialAction":[{"@type":"SearchAction","target":{"@type":"EntryPoint","urlTemplate":"https:\/\/www.linkeus.fr\/?s={search_term_string}"},"query-input":{"@type":"PropertyValueSpecification","valueRequired":true,"valueName":"search_term_string"}}],"inLanguage":"en-US"},{"@type":"Organization","@id":"https:\/\/www.linkeus.fr\/#organization","name":"Linkeus Provence C\u00f4te d&#039;Azur Events","url":"https:\/\/www.linkeus.fr\/","logo":{"@type":"ImageObject","inLanguage":"en-US","@id":"https:\/\/www.linkeus.fr\/#\/schema\/logo\/image\/","url":"https:\/\/www.linkeus.fr\/wp-content\/uploads\/2022\/09\/log-linkeus290.png","contentUrl":"https:\/\/www.linkeus.fr\/wp-content\/uploads\/2022\/09\/log-linkeus290.png","width":290,"height":100,"caption":"Linkeus Provence C\u00f4te d&#039;Azur Events"},"image":{"@id":"https:\/\/www.linkeus.fr\/#\/schema\/logo\/image\/"},"sameAs":["https:\/\/www.facebook.com\/ProvenceCotedAzurEvents"]}]}},"_links":{"self":[{"href":"https:\/\/www.linkeus.fr\/en\/wp-json\/wp\/v2\/product\/30251","targetHints":{"allow":["GET"]}}],"collection":[{"href":"https:\/\/www.linkeus.fr\/en\/wp-json\/wp\/v2\/product"}],"about":[{"href":"https:\/\/www.linkeus.fr\/en\/wp-json\/wp\/v2\/types\/product"}],"replies":[{"embeddable":true,"href":"https:\/\/www.linkeus.fr\/en\/wp-json\/wp\/v2\/comments?post=30251"}],"wp:attachment":[{"href":"https:\/\/www.linkeus.fr\/en\/wp-json\/wp\/v2\/media?parent=30251"}],"wp:term":[{"taxonomy":"product_cat","embeddable":true,"href":"https:\/\/www.linkeus.fr\/en\/wp-json\/wp\/v2\/product_cat?post=30251"},{"taxonomy":"product_tag","embeddable":true,"href":"https:\/\/www.linkeus.fr\/en\/wp-json\/wp\/v2\/product_tag?post=30251"}],"curies":[{"name":"wp","href":"https:\/\/api.w.org\/{rel}","templated":true}]}}

<!-- This site is optimized with the Yoast SEO plugin v24.0 - https://yoast.com/wordpress/plugins/seo/ -->
<title>Grimaldi Forum Monaco - Linkeus Provence Côte d&#039;Azur Events</title>
<meta name="robots" content="index, follow, max-snippet:-1, max-image-preview:large, max-video-preview:-1" />
<link rel="canonical" href="https://www.linkeus.fr/en/produit/grimaldi-forum-monaco-7/" />
<meta property="og:locale" content="en_US" />
<meta property="og:type" content="article" />
<meta property="og:title" content="Grimaldi Forum Monaco - Linkeus Provence Côte d&#039;Azur Events" />
<meta property="og:description" content="Grimaldi Forum Monaco: 25 Years of Creativity in an Exceptional Setting Recognizable by its spectacular glass-and-steel design, the Principality of Monaco’s conference and cultural center offers a modular 35,000 m² space reclaimed from the sea for conferences, congresses, trade shows, exhibitions, concerts, and performances. Since its opening in 2000, this unique venue has attracted and [&hellip;]" />
<meta property="og:url" content="https://www.linkeus.fr/en/produit/grimaldi-forum-monaco-7/" />
<meta property="og:site_name" content="Linkeus Provence Côte d&#039;Azur Events" />
<meta property="article:publisher" content="https://www.facebook.com/ProvenceCotedAzurEvents" />
<meta property="og:image" content="https://www.linkeus.fr/wp-content/uploads/2021/07/pce-image-resaux-sociaux-scaled.jpg" />
	<meta property="og:image:width" content="2560" />
	<meta property="og:image:height" content="1204" />
	<meta property="og:image:type" content="image/jpeg" />
<meta name="twitter:card" content="summary_large_image" />
<meta name="twitter:label1" content="Est. reading time" />
	<meta name="twitter:data1" content="3 minutes" />
<script type="application/ld+json" class="yoast-schema-graph">{"@context":"https://schema.org","@graph":[{"@type":"WebPage","@id":"https://www.linkeus.fr/en/produit/grimaldi-forum-monaco-7/","url":"https://www.linkeus.fr/en/produit/grimaldi-forum-monaco-7/","name":"Grimaldi Forum Monaco - Linkeus Provence Côte d&#039;Azur Events","isPartOf":{"@id":"https://www.linkeus.fr/#website"},"datePublished":"2025-10-17T08:28:18+00:00","dateModified":"2025-10-17T08:28:18+00:00","breadcrumb":{"@id":"https://www.linkeus.fr/en/produit/grimaldi-forum-monaco-7/#breadcrumb"},"inLanguage":"en-US","potentialAction":[{"@type":"ReadAction","target":["https://www.linkeus.fr/en/produit/grimaldi-forum-monaco-7/"]}]},{"@type":"BreadcrumbList","@id":"https://www.linkeus.fr/en/produit/grimaldi-forum-monaco-7/#breadcrumb","itemListElement":[{"@type":"ListItem","position":1,"name":"Accueil","item":"https://www.linkeus.fr/en/"},{"@type":"ListItem","position":2,"name":"Produits","item":"https://www.linkeus.fr/shop/"},{"@type":"ListItem","position":3,"name":"Grimaldi Forum Monaco"}]},{"@type":"WebSite","@id":"https://www.linkeus.fr/#website","url":"https://www.linkeus.fr/","name":"Linkeus Provence Côte d&#039;Azur Events","description":"Le bureau des congrès regional : l&#039;interlocuteur privilégié pour l&#039;organisation de vos évènements professionnels en Provence Alpes Côte d&#039;Azur","publisher":{"@id":"https://www.linkeus.fr/#organization"},"potentialAction":[{"@type":"SearchAction","target":{"@type":"EntryPoint","urlTemplate":"https://www.linkeus.fr/?s={search_term_string}"},"query-input":{"@type":"PropertyValueSpecification","valueRequired":true,"valueName":"search_term_string"}}],"inLanguage":"en-US"},{"@type":"Organization","@id":"https://www.linkeus.fr/#organization","name":"Linkeus Provence Côte d&#039;Azur Events","url":"https://www.linkeus.fr/","logo":{"@type":"ImageObject","inLanguage":"en-US","@id":"https://www.linkeus.fr/#/schema/logo/image/","url":"https://www.linkeus.fr/wp-content/uploads/2022/09/log-linkeus290.png","contentUrl":"https://www.linkeus.fr/wp-content/uploads/2022/09/log-linkeus290.png","width":290,"height":100,"caption":"Linkeus Provence Côte d&#039;Azur Events"},"image":{"@id":"https://www.linkeus.fr/#/schema/logo/image/"},"sameAs":["https://www.facebook.com/ProvenceCotedAzurEvents"]}]}</script>
<!-- / Yoast SEO plugin. -->

Grimaldi Forum Monaco - Linkeus Provence Côte d&#039;Azur Events

Linkeus Provence Côte d&#039;Azur Events

Le bureau des congrès regional : l&#039;interlocuteur privilégié pour l&#039;organisation de vos évènements professionnels en Provence Alpes Côte d&#039;Azur
