{"id":28494,"date":"2025-02-18T15:16:47","date_gmt":"2025-02-18T14:16:47","guid":{"rendered":"https:\/\/www.linkeus.fr\/produit\/28494\/"},"modified":"2025-02-18T15:16:59","modified_gmt":"2025-02-18T14:16:59","slug":"28494","status":"publish","type":"product","link":"https:\/\/www.linkeus.fr\/en\/produit\/28494\/","title":{"rendered":""},"content":{"rendered":"<p><strong>Link Organisation<\/strong>, bas\u00e9e dans le Vaucluse, se distingue par son expertise dans la gestion de projets \u00e9v\u00e9nementiels et la coordination de services sur-mesure. Notre \u00e9quipe passionn\u00e9e et exp\u00e9riment\u00e9e met un point d&#8217;honneur \u00e0 r\u00e9pondre \u00e0 vos besoins sp\u00e9cifiques, que ce soit pour des \u00e9v\u00e9nements professionnels ou priv\u00e9s. Gr\u00e2ce \u00e0 notre approche personnalis\u00e9e, nous assurons une organisation fluide, efficace et \u00e0 la hauteur de vos attentes. Nous nous engageons \u00e0 offrir une exp\u00e9rience unique, en prenant en charge chaque d\u00e9tail afin de garantir le succ\u00e8s de vos projets.<\/p>\n","protected":false},"excerpt":{"rendered":"<p>Link Organisation, bas\u00e9e dans le Vaucluse, se distingue par son expertise dans la gestion de projets \u00e9v\u00e9nementiels et la coordination de services sur-mesure. Notre \u00e9quipe passionn\u00e9e et exp\u00e9riment\u00e9e met un point d&#8217;honneur \u00e0 r\u00e9pondre \u00e0 vos besoins sp\u00e9cifiques, que ce soit pour des \u00e9v\u00e9nements professionnels ou priv\u00e9s. Gr\u00e2ce \u00e0 notre approche personnalis\u00e9e, nous assurons une [&hellip;]<\/p>\n","protected":false},"featured_media":0,"comment_status":"closed","ping_status":"closed","template":"","meta":{"inline_featured_image":false},"product_cat":[30],"product_tag":[],"class_list":{"0":"post-28494","1":"product","2":"type-product","3":"status-publish","5":"product_cat-listeo-booking","7":"first","8":"instock","9":"virtual","10":"sold-individually","11":"purchasable","12":"product-type-listing_booking"},"yoast_head":"<!-- This site is optimized with the Yoast SEO plugin v24.0 - https:\/\/yoast.com\/wordpress\/plugins\/seo\/ -->\n<title>- Linkeus Provence C\u00f4te d&#039;Azur Events<\/title>\n<meta name=\"robots\" content=\"index, follow, max-snippet:-1, max-image-preview:large, max-video-preview:-1\" \/>\n<link rel=\"canonical\" href=\"https:\/\/www.linkeus.fr\/en\/produit\/28494\/\" \/>\n<meta property=\"og:locale\" content=\"en_US\" \/>\n<meta property=\"og:type\" content=\"article\" \/>\n<meta property=\"og:title\" content=\"- Linkeus Provence C\u00f4te d&#039;Azur Events\" \/>\n<meta property=\"og:description\" content=\"Link Organisation, bas\u00e9e dans le Vaucluse, se distingue par son expertise dans la gestion de projets \u00e9v\u00e9nementiels et la coordination de services sur-mesure. Notre \u00e9quipe passionn\u00e9e et exp\u00e9riment\u00e9e met un point d&#8217;honneur \u00e0 r\u00e9pondre \u00e0 vos besoins sp\u00e9cifiques, que ce soit pour des \u00e9v\u00e9nements professionnels ou priv\u00e9s. Gr\u00e2ce \u00e0 notre approche personnalis\u00e9e, nous assurons une [&hellip;]\" \/>\n<meta property=\"og:url\" content=\"https:\/\/www.linkeus.fr\/en\/produit\/28494\/\" \/>\n<meta property=\"og:site_name\" content=\"Linkeus Provence C\u00f4te d&#039;Azur Events\" \/>\n<meta property=\"article:publisher\" content=\"https:\/\/www.facebook.com\/ProvenceCotedAzurEvents\" \/>\n<meta property=\"article:modified_time\" content=\"2025-02-18T14:16:59+00:00\" \/>\n<meta property=\"og:image\" content=\"https:\/\/www.linkeus.fr\/wp-content\/uploads\/2021\/07\/pce-image-resaux-sociaux-scaled.jpg\" \/>\n\t<meta property=\"og:image:width\" content=\"2560\" \/>\n\t<meta property=\"og:image:height\" content=\"1204\" \/>\n\t<meta property=\"og:image:type\" content=\"image\/jpeg\" \/>\n<meta name=\"twitter:card\" content=\"summary_large_image\" \/>\n<script type=\"application\/ld+json\" class=\"yoast-schema-graph\">{\"@context\":\"https:\/\/schema.org\",\"@graph\":[{\"@type\":\"WebPage\",\"@id\":\"https:\/\/www.linkeus.fr\/en\/produit\/28494\/\",\"url\":\"https:\/\/www.linkeus.fr\/en\/produit\/28494\/\",\"name\":\"- Linkeus Provence C\u00f4te d&#039;Azur Events\",\"isPartOf\":{\"@id\":\"https:\/\/www.linkeus.fr\/#website\"},\"datePublished\":\"2025-02-18T14:16:47+00:00\",\"dateModified\":\"2025-02-18T14:16:59+00:00\",\"breadcrumb\":{\"@id\":\"https:\/\/www.linkeus.fr\/en\/produit\/28494\/#breadcrumb\"},\"inLanguage\":\"en-US\",\"potentialAction\":[{\"@type\":\"ReadAction\",\"target\":[\"https:\/\/www.linkeus.fr\/en\/produit\/28494\/\"]}]},{\"@type\":\"BreadcrumbList\",\"@id\":\"https:\/\/www.linkeus.fr\/en\/produit\/28494\/#breadcrumb\",\"itemListElement\":[{\"@type\":\"ListItem\",\"position\":1,\"name\":\"Accueil\",\"item\":\"https:\/\/www.linkeus.fr\/en\/\"},{\"@type\":\"ListItem\",\"position\":2,\"name\":\"Produits\",\"item\":\"https:\/\/www.linkeus.fr\/shop\/\"}]},{\"@type\":\"WebSite\",\"@id\":\"https:\/\/www.linkeus.fr\/#website\",\"url\":\"https:\/\/www.linkeus.fr\/\",\"name\":\"Linkeus Provence C\u00f4te d&#039;Azur Events\",\"description\":\"Le bureau des congr\u00e8s regional : l&#039;interlocuteur privil\u00e9gi\u00e9 pour l&#039;organisation de vos \u00e9v\u00e8nements professionnels en Provence Alpes C\u00f4te d&#039;Azur\",\"publisher\":{\"@id\":\"https:\/\/www.linkeus.fr\/#organization\"},\"potentialAction\":[{\"@type\":\"SearchAction\",\"target\":{\"@type\":\"EntryPoint\",\"urlTemplate\":\"https:\/\/www.linkeus.fr\/?s={search_term_string}\"},\"query-input\":{\"@type\":\"PropertyValueSpecification\",\"valueRequired\":true,\"valueName\":\"search_term_string\"}}],\"inLanguage\":\"en-US\"},{\"@type\":\"Organization\",\"@id\":\"https:\/\/www.linkeus.fr\/#organization\",\"name\":\"Linkeus Provence C\u00f4te d&#039;Azur Events\",\"url\":\"https:\/\/www.linkeus.fr\/\",\"logo\":{\"@type\":\"ImageObject\",\"inLanguage\":\"en-US\",\"@id\":\"https:\/\/www.linkeus.fr\/#\/schema\/logo\/image\/\",\"url\":\"https:\/\/www.linkeus.fr\/wp-content\/uploads\/2022\/09\/log-linkeus290.png\",\"contentUrl\":\"https:\/\/www.linkeus.fr\/wp-content\/uploads\/2022\/09\/log-linkeus290.png\",\"width\":290,\"height\":100,\"caption\":\"Linkeus Provence C\u00f4te d&#039;Azur Events\"},\"image\":{\"@id\":\"https:\/\/www.linkeus.fr\/#\/schema\/logo\/image\/\"},\"sameAs\":[\"https:\/\/www.facebook.com\/ProvenceCotedAzurEvents\"]}]}<\/script>\n<!-- \/ Yoast SEO plugin. -->","yoast_head_json":{"title":"- Linkeus Provence C\u00f4te d&#039;Azur Events","robots":{"index":"index","follow":"follow","max-snippet":"max-snippet:-1","max-image-preview":"max-image-preview:large","max-video-preview":"max-video-preview:-1"},"canonical":"https:\/\/www.linkeus.fr\/en\/produit\/28494\/","og_locale":"en_US","og_type":"article","og_title":"- Linkeus Provence C\u00f4te d&#039;Azur Events","og_description":"Link Organisation, bas\u00e9e dans le Vaucluse, se distingue par son expertise dans la gestion de projets \u00e9v\u00e9nementiels et la coordination de services sur-mesure. Notre \u00e9quipe passionn\u00e9e et exp\u00e9riment\u00e9e met un point d&#8217;honneur \u00e0 r\u00e9pondre \u00e0 vos besoins sp\u00e9cifiques, que ce soit pour des \u00e9v\u00e9nements professionnels ou priv\u00e9s. Gr\u00e2ce \u00e0 notre approche personnalis\u00e9e, nous assurons une [&hellip;]","og_url":"https:\/\/www.linkeus.fr\/en\/produit\/28494\/","og_site_name":"Linkeus Provence C\u00f4te d&#039;Azur Events","article_publisher":"https:\/\/www.facebook.com\/ProvenceCotedAzurEvents","article_modified_time":"2025-02-18T14:16:59+00:00","og_image":[{"width":2560,"height":1204,"url":"https:\/\/www.linkeus.fr\/wp-content\/uploads\/2021\/07\/pce-image-resaux-sociaux-scaled.jpg","type":"image\/jpeg"}],"twitter_card":"summary_large_image","schema":{"@context":"https:\/\/schema.org","@graph":[{"@type":"WebPage","@id":"https:\/\/www.linkeus.fr\/en\/produit\/28494\/","url":"https:\/\/www.linkeus.fr\/en\/produit\/28494\/","name":"- Linkeus Provence C\u00f4te d&#039;Azur Events","isPartOf":{"@id":"https:\/\/www.linkeus.fr\/#website"},"datePublished":"2025-02-18T14:16:47+00:00","dateModified":"2025-02-18T14:16:59+00:00","breadcrumb":{"@id":"https:\/\/www.linkeus.fr\/en\/produit\/28494\/#breadcrumb"},"inLanguage":"en-US","potentialAction":[{"@type":"ReadAction","target":["https:\/\/www.linkeus.fr\/en\/produit\/28494\/"]}]},{"@type":"BreadcrumbList","@id":"https:\/\/www.linkeus.fr\/en\/produit\/28494\/#breadcrumb","itemListElement":[{"@type":"ListItem","position":1,"name":"Accueil","item":"https:\/\/www.linkeus.fr\/en\/"},{"@type":"ListItem","position":2,"name":"Produits","item":"https:\/\/www.linkeus.fr\/shop\/"}]},{"@type":"WebSite","@id":"https:\/\/www.linkeus.fr\/#website","url":"https:\/\/www.linkeus.fr\/","name":"Linkeus Provence C\u00f4te d&#039;Azur Events","description":"Le bureau des congr\u00e8s regional : l&#039;interlocuteur privil\u00e9gi\u00e9 pour l&#039;organisation de vos \u00e9v\u00e8nements professionnels en Provence Alpes C\u00f4te d&#039;Azur","publisher":{"@id":"https:\/\/www.linkeus.fr\/#organization"},"potentialAction":[{"@type":"SearchAction","target":{"@type":"EntryPoint","urlTemplate":"https:\/\/www.linkeus.fr\/?s={search_term_string}"},"query-input":{"@type":"PropertyValueSpecification","valueRequired":true,"valueName":"search_term_string"}}],"inLanguage":"en-US"},{"@type":"Organization","@id":"https:\/\/www.linkeus.fr\/#organization","name":"Linkeus Provence C\u00f4te d&#039;Azur Events","url":"https:\/\/www.linkeus.fr\/","logo":{"@type":"ImageObject","inLanguage":"en-US","@id":"https:\/\/www.linkeus.fr\/#\/schema\/logo\/image\/","url":"https:\/\/www.linkeus.fr\/wp-content\/uploads\/2022\/09\/log-linkeus290.png","contentUrl":"https:\/\/www.linkeus.fr\/wp-content\/uploads\/2022\/09\/log-linkeus290.png","width":290,"height":100,"caption":"Linkeus Provence C\u00f4te d&#039;Azur Events"},"image":{"@id":"https:\/\/www.linkeus.fr\/#\/schema\/logo\/image\/"},"sameAs":["https:\/\/www.facebook.com\/ProvenceCotedAzurEvents"]}]}},"_links":{"self":[{"href":"https:\/\/www.linkeus.fr\/en\/wp-json\/wp\/v2\/product\/28494","targetHints":{"allow":["GET"]}}],"collection":[{"href":"https:\/\/www.linkeus.fr\/en\/wp-json\/wp\/v2\/product"}],"about":[{"href":"https:\/\/www.linkeus.fr\/en\/wp-json\/wp\/v2\/types\/product"}],"replies":[{"embeddable":true,"href":"https:\/\/www.linkeus.fr\/en\/wp-json\/wp\/v2\/comments?post=28494"}],"wp:attachment":[{"href":"https:\/\/www.linkeus.fr\/en\/wp-json\/wp\/v2\/media?parent=28494"}],"wp:term":[{"taxonomy":"product_cat","embeddable":true,"href":"https:\/\/www.linkeus.fr\/en\/wp-json\/wp\/v2\/product_cat?post=28494"},{"taxonomy":"product_tag","embeddable":true,"href":"https:\/\/www.linkeus.fr\/en\/wp-json\/wp\/v2\/product_tag?post=28494"}],"curies":[{"name":"wp","href":"https:\/\/api.w.org\/{rel}","templated":true}]}}

<p><strong>Link Organisation</strong>, basée dans le Vaucluse, se distingue par son expertise dans la gestion de projets événementiels et la coordination de services sur-mesure. Notre équipe passionnée et expérimentée met un point d&#8217;honneur à répondre à vos besoins spécifiques, que ce soit pour des événements professionnels ou privés. Grâce à notre approche personnalisée, nous assurons une organisation fluide, efficace et à la hauteur de vos attentes. Nous nous engageons à offrir une expérience unique, en prenant en charge chaque détail afin de garantir le succès de vos projets.</p>

<p>Link Organisation, basée dans le Vaucluse, se distingue par son expertise dans la gestion de projets événementiels et la coordination de services sur-mesure. Notre équipe passionnée et expérimentée met un point d&#8217;honneur à répondre à vos besoins spécifiques, que ce soit pour des événements professionnels ou privés. Grâce à notre approche personnalisée, nous assurons une [&hellip;]</p>

<!-- This site is optimized with the Yoast SEO plugin v24.0 - https://yoast.com/wordpress/plugins/seo/ -->
<title>- Linkeus Provence Côte d&#039;Azur Events</title>
<meta name="robots" content="index, follow, max-snippet:-1, max-image-preview:large, max-video-preview:-1" />
<link rel="canonical" href="https://www.linkeus.fr/en/produit/28494/" />
<meta property="og:locale" content="en_US" />
<meta property="og:type" content="article" />
<meta property="og:title" content="- Linkeus Provence Côte d&#039;Azur Events" />
<meta property="og:description" content="Link Organisation, basée dans le Vaucluse, se distingue par son expertise dans la gestion de projets événementiels et la coordination de services sur-mesure. Notre équipe passionnée et expérimentée met un point d&#8217;honneur à répondre à vos besoins spécifiques, que ce soit pour des événements professionnels ou privés. Grâce à notre approche personnalisée, nous assurons une [&hellip;]" />
<meta property="og:url" content="https://www.linkeus.fr/en/produit/28494/" />
<meta property="og:site_name" content="Linkeus Provence Côte d&#039;Azur Events" />
<meta property="article:publisher" content="https://www.facebook.com/ProvenceCotedAzurEvents" />
<meta property="article:modified_time" content="2025-02-18T14:16:59+00:00" />
<meta property="og:image" content="https://www.linkeus.fr/wp-content/uploads/2021/07/pce-image-resaux-sociaux-scaled.jpg" />
	<meta property="og:image:width" content="2560" />
	<meta property="og:image:height" content="1204" />
	<meta property="og:image:type" content="image/jpeg" />
<meta name="twitter:card" content="summary_large_image" />
<script type="application/ld+json" class="yoast-schema-graph">{"@context":"https://schema.org","@graph":[{"@type":"WebPage","@id":"https://www.linkeus.fr/en/produit/28494/","url":"https://www.linkeus.fr/en/produit/28494/","name":"- Linkeus Provence Côte d&#039;Azur Events","isPartOf":{"@id":"https://www.linkeus.fr/#website"},"datePublished":"2025-02-18T14:16:47+00:00","dateModified":"2025-02-18T14:16:59+00:00","breadcrumb":{"@id":"https://www.linkeus.fr/en/produit/28494/#breadcrumb"},"inLanguage":"en-US","potentialAction":[{"@type":"ReadAction","target":["https://www.linkeus.fr/en/produit/28494/"]}]},{"@type":"BreadcrumbList","@id":"https://www.linkeus.fr/en/produit/28494/#breadcrumb","itemListElement":[{"@type":"ListItem","position":1,"name":"Accueil","item":"https://www.linkeus.fr/en/"},{"@type":"ListItem","position":2,"name":"Produits","item":"https://www.linkeus.fr/shop/"}]},{"@type":"WebSite","@id":"https://www.linkeus.fr/#website","url":"https://www.linkeus.fr/","name":"Linkeus Provence Côte d&#039;Azur Events","description":"Le bureau des congrès regional : l&#039;interlocuteur privilégié pour l&#039;organisation de vos évènements professionnels en Provence Alpes Côte d&#039;Azur","publisher":{"@id":"https://www.linkeus.fr/#organization"},"potentialAction":[{"@type":"SearchAction","target":{"@type":"EntryPoint","urlTemplate":"https://www.linkeus.fr/?s={search_term_string}"},"query-input":{"@type":"PropertyValueSpecification","valueRequired":true,"valueName":"search_term_string"}}],"inLanguage":"en-US"},{"@type":"Organization","@id":"https://www.linkeus.fr/#organization","name":"Linkeus Provence Côte d&#039;Azur Events","url":"https://www.linkeus.fr/","logo":{"@type":"ImageObject","inLanguage":"en-US","@id":"https://www.linkeus.fr/#/schema/logo/image/","url":"https://www.linkeus.fr/wp-content/uploads/2022/09/log-linkeus290.png","contentUrl":"https://www.linkeus.fr/wp-content/uploads/2022/09/log-linkeus290.png","width":290,"height":100,"caption":"Linkeus Provence Côte d&#039;Azur Events"},"image":{"@id":"https://www.linkeus.fr/#/schema/logo/image/"},"sameAs":["https://www.facebook.com/ProvenceCotedAzurEvents"]}]}</script>
<!-- / Yoast SEO plugin. -->

- Linkeus Provence Côte d&#039;Azur Events

Link Organisation, basée dans le Vaucluse, se distingue par son expertise dans la gestion de projets événementiels et la coordination de services sur-mesure. Notre équipe passionnée et expérimentée met un point d&#8217;honneur à répondre à vos besoins spécifiques, que ce soit pour des événements professionnels ou privés. Grâce à notre approche personnalisée, nous assurons une [&hellip;]

Linkeus Provence Côte d&#039;Azur Events

Le bureau des congrès regional : l&#039;interlocuteur privilégié pour l&#039;organisation de vos évènements professionnels en Provence Alpes Côte d&#039;Azur
