{"id":28148,"date":"2024-12-11T12:46:43","date_gmt":"2024-12-11T11:46:43","guid":{"rendered":"https:\/\/www.linkeus.fr\/produit\/domaine-de-mejanes\/"},"modified":"2024-12-11T12:47:52","modified_gmt":"2024-12-11T11:47:52","slug":"domaine-de-mejanes","status":"publish","type":"product","link":"https:\/\/www.linkeus.fr\/en\/produit\/domaine-de-mejanes\/","title":{"rendered":"Domaine de M\u00e9janes"},"content":{"rendered":"<p><strong>Le domaine de M\u00e9janes en Camargue<\/strong><\/p>\n<p>The legendary estate of Paul Ricard and his family is located in the heart of the Camargue Regional Park between Arles and Les Saintes Maries de la Mer. Two restaurants featuring local produce and decorated to reflect the history of this legendary site.<\/p>\n<p>A dozen comfortable g\u00eetes. 4 inspiring conference rooms. A modern museum dedicated to the great French visionary and humanist entrepreneur. A horse ride along the Vaccar\u00e8s, a Little Train on rails, hiking trails&#8230; and dozens of ideas for workshops to get together, imagine and build better together.<\/p>\n<p>&nbsp;<\/p>\n<p>Organising an event at the Domaine de M\u00e9janes means bringing your staff into the heart of the legend! The legend of the Camargue, its culture and traditions. And of the fantastic story of an iconic French brand. It&#8217;s an opportunity to take a timeless, inspiring and creative break. In the heart of the wilderness, with all the facilities you need to work with complete peace of mind.<\/p>\n<p>&nbsp;<\/p>\n","protected":false},"excerpt":{"rendered":"<p>Le domaine de M\u00e9janes en Camargue The legendary estate of Paul Ricard and his family is located in the heart of the Camargue Regional Park between Arles and Les Saintes Maries de la Mer. Two restaurants featuring local produce and decorated to reflect the history of this legendary site. A dozen comfortable g\u00eetes. 4 inspiring [&hellip;]<\/p>\n","protected":false},"featured_media":0,"comment_status":"closed","ping_status":"closed","template":"","meta":{"inline_featured_image":false},"product_cat":[30],"product_tag":[],"class_list":{"0":"post-28148","1":"product","2":"type-product","3":"status-publish","5":"product_cat-listeo-booking","7":"first","8":"instock","9":"virtual","10":"sold-individually","11":"purchasable","12":"product-type-listing_booking"},"yoast_head":"<!-- This site is optimized with the Yoast SEO plugin v24.0 - https:\/\/yoast.com\/wordpress\/plugins\/seo\/ -->\n<title>Domaine de M\u00e9janes - Linkeus Provence C\u00f4te d&#039;Azur Events<\/title>\n<meta name=\"robots\" content=\"index, follow, max-snippet:-1, max-image-preview:large, max-video-preview:-1\" \/>\n<link rel=\"canonical\" href=\"https:\/\/www.linkeus.fr\/en\/produit\/domaine-de-mejanes\/\" \/>\n<meta property=\"og:locale\" content=\"en_US\" \/>\n<meta property=\"og:type\" content=\"article\" \/>\n<meta property=\"og:title\" content=\"Domaine de M\u00e9janes - Linkeus Provence C\u00f4te d&#039;Azur Events\" \/>\n<meta property=\"og:description\" content=\"Le domaine de M\u00e9janes en Camargue The legendary estate of Paul Ricard and his family is located in the heart of the Camargue Regional Park between Arles and Les Saintes Maries de la Mer. Two restaurants featuring local produce and decorated to reflect the history of this legendary site. A dozen comfortable g\u00eetes. 4 inspiring [&hellip;]\" \/>\n<meta property=\"og:url\" content=\"https:\/\/www.linkeus.fr\/en\/produit\/domaine-de-mejanes\/\" \/>\n<meta property=\"og:site_name\" content=\"Linkeus Provence C\u00f4te d&#039;Azur Events\" \/>\n<meta property=\"article:publisher\" content=\"https:\/\/www.facebook.com\/ProvenceCotedAzurEvents\" \/>\n<meta property=\"article:modified_time\" content=\"2024-12-11T11:47:52+00:00\" \/>\n<meta property=\"og:image\" content=\"https:\/\/www.linkeus.fr\/wp-content\/uploads\/2021\/07\/pce-image-resaux-sociaux-scaled.jpg\" \/>\n\t<meta property=\"og:image:width\" content=\"2560\" \/>\n\t<meta property=\"og:image:height\" content=\"1204\" \/>\n\t<meta property=\"og:image:type\" content=\"image\/jpeg\" \/>\n<meta name=\"twitter:card\" content=\"summary_large_image\" \/>\n<meta name=\"twitter:label1\" content=\"Est. reading time\" \/>\n\t<meta name=\"twitter:data1\" content=\"1 minute\" \/>\n<script type=\"application\/ld+json\" class=\"yoast-schema-graph\">{\"@context\":\"https:\/\/schema.org\",\"@graph\":[{\"@type\":\"WebPage\",\"@id\":\"https:\/\/www.linkeus.fr\/en\/produit\/domaine-de-mejanes\/\",\"url\":\"https:\/\/www.linkeus.fr\/en\/produit\/domaine-de-mejanes\/\",\"name\":\"Domaine de M\u00e9janes - Linkeus Provence C\u00f4te d&#039;Azur Events\",\"isPartOf\":{\"@id\":\"https:\/\/www.linkeus.fr\/#website\"},\"datePublished\":\"2024-12-11T11:46:43+00:00\",\"dateModified\":\"2024-12-11T11:47:52+00:00\",\"breadcrumb\":{\"@id\":\"https:\/\/www.linkeus.fr\/en\/produit\/domaine-de-mejanes\/#breadcrumb\"},\"inLanguage\":\"en-US\",\"potentialAction\":[{\"@type\":\"ReadAction\",\"target\":[\"https:\/\/www.linkeus.fr\/en\/produit\/domaine-de-mejanes\/\"]}]},{\"@type\":\"BreadcrumbList\",\"@id\":\"https:\/\/www.linkeus.fr\/en\/produit\/domaine-de-mejanes\/#breadcrumb\",\"itemListElement\":[{\"@type\":\"ListItem\",\"position\":1,\"name\":\"Accueil\",\"item\":\"https:\/\/www.linkeus.fr\/en\/\"},{\"@type\":\"ListItem\",\"position\":2,\"name\":\"Produits\",\"item\":\"https:\/\/www.linkeus.fr\/shop\/\"},{\"@type\":\"ListItem\",\"position\":3,\"name\":\"Domaine de M\u00e9janes\"}]},{\"@type\":\"WebSite\",\"@id\":\"https:\/\/www.linkeus.fr\/#website\",\"url\":\"https:\/\/www.linkeus.fr\/\",\"name\":\"Linkeus Provence C\u00f4te d&#039;Azur Events\",\"description\":\"Le bureau des congr\u00e8s regional : l&#039;interlocuteur privil\u00e9gi\u00e9 pour l&#039;organisation de vos \u00e9v\u00e8nements professionnels en Provence Alpes C\u00f4te d&#039;Azur\",\"publisher\":{\"@id\":\"https:\/\/www.linkeus.fr\/#organization\"},\"potentialAction\":[{\"@type\":\"SearchAction\",\"target\":{\"@type\":\"EntryPoint\",\"urlTemplate\":\"https:\/\/www.linkeus.fr\/?s={search_term_string}\"},\"query-input\":{\"@type\":\"PropertyValueSpecification\",\"valueRequired\":true,\"valueName\":\"search_term_string\"}}],\"inLanguage\":\"en-US\"},{\"@type\":\"Organization\",\"@id\":\"https:\/\/www.linkeus.fr\/#organization\",\"name\":\"Linkeus Provence C\u00f4te d&#039;Azur Events\",\"url\":\"https:\/\/www.linkeus.fr\/\",\"logo\":{\"@type\":\"ImageObject\",\"inLanguage\":\"en-US\",\"@id\":\"https:\/\/www.linkeus.fr\/#\/schema\/logo\/image\/\",\"url\":\"https:\/\/www.linkeus.fr\/wp-content\/uploads\/2022\/09\/log-linkeus290.png\",\"contentUrl\":\"https:\/\/www.linkeus.fr\/wp-content\/uploads\/2022\/09\/log-linkeus290.png\",\"width\":290,\"height\":100,\"caption\":\"Linkeus Provence C\u00f4te d&#039;Azur Events\"},\"image\":{\"@id\":\"https:\/\/www.linkeus.fr\/#\/schema\/logo\/image\/\"},\"sameAs\":[\"https:\/\/www.facebook.com\/ProvenceCotedAzurEvents\"]}]}<\/script>\n<!-- \/ Yoast SEO plugin. -->","yoast_head_json":{"title":"Domaine de M\u00e9janes - Linkeus Provence C\u00f4te d&#039;Azur Events","robots":{"index":"index","follow":"follow","max-snippet":"max-snippet:-1","max-image-preview":"max-image-preview:large","max-video-preview":"max-video-preview:-1"},"canonical":"https:\/\/www.linkeus.fr\/en\/produit\/domaine-de-mejanes\/","og_locale":"en_US","og_type":"article","og_title":"Domaine de M\u00e9janes - Linkeus Provence C\u00f4te d&#039;Azur Events","og_description":"Le domaine de M\u00e9janes en Camargue The legendary estate of Paul Ricard and his family is located in the heart of the Camargue Regional Park between Arles and Les Saintes Maries de la Mer. Two restaurants featuring local produce and decorated to reflect the history of this legendary site. A dozen comfortable g\u00eetes. 4 inspiring [&hellip;]","og_url":"https:\/\/www.linkeus.fr\/en\/produit\/domaine-de-mejanes\/","og_site_name":"Linkeus Provence C\u00f4te d&#039;Azur Events","article_publisher":"https:\/\/www.facebook.com\/ProvenceCotedAzurEvents","article_modified_time":"2024-12-11T11:47:52+00:00","og_image":[{"width":2560,"height":1204,"url":"https:\/\/www.linkeus.fr\/wp-content\/uploads\/2021\/07\/pce-image-resaux-sociaux-scaled.jpg","type":"image\/jpeg"}],"twitter_card":"summary_large_image","twitter_misc":{"Est. reading time":"1 minute"},"schema":{"@context":"https:\/\/schema.org","@graph":[{"@type":"WebPage","@id":"https:\/\/www.linkeus.fr\/en\/produit\/domaine-de-mejanes\/","url":"https:\/\/www.linkeus.fr\/en\/produit\/domaine-de-mejanes\/","name":"Domaine de M\u00e9janes - Linkeus Provence C\u00f4te d&#039;Azur Events","isPartOf":{"@id":"https:\/\/www.linkeus.fr\/#website"},"datePublished":"2024-12-11T11:46:43+00:00","dateModified":"2024-12-11T11:47:52+00:00","breadcrumb":{"@id":"https:\/\/www.linkeus.fr\/en\/produit\/domaine-de-mejanes\/#breadcrumb"},"inLanguage":"en-US","potentialAction":[{"@type":"ReadAction","target":["https:\/\/www.linkeus.fr\/en\/produit\/domaine-de-mejanes\/"]}]},{"@type":"BreadcrumbList","@id":"https:\/\/www.linkeus.fr\/en\/produit\/domaine-de-mejanes\/#breadcrumb","itemListElement":[{"@type":"ListItem","position":1,"name":"Accueil","item":"https:\/\/www.linkeus.fr\/en\/"},{"@type":"ListItem","position":2,"name":"Produits","item":"https:\/\/www.linkeus.fr\/shop\/"},{"@type":"ListItem","position":3,"name":"Domaine de M\u00e9janes"}]},{"@type":"WebSite","@id":"https:\/\/www.linkeus.fr\/#website","url":"https:\/\/www.linkeus.fr\/","name":"Linkeus Provence C\u00f4te d&#039;Azur Events","description":"Le bureau des congr\u00e8s regional : l&#039;interlocuteur privil\u00e9gi\u00e9 pour l&#039;organisation de vos \u00e9v\u00e8nements professionnels en Provence Alpes C\u00f4te d&#039;Azur","publisher":{"@id":"https:\/\/www.linkeus.fr\/#organization"},"potentialAction":[{"@type":"SearchAction","target":{"@type":"EntryPoint","urlTemplate":"https:\/\/www.linkeus.fr\/?s={search_term_string}"},"query-input":{"@type":"PropertyValueSpecification","valueRequired":true,"valueName":"search_term_string"}}],"inLanguage":"en-US"},{"@type":"Organization","@id":"https:\/\/www.linkeus.fr\/#organization","name":"Linkeus Provence C\u00f4te d&#039;Azur Events","url":"https:\/\/www.linkeus.fr\/","logo":{"@type":"ImageObject","inLanguage":"en-US","@id":"https:\/\/www.linkeus.fr\/#\/schema\/logo\/image\/","url":"https:\/\/www.linkeus.fr\/wp-content\/uploads\/2022\/09\/log-linkeus290.png","contentUrl":"https:\/\/www.linkeus.fr\/wp-content\/uploads\/2022\/09\/log-linkeus290.png","width":290,"height":100,"caption":"Linkeus Provence C\u00f4te d&#039;Azur Events"},"image":{"@id":"https:\/\/www.linkeus.fr\/#\/schema\/logo\/image\/"},"sameAs":["https:\/\/www.facebook.com\/ProvenceCotedAzurEvents"]}]}},"_links":{"self":[{"href":"https:\/\/www.linkeus.fr\/en\/wp-json\/wp\/v2\/product\/28148","targetHints":{"allow":["GET"]}}],"collection":[{"href":"https:\/\/www.linkeus.fr\/en\/wp-json\/wp\/v2\/product"}],"about":[{"href":"https:\/\/www.linkeus.fr\/en\/wp-json\/wp\/v2\/types\/product"}],"replies":[{"embeddable":true,"href":"https:\/\/www.linkeus.fr\/en\/wp-json\/wp\/v2\/comments?post=28148"}],"wp:attachment":[{"href":"https:\/\/www.linkeus.fr\/en\/wp-json\/wp\/v2\/media?parent=28148"}],"wp:term":[{"taxonomy":"product_cat","embeddable":true,"href":"https:\/\/www.linkeus.fr\/en\/wp-json\/wp\/v2\/product_cat?post=28148"},{"taxonomy":"product_tag","embeddable":true,"href":"https:\/\/www.linkeus.fr\/en\/wp-json\/wp\/v2\/product_tag?post=28148"}],"curies":[{"name":"wp","href":"https:\/\/api.w.org\/{rel}","templated":true}]}}

Domaine de Méjanes

<p><strong>Le domaine de Méjanes en Camargue</strong></p>
<p>The legendary estate of Paul Ricard and his family is located in the heart of the Camargue Regional Park between Arles and Les Saintes Maries de la Mer. Two restaurants featuring local produce and decorated to reflect the history of this legendary site.</p>
<p>A dozen comfortable gîtes. 4 inspiring conference rooms. A modern museum dedicated to the great French visionary and humanist entrepreneur. A horse ride along the Vaccarès, a Little Train on rails, hiking trails&#8230; and dozens of ideas for workshops to get together, imagine and build better together.</p>
<p>&nbsp;</p>
<p>Organising an event at the Domaine de Méjanes means bringing your staff into the heart of the legend! The legend of the Camargue, its culture and traditions. And of the fantastic story of an iconic French brand. It&#8217;s an opportunity to take a timeless, inspiring and creative break. In the heart of the wilderness, with all the facilities you need to work with complete peace of mind.</p>
<p>&nbsp;</p>

<p>Le domaine de Méjanes en Camargue The legendary estate of Paul Ricard and his family is located in the heart of the Camargue Regional Park between Arles and Les Saintes Maries de la Mer. Two restaurants featuring local produce and decorated to reflect the history of this legendary site. A dozen comfortable gîtes. 4 inspiring [&hellip;]</p>

<!-- This site is optimized with the Yoast SEO plugin v24.0 - https://yoast.com/wordpress/plugins/seo/ -->
<title>Domaine de Méjanes - Linkeus Provence Côte d&#039;Azur Events</title>
<meta name="robots" content="index, follow, max-snippet:-1, max-image-preview:large, max-video-preview:-1" />
<link rel="canonical" href="https://www.linkeus.fr/en/produit/domaine-de-mejanes/" />
<meta property="og:locale" content="en_US" />
<meta property="og:type" content="article" />
<meta property="og:title" content="Domaine de Méjanes - Linkeus Provence Côte d&#039;Azur Events" />
<meta property="og:description" content="Le domaine de Méjanes en Camargue The legendary estate of Paul Ricard and his family is located in the heart of the Camargue Regional Park between Arles and Les Saintes Maries de la Mer. Two restaurants featuring local produce and decorated to reflect the history of this legendary site. A dozen comfortable gîtes. 4 inspiring [&hellip;]" />
<meta property="og:url" content="https://www.linkeus.fr/en/produit/domaine-de-mejanes/" />
<meta property="og:site_name" content="Linkeus Provence Côte d&#039;Azur Events" />
<meta property="article:publisher" content="https://www.facebook.com/ProvenceCotedAzurEvents" />
<meta property="article:modified_time" content="2024-12-11T11:47:52+00:00" />
<meta property="og:image" content="https://www.linkeus.fr/wp-content/uploads/2021/07/pce-image-resaux-sociaux-scaled.jpg" />
	<meta property="og:image:width" content="2560" />
	<meta property="og:image:height" content="1204" />
	<meta property="og:image:type" content="image/jpeg" />
<meta name="twitter:card" content="summary_large_image" />
<meta name="twitter:label1" content="Est. reading time" />
	<meta name="twitter:data1" content="1 minute" />
<script type="application/ld+json" class="yoast-schema-graph">{"@context":"https://schema.org","@graph":[{"@type":"WebPage","@id":"https://www.linkeus.fr/en/produit/domaine-de-mejanes/","url":"https://www.linkeus.fr/en/produit/domaine-de-mejanes/","name":"Domaine de Méjanes - Linkeus Provence Côte d&#039;Azur Events","isPartOf":{"@id":"https://www.linkeus.fr/#website"},"datePublished":"2024-12-11T11:46:43+00:00","dateModified":"2024-12-11T11:47:52+00:00","breadcrumb":{"@id":"https://www.linkeus.fr/en/produit/domaine-de-mejanes/#breadcrumb"},"inLanguage":"en-US","potentialAction":[{"@type":"ReadAction","target":["https://www.linkeus.fr/en/produit/domaine-de-mejanes/"]}]},{"@type":"BreadcrumbList","@id":"https://www.linkeus.fr/en/produit/domaine-de-mejanes/#breadcrumb","itemListElement":[{"@type":"ListItem","position":1,"name":"Accueil","item":"https://www.linkeus.fr/en/"},{"@type":"ListItem","position":2,"name":"Produits","item":"https://www.linkeus.fr/shop/"},{"@type":"ListItem","position":3,"name":"Domaine de Méjanes"}]},{"@type":"WebSite","@id":"https://www.linkeus.fr/#website","url":"https://www.linkeus.fr/","name":"Linkeus Provence Côte d&#039;Azur Events","description":"Le bureau des congrès regional : l&#039;interlocuteur privilégié pour l&#039;organisation de vos évènements professionnels en Provence Alpes Côte d&#039;Azur","publisher":{"@id":"https://www.linkeus.fr/#organization"},"potentialAction":[{"@type":"SearchAction","target":{"@type":"EntryPoint","urlTemplate":"https://www.linkeus.fr/?s={search_term_string}"},"query-input":{"@type":"PropertyValueSpecification","valueRequired":true,"valueName":"search_term_string"}}],"inLanguage":"en-US"},{"@type":"Organization","@id":"https://www.linkeus.fr/#organization","name":"Linkeus Provence Côte d&#039;Azur Events","url":"https://www.linkeus.fr/","logo":{"@type":"ImageObject","inLanguage":"en-US","@id":"https://www.linkeus.fr/#/schema/logo/image/","url":"https://www.linkeus.fr/wp-content/uploads/2022/09/log-linkeus290.png","contentUrl":"https://www.linkeus.fr/wp-content/uploads/2022/09/log-linkeus290.png","width":290,"height":100,"caption":"Linkeus Provence Côte d&#039;Azur Events"},"image":{"@id":"https://www.linkeus.fr/#/schema/logo/image/"},"sameAs":["https://www.facebook.com/ProvenceCotedAzurEvents"]}]}</script>
<!-- / Yoast SEO plugin. -->

Domaine de Méjanes - Linkeus Provence Côte d&#039;Azur Events

Le domaine de Méjanes en Camargue The legendary estate of Paul Ricard and his family is located in the heart of the Camargue Regional Park between Arles and Les Saintes Maries de la Mer. Two restaurants featuring local produce and decorated to reflect the history of this legendary site. A dozen comfortable gîtes. 4 inspiring [&hellip;]

Linkeus Provence Côte d&#039;Azur Events

Le bureau des congrès regional : l&#039;interlocuteur privilégié pour l&#039;organisation de vos évènements professionnels en Provence Alpes Côte d&#039;Azur
