{"id":26002,"date":"2023-11-24T10:38:09","date_gmt":"2023-11-24T09:38:09","guid":{"rendered":"https:\/\/www.linkeus.fr\/produit\/hotel-royal-riviera\/"},"modified":"2023-11-24T10:38:09","modified_gmt":"2023-11-24T09:38:09","slug":"hotel-royal-riviera","status":"publish","type":"product","link":"https:\/\/www.linkeus.fr\/en\/produit\/hotel-royal-riviera\/","title":{"rendered":"H\u00f4tel Royal Riviera"},"content":{"rendered":"<p>Perched on the peninsula of Cap-Ferrat, between Nice and Monaco, the Royal-Riviera\u2019s position displays the perfect balance between Mediterranean gardens, landscape and sea.\u00a0 Combining the elegance of contemporary style and a neo-Hellenistic theme, inspired by its neighbour the Villa K\u00e9rylos. The Royal-Riviera provides all the intimacy of a private Mediterranean villa with the luxury and glamour of a Belle Epoque palace.<\/p>\n<p>With a dedicated event space, the Royal-Riviera is the perfect confidential venue for 10 to 110 people on any occasion: board meeting, gala dinner, prestigious event, private party, product launch or group incentive.<\/p>\n<p>Away from the hustle and bustle of the cities, the Royal-Riviera gives you the opportunity to take time and unwind, offering peace and quiet at only 15 minutes away from the main congresses, exhibition centers and entertainment places. Nice International airport is located just 25 minutes\u2019 drive.<\/p>\n<p>The hotel boasts a total of 94 rooms and suites (78 in the main building and 16 in the private villa l\u2019Orangerie) and 4 meeting\/banqueting rooms.<br \/>\nRelaxed atmosphere by the pool, chic cocktail in the gardens or formal gala dinner, the two restaurants will meet your needs and requirements with tailor-made menus and service.<\/p>\n<p>The hotel offers exclusive use of the whole property from October to April. The Villa l\u2019Orangerie can also be completely privatized to hold smaller events.<\/p>\n<p>Member of \u201cThe leading Hotels of the World\u201d.<\/p>\n","protected":false},"excerpt":{"rendered":"<p>Perched on the peninsula of Cap-Ferrat, between Nice and Monaco, the Royal-Riviera\u2019s position displays the perfect balance between Mediterranean gardens, landscape and sea.\u00a0 Combining the elegance of contemporary style and a neo-Hellenistic theme, inspired by its neighbour the Villa K\u00e9rylos. The Royal-Riviera provides all the intimacy of a private Mediterranean villa with the luxury and [&hellip;]<\/p>\n","protected":false},"featured_media":0,"comment_status":"closed","ping_status":"closed","template":"","meta":{"inline_featured_image":false},"product_cat":[],"product_tag":[],"class_list":{"0":"post-26002","1":"product","2":"type-product","3":"status-publish","6":"first","7":"instock","8":"virtual","9":"sold-individually","10":"purchasable","11":"product-type-listing_booking"},"yoast_head":"<!-- This site is optimized with the Yoast SEO plugin v24.0 - https:\/\/yoast.com\/wordpress\/plugins\/seo\/ -->\n<title>H\u00f4tel Royal Riviera - Linkeus Provence C\u00f4te d&#039;Azur Events<\/title>\n<meta name=\"robots\" content=\"index, follow, max-snippet:-1, max-image-preview:large, max-video-preview:-1\" \/>\n<link rel=\"canonical\" href=\"https:\/\/www.linkeus.fr\/en\/produit\/hotel-royal-riviera\/\" \/>\n<meta property=\"og:locale\" content=\"en_US\" \/>\n<meta property=\"og:type\" content=\"article\" \/>\n<meta property=\"og:title\" content=\"H\u00f4tel Royal Riviera - Linkeus Provence C\u00f4te d&#039;Azur Events\" \/>\n<meta property=\"og:description\" content=\"Perched on the peninsula of Cap-Ferrat, between Nice and Monaco, the Royal-Riviera\u2019s position displays the perfect balance between Mediterranean gardens, landscape and sea.\u00a0 Combining the elegance of contemporary style and a neo-Hellenistic theme, inspired by its neighbour the Villa K\u00e9rylos. The Royal-Riviera provides all the intimacy of a private Mediterranean villa with the luxury and [&hellip;]\" \/>\n<meta property=\"og:url\" content=\"https:\/\/www.linkeus.fr\/en\/produit\/hotel-royal-riviera\/\" \/>\n<meta property=\"og:site_name\" content=\"Linkeus Provence C\u00f4te d&#039;Azur Events\" \/>\n<meta property=\"article:publisher\" content=\"https:\/\/www.facebook.com\/ProvenceCotedAzurEvents\" \/>\n<meta property=\"og:image\" content=\"https:\/\/www.linkeus.fr\/wp-content\/uploads\/2021\/07\/pce-image-resaux-sociaux-scaled.jpg\" \/>\n\t<meta property=\"og:image:width\" content=\"2560\" \/>\n\t<meta property=\"og:image:height\" content=\"1204\" \/>\n\t<meta property=\"og:image:type\" content=\"image\/jpeg\" \/>\n<meta name=\"twitter:card\" content=\"summary_large_image\" \/>\n<meta name=\"twitter:label1\" content=\"Est. reading time\" \/>\n\t<meta name=\"twitter:data1\" content=\"1 minute\" \/>\n<script type=\"application\/ld+json\" class=\"yoast-schema-graph\">{\"@context\":\"https:\/\/schema.org\",\"@graph\":[{\"@type\":\"WebPage\",\"@id\":\"https:\/\/www.linkeus.fr\/en\/produit\/hotel-royal-riviera\/\",\"url\":\"https:\/\/www.linkeus.fr\/en\/produit\/hotel-royal-riviera\/\",\"name\":\"H\u00f4tel Royal Riviera - Linkeus Provence C\u00f4te d&#039;Azur Events\",\"isPartOf\":{\"@id\":\"https:\/\/www.linkeus.fr\/#website\"},\"datePublished\":\"2023-11-24T09:38:09+00:00\",\"dateModified\":\"2023-11-24T09:38:09+00:00\",\"breadcrumb\":{\"@id\":\"https:\/\/www.linkeus.fr\/en\/produit\/hotel-royal-riviera\/#breadcrumb\"},\"inLanguage\":\"en-US\",\"potentialAction\":[{\"@type\":\"ReadAction\",\"target\":[\"https:\/\/www.linkeus.fr\/en\/produit\/hotel-royal-riviera\/\"]}]},{\"@type\":\"BreadcrumbList\",\"@id\":\"https:\/\/www.linkeus.fr\/en\/produit\/hotel-royal-riviera\/#breadcrumb\",\"itemListElement\":[{\"@type\":\"ListItem\",\"position\":1,\"name\":\"Accueil\",\"item\":\"https:\/\/www.linkeus.fr\/en\/\"},{\"@type\":\"ListItem\",\"position\":2,\"name\":\"Produits\",\"item\":\"https:\/\/www.linkeus.fr\/shop\/\"},{\"@type\":\"ListItem\",\"position\":3,\"name\":\"H\u00f4tel Royal Riviera\"}]},{\"@type\":\"WebSite\",\"@id\":\"https:\/\/www.linkeus.fr\/#website\",\"url\":\"https:\/\/www.linkeus.fr\/\",\"name\":\"Linkeus Provence C\u00f4te d&#039;Azur Events\",\"description\":\"Le bureau des congr\u00e8s regional : l&#039;interlocuteur privil\u00e9gi\u00e9 pour l&#039;organisation de vos \u00e9v\u00e8nements professionnels en Provence Alpes C\u00f4te d&#039;Azur\",\"publisher\":{\"@id\":\"https:\/\/www.linkeus.fr\/#organization\"},\"potentialAction\":[{\"@type\":\"SearchAction\",\"target\":{\"@type\":\"EntryPoint\",\"urlTemplate\":\"https:\/\/www.linkeus.fr\/?s={search_term_string}\"},\"query-input\":{\"@type\":\"PropertyValueSpecification\",\"valueRequired\":true,\"valueName\":\"search_term_string\"}}],\"inLanguage\":\"en-US\"},{\"@type\":\"Organization\",\"@id\":\"https:\/\/www.linkeus.fr\/#organization\",\"name\":\"Linkeus Provence C\u00f4te d&#039;Azur Events\",\"url\":\"https:\/\/www.linkeus.fr\/\",\"logo\":{\"@type\":\"ImageObject\",\"inLanguage\":\"en-US\",\"@id\":\"https:\/\/www.linkeus.fr\/#\/schema\/logo\/image\/\",\"url\":\"https:\/\/www.linkeus.fr\/wp-content\/uploads\/2022\/09\/log-linkeus290.png\",\"contentUrl\":\"https:\/\/www.linkeus.fr\/wp-content\/uploads\/2022\/09\/log-linkeus290.png\",\"width\":290,\"height\":100,\"caption\":\"Linkeus Provence C\u00f4te d&#039;Azur Events\"},\"image\":{\"@id\":\"https:\/\/www.linkeus.fr\/#\/schema\/logo\/image\/\"},\"sameAs\":[\"https:\/\/www.facebook.com\/ProvenceCotedAzurEvents\"]}]}<\/script>\n<!-- \/ Yoast SEO plugin. -->","yoast_head_json":{"title":"H\u00f4tel Royal Riviera - Linkeus Provence C\u00f4te d&#039;Azur Events","robots":{"index":"index","follow":"follow","max-snippet":"max-snippet:-1","max-image-preview":"max-image-preview:large","max-video-preview":"max-video-preview:-1"},"canonical":"https:\/\/www.linkeus.fr\/en\/produit\/hotel-royal-riviera\/","og_locale":"en_US","og_type":"article","og_title":"H\u00f4tel Royal Riviera - Linkeus Provence C\u00f4te d&#039;Azur Events","og_description":"Perched on the peninsula of Cap-Ferrat, between Nice and Monaco, the Royal-Riviera\u2019s position displays the perfect balance between Mediterranean gardens, landscape and sea.\u00a0 Combining the elegance of contemporary style and a neo-Hellenistic theme, inspired by its neighbour the Villa K\u00e9rylos. The Royal-Riviera provides all the intimacy of a private Mediterranean villa with the luxury and [&hellip;]","og_url":"https:\/\/www.linkeus.fr\/en\/produit\/hotel-royal-riviera\/","og_site_name":"Linkeus Provence C\u00f4te d&#039;Azur Events","article_publisher":"https:\/\/www.facebook.com\/ProvenceCotedAzurEvents","og_image":[{"width":2560,"height":1204,"url":"https:\/\/www.linkeus.fr\/wp-content\/uploads\/2021\/07\/pce-image-resaux-sociaux-scaled.jpg","type":"image\/jpeg"}],"twitter_card":"summary_large_image","twitter_misc":{"Est. reading time":"1 minute"},"schema":{"@context":"https:\/\/schema.org","@graph":[{"@type":"WebPage","@id":"https:\/\/www.linkeus.fr\/en\/produit\/hotel-royal-riviera\/","url":"https:\/\/www.linkeus.fr\/en\/produit\/hotel-royal-riviera\/","name":"H\u00f4tel Royal Riviera - Linkeus Provence C\u00f4te d&#039;Azur Events","isPartOf":{"@id":"https:\/\/www.linkeus.fr\/#website"},"datePublished":"2023-11-24T09:38:09+00:00","dateModified":"2023-11-24T09:38:09+00:00","breadcrumb":{"@id":"https:\/\/www.linkeus.fr\/en\/produit\/hotel-royal-riviera\/#breadcrumb"},"inLanguage":"en-US","potentialAction":[{"@type":"ReadAction","target":["https:\/\/www.linkeus.fr\/en\/produit\/hotel-royal-riviera\/"]}]},{"@type":"BreadcrumbList","@id":"https:\/\/www.linkeus.fr\/en\/produit\/hotel-royal-riviera\/#breadcrumb","itemListElement":[{"@type":"ListItem","position":1,"name":"Accueil","item":"https:\/\/www.linkeus.fr\/en\/"},{"@type":"ListItem","position":2,"name":"Produits","item":"https:\/\/www.linkeus.fr\/shop\/"},{"@type":"ListItem","position":3,"name":"H\u00f4tel Royal Riviera"}]},{"@type":"WebSite","@id":"https:\/\/www.linkeus.fr\/#website","url":"https:\/\/www.linkeus.fr\/","name":"Linkeus Provence C\u00f4te d&#039;Azur Events","description":"Le bureau des congr\u00e8s regional : l&#039;interlocuteur privil\u00e9gi\u00e9 pour l&#039;organisation de vos \u00e9v\u00e8nements professionnels en Provence Alpes C\u00f4te d&#039;Azur","publisher":{"@id":"https:\/\/www.linkeus.fr\/#organization"},"potentialAction":[{"@type":"SearchAction","target":{"@type":"EntryPoint","urlTemplate":"https:\/\/www.linkeus.fr\/?s={search_term_string}"},"query-input":{"@type":"PropertyValueSpecification","valueRequired":true,"valueName":"search_term_string"}}],"inLanguage":"en-US"},{"@type":"Organization","@id":"https:\/\/www.linkeus.fr\/#organization","name":"Linkeus Provence C\u00f4te d&#039;Azur Events","url":"https:\/\/www.linkeus.fr\/","logo":{"@type":"ImageObject","inLanguage":"en-US","@id":"https:\/\/www.linkeus.fr\/#\/schema\/logo\/image\/","url":"https:\/\/www.linkeus.fr\/wp-content\/uploads\/2022\/09\/log-linkeus290.png","contentUrl":"https:\/\/www.linkeus.fr\/wp-content\/uploads\/2022\/09\/log-linkeus290.png","width":290,"height":100,"caption":"Linkeus Provence C\u00f4te d&#039;Azur Events"},"image":{"@id":"https:\/\/www.linkeus.fr\/#\/schema\/logo\/image\/"},"sameAs":["https:\/\/www.facebook.com\/ProvenceCotedAzurEvents"]}]}},"_links":{"self":[{"href":"https:\/\/www.linkeus.fr\/en\/wp-json\/wp\/v2\/product\/26002","targetHints":{"allow":["GET"]}}],"collection":[{"href":"https:\/\/www.linkeus.fr\/en\/wp-json\/wp\/v2\/product"}],"about":[{"href":"https:\/\/www.linkeus.fr\/en\/wp-json\/wp\/v2\/types\/product"}],"replies":[{"embeddable":true,"href":"https:\/\/www.linkeus.fr\/en\/wp-json\/wp\/v2\/comments?post=26002"}],"wp:attachment":[{"href":"https:\/\/www.linkeus.fr\/en\/wp-json\/wp\/v2\/media?parent=26002"}],"wp:term":[{"taxonomy":"product_cat","embeddable":true,"href":"https:\/\/www.linkeus.fr\/en\/wp-json\/wp\/v2\/product_cat?post=26002"},{"taxonomy":"product_tag","embeddable":true,"href":"https:\/\/www.linkeus.fr\/en\/wp-json\/wp\/v2\/product_tag?post=26002"}],"curies":[{"name":"wp","href":"https:\/\/api.w.org\/{rel}","templated":true}]}}

Hôtel Royal Riviera

<p>Perched on the peninsula of Cap-Ferrat, between Nice and Monaco, the Royal-Riviera’s position displays the perfect balance between Mediterranean gardens, landscape and sea.  Combining the elegance of contemporary style and a neo-Hellenistic theme, inspired by its neighbour the Villa Kérylos. The Royal-Riviera provides all the intimacy of a private Mediterranean villa with the luxury and glamour of a Belle Epoque palace.</p>
<p>With a dedicated event space, the Royal-Riviera is the perfect confidential venue for 10 to 110 people on any occasion: board meeting, gala dinner, prestigious event, private party, product launch or group incentive.</p>
<p>Away from the hustle and bustle of the cities, the Royal-Riviera gives you the opportunity to take time and unwind, offering peace and quiet at only 15 minutes away from the main congresses, exhibition centers and entertainment places. Nice International airport is located just 25 minutes’ drive.</p>
<p>The hotel boasts a total of 94 rooms and suites (78 in the main building and 16 in the private villa l’Orangerie) and 4 meeting/banqueting rooms.<br />
Relaxed atmosphere by the pool, chic cocktail in the gardens or formal gala dinner, the two restaurants will meet your needs and requirements with tailor-made menus and service.</p>
<p>The hotel offers exclusive use of the whole property from October to April. The Villa l’Orangerie can also be completely privatized to hold smaller events.</p>
<p>Member of “The leading Hotels of the World”.</p>

<p>Perched on the peninsula of Cap-Ferrat, between Nice and Monaco, the Royal-Riviera’s position displays the perfect balance between Mediterranean gardens, landscape and sea.  Combining the elegance of contemporary style and a neo-Hellenistic theme, inspired by its neighbour the Villa Kérylos. The Royal-Riviera provides all the intimacy of a private Mediterranean villa with the luxury and [&hellip;]</p>

<!-- This site is optimized with the Yoast SEO plugin v24.0 - https://yoast.com/wordpress/plugins/seo/ -->
<title>Hôtel Royal Riviera - Linkeus Provence Côte d&#039;Azur Events</title>
<meta name="robots" content="index, follow, max-snippet:-1, max-image-preview:large, max-video-preview:-1" />
<link rel="canonical" href="https://www.linkeus.fr/en/produit/hotel-royal-riviera/" />
<meta property="og:locale" content="en_US" />
<meta property="og:type" content="article" />
<meta property="og:title" content="Hôtel Royal Riviera - Linkeus Provence Côte d&#039;Azur Events" />
<meta property="og:description" content="Perched on the peninsula of Cap-Ferrat, between Nice and Monaco, the Royal-Riviera’s position displays the perfect balance between Mediterranean gardens, landscape and sea.  Combining the elegance of contemporary style and a neo-Hellenistic theme, inspired by its neighbour the Villa Kérylos. The Royal-Riviera provides all the intimacy of a private Mediterranean villa with the luxury and [&hellip;]" />
<meta property="og:url" content="https://www.linkeus.fr/en/produit/hotel-royal-riviera/" />
<meta property="og:site_name" content="Linkeus Provence Côte d&#039;Azur Events" />
<meta property="article:publisher" content="https://www.facebook.com/ProvenceCotedAzurEvents" />
<meta property="og:image" content="https://www.linkeus.fr/wp-content/uploads/2021/07/pce-image-resaux-sociaux-scaled.jpg" />
	<meta property="og:image:width" content="2560" />
	<meta property="og:image:height" content="1204" />
	<meta property="og:image:type" content="image/jpeg" />
<meta name="twitter:card" content="summary_large_image" />
<meta name="twitter:label1" content="Est. reading time" />
	<meta name="twitter:data1" content="1 minute" />
<script type="application/ld+json" class="yoast-schema-graph">{"@context":"https://schema.org","@graph":[{"@type":"WebPage","@id":"https://www.linkeus.fr/en/produit/hotel-royal-riviera/","url":"https://www.linkeus.fr/en/produit/hotel-royal-riviera/","name":"Hôtel Royal Riviera - Linkeus Provence Côte d&#039;Azur Events","isPartOf":{"@id":"https://www.linkeus.fr/#website"},"datePublished":"2023-11-24T09:38:09+00:00","dateModified":"2023-11-24T09:38:09+00:00","breadcrumb":{"@id":"https://www.linkeus.fr/en/produit/hotel-royal-riviera/#breadcrumb"},"inLanguage":"en-US","potentialAction":[{"@type":"ReadAction","target":["https://www.linkeus.fr/en/produit/hotel-royal-riviera/"]}]},{"@type":"BreadcrumbList","@id":"https://www.linkeus.fr/en/produit/hotel-royal-riviera/#breadcrumb","itemListElement":[{"@type":"ListItem","position":1,"name":"Accueil","item":"https://www.linkeus.fr/en/"},{"@type":"ListItem","position":2,"name":"Produits","item":"https://www.linkeus.fr/shop/"},{"@type":"ListItem","position":3,"name":"Hôtel Royal Riviera"}]},{"@type":"WebSite","@id":"https://www.linkeus.fr/#website","url":"https://www.linkeus.fr/","name":"Linkeus Provence Côte d&#039;Azur Events","description":"Le bureau des congrès regional : l&#039;interlocuteur privilégié pour l&#039;organisation de vos évènements professionnels en Provence Alpes Côte d&#039;Azur","publisher":{"@id":"https://www.linkeus.fr/#organization"},"potentialAction":[{"@type":"SearchAction","target":{"@type":"EntryPoint","urlTemplate":"https://www.linkeus.fr/?s={search_term_string}"},"query-input":{"@type":"PropertyValueSpecification","valueRequired":true,"valueName":"search_term_string"}}],"inLanguage":"en-US"},{"@type":"Organization","@id":"https://www.linkeus.fr/#organization","name":"Linkeus Provence Côte d&#039;Azur Events","url":"https://www.linkeus.fr/","logo":{"@type":"ImageObject","inLanguage":"en-US","@id":"https://www.linkeus.fr/#/schema/logo/image/","url":"https://www.linkeus.fr/wp-content/uploads/2022/09/log-linkeus290.png","contentUrl":"https://www.linkeus.fr/wp-content/uploads/2022/09/log-linkeus290.png","width":290,"height":100,"caption":"Linkeus Provence Côte d&#039;Azur Events"},"image":{"@id":"https://www.linkeus.fr/#/schema/logo/image/"},"sameAs":["https://www.facebook.com/ProvenceCotedAzurEvents"]}]}</script>
<!-- / Yoast SEO plugin. -->

Hôtel Royal Riviera - Linkeus Provence Côte d&#039;Azur Events

Perched on the peninsula of Cap-Ferrat, between Nice and Monaco, the Royal-Riviera’s position displays the perfect balance between Mediterranean gardens, landscape and sea.  Combining the elegance of contemporary style and a neo-Hellenistic theme, inspired by its neighbour the Villa Kérylos. The Royal-Riviera provides all the intimacy of a private Mediterranean villa with the luxury and [&hellip;]

Linkeus Provence Côte d&#039;Azur Events

Le bureau des congrès regional : l&#039;interlocuteur privilégié pour l&#039;organisation de vos évènements professionnels en Provence Alpes Côte d&#039;Azur
