{"id":24606,"date":"2023-02-23T10:12:23","date_gmt":"2023-02-23T09:12:23","guid":{"rendered":"https:\/\/www.linkeus.fr\/produit\/novotel-avignon-centre\/"},"modified":"2023-02-23T10:19:29","modified_gmt":"2023-02-23T09:19:29","slug":"novotel-avignon-centre","status":"publish","type":"product","link":"https:\/\/www.linkeus.fr\/en\/produit\/novotel-avignon-centre\/","title":{"rendered":"Novotel Avignon Centre"},"content":{"rendered":"<p>LET\u2019S GET DOWN TO BUSINESS\u2026<\/p>\n<p>Hold your next company event in a modern, cutting edge hotel in the Papal City of Avignon<\/p>\n<p>Meeting@Novotel,programme offers a vast array of tailored solutions to guarantee that your event will be a success and as unique as your company ; m2 Th Classe U Pav\u00e9 C<\/p>\n<p>Boasting 130 rooms, 700 m2 of conference facilities, a lounge bar restaurant and a spa and fitness suite, Novotel Avignon Centre also features 14 meeting rooms kitted out with the latest and best technology. Our meeting spaces can be adapted to host any number of attendees, from 2 to 250. A single point of contact: a dedicated project manager will assist you in organising, preparing and running your event at Novotel. Complementary services : Free WiFi \u2022 High-speed internet \u2022 Web Corner \u2022 Private covered parking (charges apply) Only 2h38 from Paris by high-speed TGV train. The hotel is located 1km from the TGV station, and only 300m from Avignon Central Station.<\/p>\n","protected":false},"excerpt":{"rendered":"<p>LET\u2019S GET DOWN TO BUSINESS\u2026 Hold your next company event in a modern, cutting edge hotel in the Papal City of Avignon Meeting@Novotel,programme offers a vast array of tailored solutions to guarantee that your event will be a success and as unique as your company ; m2 Th Classe U Pav\u00e9 C Boasting 130 rooms, [&hellip;]<\/p>\n","protected":false},"featured_media":0,"comment_status":"closed","ping_status":"closed","template":"","meta":{"inline_featured_image":false},"product_cat":[30],"product_tag":[],"class_list":{"0":"post-24606","1":"product","2":"type-product","3":"status-publish","5":"product_cat-listeo-booking","7":"first","8":"instock","9":"virtual","10":"sold-individually","11":"purchasable","12":"product-type-listing_booking"},"yoast_head":"<!-- This site is optimized with the Yoast SEO plugin v24.0 - https:\/\/yoast.com\/wordpress\/plugins\/seo\/ -->\n<title>Novotel Avignon Centre - Linkeus Provence C\u00f4te d&#039;Azur Events<\/title>\n<meta name=\"robots\" content=\"index, follow, max-snippet:-1, max-image-preview:large, max-video-preview:-1\" \/>\n<link rel=\"canonical\" href=\"https:\/\/www.linkeus.fr\/en\/produit\/novotel-avignon-centre\/\" \/>\n<meta property=\"og:locale\" content=\"en_US\" \/>\n<meta property=\"og:type\" content=\"article\" \/>\n<meta property=\"og:title\" content=\"Novotel Avignon Centre - Linkeus Provence C\u00f4te d&#039;Azur Events\" \/>\n<meta property=\"og:description\" content=\"LET\u2019S GET DOWN TO BUSINESS\u2026 Hold your next company event in a modern, cutting edge hotel in the Papal City of Avignon Meeting@Novotel,programme offers a vast array of tailored solutions to guarantee that your event will be a success and as unique as your company ; m2 Th Classe U Pav\u00e9 C Boasting 130 rooms, [&hellip;]\" \/>\n<meta property=\"og:url\" content=\"https:\/\/www.linkeus.fr\/en\/produit\/novotel-avignon-centre\/\" \/>\n<meta property=\"og:site_name\" content=\"Linkeus Provence C\u00f4te d&#039;Azur Events\" \/>\n<meta property=\"article:publisher\" content=\"https:\/\/www.facebook.com\/ProvenceCotedAzurEvents\" \/>\n<meta property=\"article:modified_time\" content=\"2023-02-23T09:19:29+00:00\" \/>\n<meta property=\"og:image\" content=\"https:\/\/www.linkeus.fr\/wp-content\/uploads\/2021\/07\/pce-image-resaux-sociaux-scaled.jpg\" \/>\n\t<meta property=\"og:image:width\" content=\"2560\" \/>\n\t<meta property=\"og:image:height\" content=\"1204\" \/>\n\t<meta property=\"og:image:type\" content=\"image\/jpeg\" \/>\n<meta name=\"twitter:card\" content=\"summary_large_image\" \/>\n<meta name=\"twitter:label1\" content=\"Est. reading time\" \/>\n\t<meta name=\"twitter:data1\" content=\"1 minute\" \/>\n<script type=\"application\/ld+json\" class=\"yoast-schema-graph\">{\"@context\":\"https:\/\/schema.org\",\"@graph\":[{\"@type\":\"WebPage\",\"@id\":\"https:\/\/www.linkeus.fr\/en\/produit\/novotel-avignon-centre\/\",\"url\":\"https:\/\/www.linkeus.fr\/en\/produit\/novotel-avignon-centre\/\",\"name\":\"Novotel Avignon Centre - Linkeus Provence C\u00f4te d&#039;Azur Events\",\"isPartOf\":{\"@id\":\"https:\/\/www.linkeus.fr\/#website\"},\"datePublished\":\"2023-02-23T09:12:23+00:00\",\"dateModified\":\"2023-02-23T09:19:29+00:00\",\"breadcrumb\":{\"@id\":\"https:\/\/www.linkeus.fr\/en\/produit\/novotel-avignon-centre\/#breadcrumb\"},\"inLanguage\":\"en-US\",\"potentialAction\":[{\"@type\":\"ReadAction\",\"target\":[\"https:\/\/www.linkeus.fr\/en\/produit\/novotel-avignon-centre\/\"]}]},{\"@type\":\"BreadcrumbList\",\"@id\":\"https:\/\/www.linkeus.fr\/en\/produit\/novotel-avignon-centre\/#breadcrumb\",\"itemListElement\":[{\"@type\":\"ListItem\",\"position\":1,\"name\":\"Accueil\",\"item\":\"https:\/\/www.linkeus.fr\/en\/\"},{\"@type\":\"ListItem\",\"position\":2,\"name\":\"Produits\",\"item\":\"https:\/\/www.linkeus.fr\/shop\/\"},{\"@type\":\"ListItem\",\"position\":3,\"name\":\"Novotel Avignon Centre\"}]},{\"@type\":\"WebSite\",\"@id\":\"https:\/\/www.linkeus.fr\/#website\",\"url\":\"https:\/\/www.linkeus.fr\/\",\"name\":\"Linkeus Provence C\u00f4te d&#039;Azur Events\",\"description\":\"Le bureau des congr\u00e8s regional : l&#039;interlocuteur privil\u00e9gi\u00e9 pour l&#039;organisation de vos \u00e9v\u00e8nements professionnels en Provence Alpes C\u00f4te d&#039;Azur\",\"publisher\":{\"@id\":\"https:\/\/www.linkeus.fr\/#organization\"},\"potentialAction\":[{\"@type\":\"SearchAction\",\"target\":{\"@type\":\"EntryPoint\",\"urlTemplate\":\"https:\/\/www.linkeus.fr\/?s={search_term_string}\"},\"query-input\":{\"@type\":\"PropertyValueSpecification\",\"valueRequired\":true,\"valueName\":\"search_term_string\"}}],\"inLanguage\":\"en-US\"},{\"@type\":\"Organization\",\"@id\":\"https:\/\/www.linkeus.fr\/#organization\",\"name\":\"Linkeus Provence C\u00f4te d&#039;Azur Events\",\"url\":\"https:\/\/www.linkeus.fr\/\",\"logo\":{\"@type\":\"ImageObject\",\"inLanguage\":\"en-US\",\"@id\":\"https:\/\/www.linkeus.fr\/#\/schema\/logo\/image\/\",\"url\":\"https:\/\/www.linkeus.fr\/wp-content\/uploads\/2022\/09\/log-linkeus290.png\",\"contentUrl\":\"https:\/\/www.linkeus.fr\/wp-content\/uploads\/2022\/09\/log-linkeus290.png\",\"width\":290,\"height\":100,\"caption\":\"Linkeus Provence C\u00f4te d&#039;Azur Events\"},\"image\":{\"@id\":\"https:\/\/www.linkeus.fr\/#\/schema\/logo\/image\/\"},\"sameAs\":[\"https:\/\/www.facebook.com\/ProvenceCotedAzurEvents\"]}]}<\/script>\n<!-- \/ Yoast SEO plugin. -->","yoast_head_json":{"title":"Novotel Avignon Centre - Linkeus Provence C\u00f4te d&#039;Azur Events","robots":{"index":"index","follow":"follow","max-snippet":"max-snippet:-1","max-image-preview":"max-image-preview:large","max-video-preview":"max-video-preview:-1"},"canonical":"https:\/\/www.linkeus.fr\/en\/produit\/novotel-avignon-centre\/","og_locale":"en_US","og_type":"article","og_title":"Novotel Avignon Centre - Linkeus Provence C\u00f4te d&#039;Azur Events","og_description":"LET\u2019S GET DOWN TO BUSINESS\u2026 Hold your next company event in a modern, cutting edge hotel in the Papal City of Avignon Meeting@Novotel,programme offers a vast array of tailored solutions to guarantee that your event will be a success and as unique as your company ; m2 Th Classe U Pav\u00e9 C Boasting 130 rooms, [&hellip;]","og_url":"https:\/\/www.linkeus.fr\/en\/produit\/novotel-avignon-centre\/","og_site_name":"Linkeus Provence C\u00f4te d&#039;Azur Events","article_publisher":"https:\/\/www.facebook.com\/ProvenceCotedAzurEvents","article_modified_time":"2023-02-23T09:19:29+00:00","og_image":[{"width":2560,"height":1204,"url":"https:\/\/www.linkeus.fr\/wp-content\/uploads\/2021\/07\/pce-image-resaux-sociaux-scaled.jpg","type":"image\/jpeg"}],"twitter_card":"summary_large_image","twitter_misc":{"Est. reading time":"1 minute"},"schema":{"@context":"https:\/\/schema.org","@graph":[{"@type":"WebPage","@id":"https:\/\/www.linkeus.fr\/en\/produit\/novotel-avignon-centre\/","url":"https:\/\/www.linkeus.fr\/en\/produit\/novotel-avignon-centre\/","name":"Novotel Avignon Centre - Linkeus Provence C\u00f4te d&#039;Azur Events","isPartOf":{"@id":"https:\/\/www.linkeus.fr\/#website"},"datePublished":"2023-02-23T09:12:23+00:00","dateModified":"2023-02-23T09:19:29+00:00","breadcrumb":{"@id":"https:\/\/www.linkeus.fr\/en\/produit\/novotel-avignon-centre\/#breadcrumb"},"inLanguage":"en-US","potentialAction":[{"@type":"ReadAction","target":["https:\/\/www.linkeus.fr\/en\/produit\/novotel-avignon-centre\/"]}]},{"@type":"BreadcrumbList","@id":"https:\/\/www.linkeus.fr\/en\/produit\/novotel-avignon-centre\/#breadcrumb","itemListElement":[{"@type":"ListItem","position":1,"name":"Accueil","item":"https:\/\/www.linkeus.fr\/en\/"},{"@type":"ListItem","position":2,"name":"Produits","item":"https:\/\/www.linkeus.fr\/shop\/"},{"@type":"ListItem","position":3,"name":"Novotel Avignon Centre"}]},{"@type":"WebSite","@id":"https:\/\/www.linkeus.fr\/#website","url":"https:\/\/www.linkeus.fr\/","name":"Linkeus Provence C\u00f4te d&#039;Azur Events","description":"Le bureau des congr\u00e8s regional : l&#039;interlocuteur privil\u00e9gi\u00e9 pour l&#039;organisation de vos \u00e9v\u00e8nements professionnels en Provence Alpes C\u00f4te d&#039;Azur","publisher":{"@id":"https:\/\/www.linkeus.fr\/#organization"},"potentialAction":[{"@type":"SearchAction","target":{"@type":"EntryPoint","urlTemplate":"https:\/\/www.linkeus.fr\/?s={search_term_string}"},"query-input":{"@type":"PropertyValueSpecification","valueRequired":true,"valueName":"search_term_string"}}],"inLanguage":"en-US"},{"@type":"Organization","@id":"https:\/\/www.linkeus.fr\/#organization","name":"Linkeus Provence C\u00f4te d&#039;Azur Events","url":"https:\/\/www.linkeus.fr\/","logo":{"@type":"ImageObject","inLanguage":"en-US","@id":"https:\/\/www.linkeus.fr\/#\/schema\/logo\/image\/","url":"https:\/\/www.linkeus.fr\/wp-content\/uploads\/2022\/09\/log-linkeus290.png","contentUrl":"https:\/\/www.linkeus.fr\/wp-content\/uploads\/2022\/09\/log-linkeus290.png","width":290,"height":100,"caption":"Linkeus Provence C\u00f4te d&#039;Azur Events"},"image":{"@id":"https:\/\/www.linkeus.fr\/#\/schema\/logo\/image\/"},"sameAs":["https:\/\/www.facebook.com\/ProvenceCotedAzurEvents"]}]}},"_links":{"self":[{"href":"https:\/\/www.linkeus.fr\/en\/wp-json\/wp\/v2\/product\/24606","targetHints":{"allow":["GET"]}}],"collection":[{"href":"https:\/\/www.linkeus.fr\/en\/wp-json\/wp\/v2\/product"}],"about":[{"href":"https:\/\/www.linkeus.fr\/en\/wp-json\/wp\/v2\/types\/product"}],"replies":[{"embeddable":true,"href":"https:\/\/www.linkeus.fr\/en\/wp-json\/wp\/v2\/comments?post=24606"}],"wp:attachment":[{"href":"https:\/\/www.linkeus.fr\/en\/wp-json\/wp\/v2\/media?parent=24606"}],"wp:term":[{"taxonomy":"product_cat","embeddable":true,"href":"https:\/\/www.linkeus.fr\/en\/wp-json\/wp\/v2\/product_cat?post=24606"},{"taxonomy":"product_tag","embeddable":true,"href":"https:\/\/www.linkeus.fr\/en\/wp-json\/wp\/v2\/product_tag?post=24606"}],"curies":[{"name":"wp","href":"https:\/\/api.w.org\/{rel}","templated":true}]}}

<p>LET’S GET DOWN TO BUSINESS…</p>
<p>Hold your next company event in a modern, cutting edge hotel in the Papal City of Avignon</p>
<p>Meeting@Novotel,programme offers a vast array of tailored solutions to guarantee that your event will be a success and as unique as your company ; m2 Th Classe U Pavé C</p>
<p>Boasting 130 rooms, 700 m2 of conference facilities, a lounge bar restaurant and a spa and fitness suite, Novotel Avignon Centre also features 14 meeting rooms kitted out with the latest and best technology. Our meeting spaces can be adapted to host any number of attendees, from 2 to 250. A single point of contact: a dedicated project manager will assist you in organising, preparing and running your event at Novotel. Complementary services : Free WiFi • High-speed internet • Web Corner • Private covered parking (charges apply) Only 2h38 from Paris by high-speed TGV train. The hotel is located 1km from the TGV station, and only 300m from Avignon Central Station.</p>

<p>LET’S GET DOWN TO BUSINESS… Hold your next company event in a modern, cutting edge hotel in the Papal City of Avignon Meeting@Novotel,programme offers a vast array of tailored solutions to guarantee that your event will be a success and as unique as your company ; m2 Th Classe U Pavé C Boasting 130 rooms, [&hellip;]</p>

<!-- This site is optimized with the Yoast SEO plugin v24.0 - https://yoast.com/wordpress/plugins/seo/ -->
<title>Novotel Avignon Centre - Linkeus Provence Côte d&#039;Azur Events</title>
<meta name="robots" content="index, follow, max-snippet:-1, max-image-preview:large, max-video-preview:-1" />
<link rel="canonical" href="https://www.linkeus.fr/en/produit/novotel-avignon-centre/" />
<meta property="og:locale" content="en_US" />
<meta property="og:type" content="article" />
<meta property="og:title" content="Novotel Avignon Centre - Linkeus Provence Côte d&#039;Azur Events" />
<meta property="og:description" content="LET’S GET DOWN TO BUSINESS… Hold your next company event in a modern, cutting edge hotel in the Papal City of Avignon Meeting@Novotel,programme offers a vast array of tailored solutions to guarantee that your event will be a success and as unique as your company ; m2 Th Classe U Pavé C Boasting 130 rooms, [&hellip;]" />
<meta property="og:url" content="https://www.linkeus.fr/en/produit/novotel-avignon-centre/" />
<meta property="og:site_name" content="Linkeus Provence Côte d&#039;Azur Events" />
<meta property="article:publisher" content="https://www.facebook.com/ProvenceCotedAzurEvents" />
<meta property="article:modified_time" content="2023-02-23T09:19:29+00:00" />
<meta property="og:image" content="https://www.linkeus.fr/wp-content/uploads/2021/07/pce-image-resaux-sociaux-scaled.jpg" />
	<meta property="og:image:width" content="2560" />
	<meta property="og:image:height" content="1204" />
	<meta property="og:image:type" content="image/jpeg" />
<meta name="twitter:card" content="summary_large_image" />
<meta name="twitter:label1" content="Est. reading time" />
	<meta name="twitter:data1" content="1 minute" />
<script type="application/ld+json" class="yoast-schema-graph">{"@context":"https://schema.org","@graph":[{"@type":"WebPage","@id":"https://www.linkeus.fr/en/produit/novotel-avignon-centre/","url":"https://www.linkeus.fr/en/produit/novotel-avignon-centre/","name":"Novotel Avignon Centre - Linkeus Provence Côte d&#039;Azur Events","isPartOf":{"@id":"https://www.linkeus.fr/#website"},"datePublished":"2023-02-23T09:12:23+00:00","dateModified":"2023-02-23T09:19:29+00:00","breadcrumb":{"@id":"https://www.linkeus.fr/en/produit/novotel-avignon-centre/#breadcrumb"},"inLanguage":"en-US","potentialAction":[{"@type":"ReadAction","target":["https://www.linkeus.fr/en/produit/novotel-avignon-centre/"]}]},{"@type":"BreadcrumbList","@id":"https://www.linkeus.fr/en/produit/novotel-avignon-centre/#breadcrumb","itemListElement":[{"@type":"ListItem","position":1,"name":"Accueil","item":"https://www.linkeus.fr/en/"},{"@type":"ListItem","position":2,"name":"Produits","item":"https://www.linkeus.fr/shop/"},{"@type":"ListItem","position":3,"name":"Novotel Avignon Centre"}]},{"@type":"WebSite","@id":"https://www.linkeus.fr/#website","url":"https://www.linkeus.fr/","name":"Linkeus Provence Côte d&#039;Azur Events","description":"Le bureau des congrès regional : l&#039;interlocuteur privilégié pour l&#039;organisation de vos évènements professionnels en Provence Alpes Côte d&#039;Azur","publisher":{"@id":"https://www.linkeus.fr/#organization"},"potentialAction":[{"@type":"SearchAction","target":{"@type":"EntryPoint","urlTemplate":"https://www.linkeus.fr/?s={search_term_string}"},"query-input":{"@type":"PropertyValueSpecification","valueRequired":true,"valueName":"search_term_string"}}],"inLanguage":"en-US"},{"@type":"Organization","@id":"https://www.linkeus.fr/#organization","name":"Linkeus Provence Côte d&#039;Azur Events","url":"https://www.linkeus.fr/","logo":{"@type":"ImageObject","inLanguage":"en-US","@id":"https://www.linkeus.fr/#/schema/logo/image/","url":"https://www.linkeus.fr/wp-content/uploads/2022/09/log-linkeus290.png","contentUrl":"https://www.linkeus.fr/wp-content/uploads/2022/09/log-linkeus290.png","width":290,"height":100,"caption":"Linkeus Provence Côte d&#039;Azur Events"},"image":{"@id":"https://www.linkeus.fr/#/schema/logo/image/"},"sameAs":["https://www.facebook.com/ProvenceCotedAzurEvents"]}]}</script>
<!-- / Yoast SEO plugin. -->

Novotel Avignon Centre - Linkeus Provence Côte d&#039;Azur Events

LET’S GET DOWN TO BUSINESS… Hold your next company event in a modern, cutting edge hotel in the Papal City of Avignon Meeting@Novotel,programme offers a vast array of tailored solutions to guarantee that your event will be a success and as unique as your company ; m2 Th Classe U Pavé C Boasting 130 rooms, [&hellip;]

Linkeus Provence Côte d&#039;Azur Events

Le bureau des congrès regional : l&#039;interlocuteur privilégié pour l&#039;organisation de vos évènements professionnels en Provence Alpes Côte d&#039;Azur
