{"id":23707,"date":"2022-11-21T12:00:38","date_gmt":"2022-11-21T11:00:38","guid":{"rendered":"https:\/\/www.linkeus.fr\/produit\/arles-palais-des-congres-2\/"},"modified":"2022-11-21T12:00:38","modified_gmt":"2022-11-21T11:00:38","slug":"arles-palais-des-congres-2","status":"publish","type":"product","link":"https:\/\/www.linkeus.fr\/en\/produit\/arles-palais-des-congres-2\/","title":{"rendered":"Arles Palais des Congr\u00e8s"},"content":{"rendered":"<p><strong>A city of art and history, Arles is one of the rare destinations which can boast eight monuments inscribed on the UNESCO World Heritage list. Surrounded by two regional parks ( the Alpilles and the Camargue), Arles\u00a0 is blessed with a rich and exceptional natural environment.<\/strong><\/p>\n<h2><b>Your event taking place between Provence and the Camargue<\/b><\/h2>\n<p>A town on a human scale where the idea of something being \u201cclose at hand\u201d takes on its real meaning. Geographical proximity (moving about town\u00a0 in an urban or peri-urban environment is extremely simple), human proximity (the warm-hearted talkativeness of the inhabitants of the south no longer needs mention\u2026) and the proximity of an exceptional natural habitat (the Camargue, the Alpilles \u2026).<\/p>\n<h2><b>A luminous town nestling in the heart of Provence, Arles remains the ideal destination for your event<\/b><\/h2>\n<p>A city of art and history, Arles possesses a unique heritage (eight monuments are inscribed on the UNESCO World Heritage list), a lasting reminder of a rich past. However, Arles is not just living in the past thanks to the must-see Rencontres d\u2019Arles photography festival as well as the SUPINFOCOM school and the future construction of the Frank GEHRY tower. The ancient Arelate (as Arles was formerly known) is also the perfect prelude and starting point to discover the mysterious Carmargue and its unique landscapes (Les Saintes Maries de la Mer \u2026) as well as the Alpilles massif and its typical villages (Fontvieille, Les Baux de Provence, Saint R\u00e9my de Provence \u2026). Here you\u2019ll sense the sweet life which makes Provence one of the most prized destinations in the world.<\/p>\n<p>From the Spanish-feel F\u00e9ria to the Costumes Fair with its shimmering colours, festivals and traditions have chosen their kingdom, elegantly represented by her majesty the elected queen of Arles. Vincent van Gogh, Picasso or in other fields, Christian Lacroix or the Gypsy Kings, Arles has always lured artists and inspired their work to reach new heights.<\/p>\n<h2><b>Situation and How to Get Here<\/b><\/h2>\n<p>Ideally situated where Languedoc-Roussillon converges with Provence C\u00f4te d\u2019Azur, Arles attracts a clientele from the different regions of France as well as from abroad. It benefits from the best possible access by motorway, 1 hour from Montpellier, Aix and Marseille and 2 hours from Nice and Perpignan.<\/p>\n<p>&nbsp;<\/p>\n<p>A full <strong>400 people<\/strong>.<br \/>\n10 sub-committee rooms for <strong>20-400 people<\/strong>, one of which has video conference facilities.<br \/>\nA 1200 sq m multi-purpose exhibition space accommodating up to <strong>1000 people<\/strong>.<br \/>\nFirst-class technical and audiovisual provisions.<\/p>\n<p><strong>120 rooms<\/strong> opposite the Palais de Congr\u00e8s.<br \/>\nHotels in the town centre within walking distance (82 rooms in **** hotels, 417 rooms in *** hotels and 256 rooms in ** hotels).<br \/>\nHotels on the outskirts (50 rooms in **** hotels, 156 rooms in *** hotels and 203 rooms in ** hotels).<\/p>\n<p>Direct motorway access (on the A54 and the N113).<br \/>\nMarseille Airport takes <strong>45 minutes<\/strong>.<br \/>\nArles Station (2 TGVs per day direct Paris\/Arles taking 3h50\u2019).<br \/>\nAvignon and N\u00eemes TGV stations both take <strong>25 minutes.<\/strong><\/p>\n","protected":false},"excerpt":{"rendered":"<p>A city of art and history, Arles is one of the rare destinations which can boast eight monuments inscribed on the UNESCO World Heritage list. Surrounded by two regional parks ( the Alpilles and the Camargue), Arles\u00a0 is blessed with a rich and exceptional natural environment. Your event taking place between Provence and the Camargue [&hellip;]<\/p>\n","protected":false},"featured_media":0,"comment_status":"closed","ping_status":"closed","template":"","meta":{"inline_featured_image":false},"product_cat":[30],"product_tag":[],"class_list":{"0":"post-23707","1":"product","2":"type-product","3":"status-publish","5":"product_cat-listeo-booking","7":"first","8":"instock","9":"virtual","10":"sold-individually","11":"purchasable","12":"product-type-listing_booking"},"yoast_head":"<!-- This site is optimized with the Yoast SEO plugin v24.0 - https:\/\/yoast.com\/wordpress\/plugins\/seo\/ -->\n<title>Arles Palais des Congr\u00e8s - Linkeus Provence C\u00f4te d&#039;Azur Events<\/title>\n<meta name=\"robots\" content=\"index, follow, max-snippet:-1, max-image-preview:large, max-video-preview:-1\" \/>\n<link rel=\"canonical\" href=\"https:\/\/www.linkeus.fr\/en\/produit\/arles-palais-des-congres-2\/\" \/>\n<meta property=\"og:locale\" content=\"en_US\" \/>\n<meta property=\"og:type\" content=\"article\" \/>\n<meta property=\"og:title\" content=\"Arles Palais des Congr\u00e8s - Linkeus Provence C\u00f4te d&#039;Azur Events\" \/>\n<meta property=\"og:description\" content=\"A city of art and history, Arles is one of the rare destinations which can boast eight monuments inscribed on the UNESCO World Heritage list. Surrounded by two regional parks ( the Alpilles and the Camargue), Arles\u00a0 is blessed with a rich and exceptional natural environment. Your event taking place between Provence and the Camargue [&hellip;]\" \/>\n<meta property=\"og:url\" content=\"https:\/\/www.linkeus.fr\/en\/produit\/arles-palais-des-congres-2\/\" \/>\n<meta property=\"og:site_name\" content=\"Linkeus Provence C\u00f4te d&#039;Azur Events\" \/>\n<meta property=\"article:publisher\" content=\"https:\/\/www.facebook.com\/ProvenceCotedAzurEvents\" \/>\n<meta property=\"og:image\" content=\"https:\/\/www.linkeus.fr\/wp-content\/uploads\/2021\/07\/pce-image-resaux-sociaux-scaled.jpg\" \/>\n\t<meta property=\"og:image:width\" content=\"2560\" \/>\n\t<meta property=\"og:image:height\" content=\"1204\" \/>\n\t<meta property=\"og:image:type\" content=\"image\/jpeg\" \/>\n<meta name=\"twitter:card\" content=\"summary_large_image\" \/>\n<meta name=\"twitter:label1\" content=\"Est. reading time\" \/>\n\t<meta name=\"twitter:data1\" content=\"2 minutes\" \/>\n<script type=\"application\/ld+json\" class=\"yoast-schema-graph\">{\"@context\":\"https:\/\/schema.org\",\"@graph\":[{\"@type\":\"WebPage\",\"@id\":\"https:\/\/www.linkeus.fr\/en\/produit\/arles-palais-des-congres-2\/\",\"url\":\"https:\/\/www.linkeus.fr\/en\/produit\/arles-palais-des-congres-2\/\",\"name\":\"Arles Palais des Congr\u00e8s - Linkeus Provence C\u00f4te d&#039;Azur Events\",\"isPartOf\":{\"@id\":\"https:\/\/www.linkeus.fr\/#website\"},\"datePublished\":\"2022-11-21T11:00:38+00:00\",\"dateModified\":\"2022-11-21T11:00:38+00:00\",\"breadcrumb\":{\"@id\":\"https:\/\/www.linkeus.fr\/en\/produit\/arles-palais-des-congres-2\/#breadcrumb\"},\"inLanguage\":\"en-US\",\"potentialAction\":[{\"@type\":\"ReadAction\",\"target\":[\"https:\/\/www.linkeus.fr\/en\/produit\/arles-palais-des-congres-2\/\"]}]},{\"@type\":\"BreadcrumbList\",\"@id\":\"https:\/\/www.linkeus.fr\/en\/produit\/arles-palais-des-congres-2\/#breadcrumb\",\"itemListElement\":[{\"@type\":\"ListItem\",\"position\":1,\"name\":\"Accueil\",\"item\":\"https:\/\/www.linkeus.fr\/en\/\"},{\"@type\":\"ListItem\",\"position\":2,\"name\":\"Produits\",\"item\":\"https:\/\/www.linkeus.fr\/shop\/\"},{\"@type\":\"ListItem\",\"position\":3,\"name\":\"Arles Palais des Congr\u00e8s\"}]},{\"@type\":\"WebSite\",\"@id\":\"https:\/\/www.linkeus.fr\/#website\",\"url\":\"https:\/\/www.linkeus.fr\/\",\"name\":\"Linkeus Provence C\u00f4te d&#039;Azur Events\",\"description\":\"Le bureau des congr\u00e8s regional : l&#039;interlocuteur privil\u00e9gi\u00e9 pour l&#039;organisation de vos \u00e9v\u00e8nements professionnels en Provence Alpes C\u00f4te d&#039;Azur\",\"publisher\":{\"@id\":\"https:\/\/www.linkeus.fr\/#organization\"},\"potentialAction\":[{\"@type\":\"SearchAction\",\"target\":{\"@type\":\"EntryPoint\",\"urlTemplate\":\"https:\/\/www.linkeus.fr\/?s={search_term_string}\"},\"query-input\":{\"@type\":\"PropertyValueSpecification\",\"valueRequired\":true,\"valueName\":\"search_term_string\"}}],\"inLanguage\":\"en-US\"},{\"@type\":\"Organization\",\"@id\":\"https:\/\/www.linkeus.fr\/#organization\",\"name\":\"Linkeus Provence C\u00f4te d&#039;Azur Events\",\"url\":\"https:\/\/www.linkeus.fr\/\",\"logo\":{\"@type\":\"ImageObject\",\"inLanguage\":\"en-US\",\"@id\":\"https:\/\/www.linkeus.fr\/#\/schema\/logo\/image\/\",\"url\":\"https:\/\/www.linkeus.fr\/wp-content\/uploads\/2022\/09\/log-linkeus290.png\",\"contentUrl\":\"https:\/\/www.linkeus.fr\/wp-content\/uploads\/2022\/09\/log-linkeus290.png\",\"width\":290,\"height\":100,\"caption\":\"Linkeus Provence C\u00f4te d&#039;Azur Events\"},\"image\":{\"@id\":\"https:\/\/www.linkeus.fr\/#\/schema\/logo\/image\/\"},\"sameAs\":[\"https:\/\/www.facebook.com\/ProvenceCotedAzurEvents\"]}]}<\/script>\n<!-- \/ Yoast SEO plugin. -->","yoast_head_json":{"title":"Arles Palais des Congr\u00e8s - Linkeus Provence C\u00f4te d&#039;Azur Events","robots":{"index":"index","follow":"follow","max-snippet":"max-snippet:-1","max-image-preview":"max-image-preview:large","max-video-preview":"max-video-preview:-1"},"canonical":"https:\/\/www.linkeus.fr\/en\/produit\/arles-palais-des-congres-2\/","og_locale":"en_US","og_type":"article","og_title":"Arles Palais des Congr\u00e8s - Linkeus Provence C\u00f4te d&#039;Azur Events","og_description":"A city of art and history, Arles is one of the rare destinations which can boast eight monuments inscribed on the UNESCO World Heritage list. Surrounded by two regional parks ( the Alpilles and the Camargue), Arles\u00a0 is blessed with a rich and exceptional natural environment. Your event taking place between Provence and the Camargue [&hellip;]","og_url":"https:\/\/www.linkeus.fr\/en\/produit\/arles-palais-des-congres-2\/","og_site_name":"Linkeus Provence C\u00f4te d&#039;Azur Events","article_publisher":"https:\/\/www.facebook.com\/ProvenceCotedAzurEvents","og_image":[{"width":2560,"height":1204,"url":"https:\/\/www.linkeus.fr\/wp-content\/uploads\/2021\/07\/pce-image-resaux-sociaux-scaled.jpg","type":"image\/jpeg"}],"twitter_card":"summary_large_image","twitter_misc":{"Est. reading time":"2 minutes"},"schema":{"@context":"https:\/\/schema.org","@graph":[{"@type":"WebPage","@id":"https:\/\/www.linkeus.fr\/en\/produit\/arles-palais-des-congres-2\/","url":"https:\/\/www.linkeus.fr\/en\/produit\/arles-palais-des-congres-2\/","name":"Arles Palais des Congr\u00e8s - Linkeus Provence C\u00f4te d&#039;Azur Events","isPartOf":{"@id":"https:\/\/www.linkeus.fr\/#website"},"datePublished":"2022-11-21T11:00:38+00:00","dateModified":"2022-11-21T11:00:38+00:00","breadcrumb":{"@id":"https:\/\/www.linkeus.fr\/en\/produit\/arles-palais-des-congres-2\/#breadcrumb"},"inLanguage":"en-US","potentialAction":[{"@type":"ReadAction","target":["https:\/\/www.linkeus.fr\/en\/produit\/arles-palais-des-congres-2\/"]}]},{"@type":"BreadcrumbList","@id":"https:\/\/www.linkeus.fr\/en\/produit\/arles-palais-des-congres-2\/#breadcrumb","itemListElement":[{"@type":"ListItem","position":1,"name":"Accueil","item":"https:\/\/www.linkeus.fr\/en\/"},{"@type":"ListItem","position":2,"name":"Produits","item":"https:\/\/www.linkeus.fr\/shop\/"},{"@type":"ListItem","position":3,"name":"Arles Palais des Congr\u00e8s"}]},{"@type":"WebSite","@id":"https:\/\/www.linkeus.fr\/#website","url":"https:\/\/www.linkeus.fr\/","name":"Linkeus Provence C\u00f4te d&#039;Azur Events","description":"Le bureau des congr\u00e8s regional : l&#039;interlocuteur privil\u00e9gi\u00e9 pour l&#039;organisation de vos \u00e9v\u00e8nements professionnels en Provence Alpes C\u00f4te d&#039;Azur","publisher":{"@id":"https:\/\/www.linkeus.fr\/#organization"},"potentialAction":[{"@type":"SearchAction","target":{"@type":"EntryPoint","urlTemplate":"https:\/\/www.linkeus.fr\/?s={search_term_string}"},"query-input":{"@type":"PropertyValueSpecification","valueRequired":true,"valueName":"search_term_string"}}],"inLanguage":"en-US"},{"@type":"Organization","@id":"https:\/\/www.linkeus.fr\/#organization","name":"Linkeus Provence C\u00f4te d&#039;Azur Events","url":"https:\/\/www.linkeus.fr\/","logo":{"@type":"ImageObject","inLanguage":"en-US","@id":"https:\/\/www.linkeus.fr\/#\/schema\/logo\/image\/","url":"https:\/\/www.linkeus.fr\/wp-content\/uploads\/2022\/09\/log-linkeus290.png","contentUrl":"https:\/\/www.linkeus.fr\/wp-content\/uploads\/2022\/09\/log-linkeus290.png","width":290,"height":100,"caption":"Linkeus Provence C\u00f4te d&#039;Azur Events"},"image":{"@id":"https:\/\/www.linkeus.fr\/#\/schema\/logo\/image\/"},"sameAs":["https:\/\/www.facebook.com\/ProvenceCotedAzurEvents"]}]}},"_links":{"self":[{"href":"https:\/\/www.linkeus.fr\/en\/wp-json\/wp\/v2\/product\/23707","targetHints":{"allow":["GET"]}}],"collection":[{"href":"https:\/\/www.linkeus.fr\/en\/wp-json\/wp\/v2\/product"}],"about":[{"href":"https:\/\/www.linkeus.fr\/en\/wp-json\/wp\/v2\/types\/product"}],"replies":[{"embeddable":true,"href":"https:\/\/www.linkeus.fr\/en\/wp-json\/wp\/v2\/comments?post=23707"}],"wp:attachment":[{"href":"https:\/\/www.linkeus.fr\/en\/wp-json\/wp\/v2\/media?parent=23707"}],"wp:term":[{"taxonomy":"product_cat","embeddable":true,"href":"https:\/\/www.linkeus.fr\/en\/wp-json\/wp\/v2\/product_cat?post=23707"},{"taxonomy":"product_tag","embeddable":true,"href":"https:\/\/www.linkeus.fr\/en\/wp-json\/wp\/v2\/product_tag?post=23707"}],"curies":[{"name":"wp","href":"https:\/\/api.w.org\/{rel}","templated":true}]}}

Arles Palais des Congrès

<p><strong>A city of art and history, Arles is one of the rare destinations which can boast eight monuments inscribed on the UNESCO World Heritage list. Surrounded by two regional parks ( the Alpilles and the Camargue), Arles  is blessed with a rich and exceptional natural environment.</strong></p>
<h2><b>Your event taking place between Provence and the Camargue</b></h2>
<p>A town on a human scale where the idea of something being “close at hand” takes on its real meaning. Geographical proximity (moving about town  in an urban or peri-urban environment is extremely simple), human proximity (the warm-hearted talkativeness of the inhabitants of the south no longer needs mention…) and the proximity of an exceptional natural habitat (the Camargue, the Alpilles …).</p>
<h2><b>A luminous town nestling in the heart of Provence, Arles remains the ideal destination for your event</b></h2>
<p>A city of art and history, Arles possesses a unique heritage (eight monuments are inscribed on the UNESCO World Heritage list), a lasting reminder of a rich past. However, Arles is not just living in the past thanks to the must-see Rencontres d’Arles photography festival as well as the SUPINFOCOM school and the future construction of the Frank GEHRY tower. The ancient Arelate (as Arles was formerly known) is also the perfect prelude and starting point to discover the mysterious Carmargue and its unique landscapes (Les Saintes Maries de la Mer …) as well as the Alpilles massif and its typical villages (Fontvieille, Les Baux de Provence, Saint Rémy de Provence …). Here you’ll sense the sweet life which makes Provence one of the most prized destinations in the world.</p>
<p>From the Spanish-feel Féria to the Costumes Fair with its shimmering colours, festivals and traditions have chosen their kingdom, elegantly represented by her majesty the elected queen of Arles. Vincent van Gogh, Picasso or in other fields, Christian Lacroix or the Gypsy Kings, Arles has always lured artists and inspired their work to reach new heights.</p>
<h2><b>Situation and How to Get Here</b></h2>
<p>Ideally situated where Languedoc-Roussillon converges with Provence Côte d’Azur, Arles attracts a clientele from the different regions of France as well as from abroad. It benefits from the best possible access by motorway, 1 hour from Montpellier, Aix and Marseille and 2 hours from Nice and Perpignan.</p>
<p>&nbsp;</p>
<p>A full <strong>400 people</strong>.<br />
10 sub-committee rooms for <strong>20-400 people</strong>, one of which has video conference facilities.<br />
A 1200 sq m multi-purpose exhibition space accommodating up to <strong>1000 people</strong>.<br />
First-class technical and audiovisual provisions.</p>
<p><strong>120 rooms</strong> opposite the Palais de Congrès.<br />
Hotels in the town centre within walking distance (82 rooms in **** hotels, 417 rooms in *** hotels and 256 rooms in ** hotels).<br />
Hotels on the outskirts (50 rooms in **** hotels, 156 rooms in *** hotels and 203 rooms in ** hotels).</p>
<p>Direct motorway access (on the A54 and the N113).<br />
Marseille Airport takes <strong>45 minutes</strong>.<br />
Arles Station (2 TGVs per day direct Paris/Arles taking 3h50’).<br />
Avignon and Nîmes TGV stations both take <strong>25 minutes.</strong></p>

<!-- This site is optimized with the Yoast SEO plugin v24.0 - https://yoast.com/wordpress/plugins/seo/ -->
<title>Arles Palais des Congrès - Linkeus Provence Côte d&#039;Azur Events</title>
<meta name="robots" content="index, follow, max-snippet:-1, max-image-preview:large, max-video-preview:-1" />
<link rel="canonical" href="https://www.linkeus.fr/en/produit/arles-palais-des-congres-2/" />
<meta property="og:locale" content="en_US" />
<meta property="og:type" content="article" />
<meta property="og:title" content="Arles Palais des Congrès - Linkeus Provence Côte d&#039;Azur Events" />
<meta property="og:description" content="A city of art and history, Arles is one of the rare destinations which can boast eight monuments inscribed on the UNESCO World Heritage list. Surrounded by two regional parks ( the Alpilles and the Camargue), Arles  is blessed with a rich and exceptional natural environment. Your event taking place between Provence and the Camargue [&hellip;]" />
<meta property="og:url" content="https://www.linkeus.fr/en/produit/arles-palais-des-congres-2/" />
<meta property="og:site_name" content="Linkeus Provence Côte d&#039;Azur Events" />
<meta property="article:publisher" content="https://www.facebook.com/ProvenceCotedAzurEvents" />
<meta property="og:image" content="https://www.linkeus.fr/wp-content/uploads/2021/07/pce-image-resaux-sociaux-scaled.jpg" />
	<meta property="og:image:width" content="2560" />
	<meta property="og:image:height" content="1204" />
	<meta property="og:image:type" content="image/jpeg" />
<meta name="twitter:card" content="summary_large_image" />
<meta name="twitter:label1" content="Est. reading time" />
	<meta name="twitter:data1" content="2 minutes" />
<script type="application/ld+json" class="yoast-schema-graph">{"@context":"https://schema.org","@graph":[{"@type":"WebPage","@id":"https://www.linkeus.fr/en/produit/arles-palais-des-congres-2/","url":"https://www.linkeus.fr/en/produit/arles-palais-des-congres-2/","name":"Arles Palais des Congrès - Linkeus Provence Côte d&#039;Azur Events","isPartOf":{"@id":"https://www.linkeus.fr/#website"},"datePublished":"2022-11-21T11:00:38+00:00","dateModified":"2022-11-21T11:00:38+00:00","breadcrumb":{"@id":"https://www.linkeus.fr/en/produit/arles-palais-des-congres-2/#breadcrumb"},"inLanguage":"en-US","potentialAction":[{"@type":"ReadAction","target":["https://www.linkeus.fr/en/produit/arles-palais-des-congres-2/"]}]},{"@type":"BreadcrumbList","@id":"https://www.linkeus.fr/en/produit/arles-palais-des-congres-2/#breadcrumb","itemListElement":[{"@type":"ListItem","position":1,"name":"Accueil","item":"https://www.linkeus.fr/en/"},{"@type":"ListItem","position":2,"name":"Produits","item":"https://www.linkeus.fr/shop/"},{"@type":"ListItem","position":3,"name":"Arles Palais des Congrès"}]},{"@type":"WebSite","@id":"https://www.linkeus.fr/#website","url":"https://www.linkeus.fr/","name":"Linkeus Provence Côte d&#039;Azur Events","description":"Le bureau des congrès regional : l&#039;interlocuteur privilégié pour l&#039;organisation de vos évènements professionnels en Provence Alpes Côte d&#039;Azur","publisher":{"@id":"https://www.linkeus.fr/#organization"},"potentialAction":[{"@type":"SearchAction","target":{"@type":"EntryPoint","urlTemplate":"https://www.linkeus.fr/?s={search_term_string}"},"query-input":{"@type":"PropertyValueSpecification","valueRequired":true,"valueName":"search_term_string"}}],"inLanguage":"en-US"},{"@type":"Organization","@id":"https://www.linkeus.fr/#organization","name":"Linkeus Provence Côte d&#039;Azur Events","url":"https://www.linkeus.fr/","logo":{"@type":"ImageObject","inLanguage":"en-US","@id":"https://www.linkeus.fr/#/schema/logo/image/","url":"https://www.linkeus.fr/wp-content/uploads/2022/09/log-linkeus290.png","contentUrl":"https://www.linkeus.fr/wp-content/uploads/2022/09/log-linkeus290.png","width":290,"height":100,"caption":"Linkeus Provence Côte d&#039;Azur Events"},"image":{"@id":"https://www.linkeus.fr/#/schema/logo/image/"},"sameAs":["https://www.facebook.com/ProvenceCotedAzurEvents"]}]}</script>
<!-- / Yoast SEO plugin. -->

Arles Palais des Congrès - Linkeus Provence Côte d&#039;Azur Events

Linkeus Provence Côte d&#039;Azur Events

Le bureau des congrès regional : l&#039;interlocuteur privilégié pour l&#039;organisation de vos évènements professionnels en Provence Alpes Côte d&#039;Azur
