{"id":22081,"date":"2022-03-11T12:31:49","date_gmt":"2022-03-11T11:31:49","guid":{"rendered":"https:\/\/www.linkeus.fr\/produit\/crowne-plaza-nice\/"},"modified":"2022-11-22T14:25:37","modified_gmt":"2022-11-22T13:25:37","slug":"crowne-plaza-nice","status":"publish","type":"product","link":"https:\/\/www.linkeus.fr\/en\/produit\/crowne-plaza-nice\/","title":{"rendered":"CROWNE PLAZA NICE"},"content":{"rendered":"<p>NEW OPENING\u00a0! Crowne Plaza Nice &#8211; Grand Arenas, an IHG brand new 4-star hotel with 129 rooms, opens in the heart of the expanding Nice &#8211; Grand Arenas eco-district\u00a0; a complex with 260 rooms divided into 3* and 4* with the Holiday Inn Express 3* recently opened in February 2021. The ultra modern eco-responsible demonstrator unit meets the latest energy saving standards.<\/p>\n<p>&nbsp;<\/p>\n<p>Its strategic location allows access to Terminal 1 of Nice C\u00f4te d&#8217;Azur Airport in less than 5 minutes thanks to the tram located in front of the hotel and to Nice city center in 10 minutes. The new multimodal hub, currently under construction facing the complex, including the future Nice Airport TGV station, will definitely complete the site&#8217;s connectivity.<\/p>\n<p>&nbsp;<\/p>\n<p>Aimed at welcoming a demanding clientele on business or leisure trips, the Crowne Plaza Nice &#8211; Grand Arenas meets the needs for space and comfort, in a carefully decorated setting, made with high-end materials.<\/p>\n<p>&nbsp;<\/p>\n<p>The magnificent rooms and suites in pearly and blue tones offer exceptional sleeping comfort.<\/p>\n<p>&nbsp;<\/p>\n<p>The hotel offers a total of 450m\u00b2 of event space with daylight, thanks to its large windows and central glass canopy. It has 8 flexible rooms to accommodate any type of event up to 180 people.<\/p>\n<p>&nbsp;<\/p>\n<p>Finally, the launch of BALM | Restaurant &amp; Bar takes place, offering responsible, simple and tasty bistro-chic gastronomy, using fresh and local products. BALM&#8217;s ambition is to become the new favorite place in the area, a real nest, where you can share a moment of hospitality, conviviality and bistronomy!<\/p>\n<p>A unique and highly expected concept in the heart of the Nice Grand Arenas business district\u00a0!<\/p>\n","protected":false},"excerpt":{"rendered":"<p>NEW OPENING\u00a0! Crowne Plaza Nice &#8211; Grand Arenas, an IHG brand new 4-star hotel with 129 rooms, opens in the heart of the expanding Nice &#8211; Grand Arenas eco-district\u00a0; a complex with 260 rooms divided into 3* and 4* with the Holiday Inn Express 3* recently opened in February 2021. The ultra modern eco-responsible demonstrator [&hellip;]<\/p>\n","protected":false},"featured_media":0,"comment_status":"closed","ping_status":"closed","template":"","meta":{"inline_featured_image":false},"product_cat":[30],"product_tag":[],"class_list":{"0":"post-22081","1":"product","2":"type-product","3":"status-publish","5":"product_cat-listeo-booking","7":"first","8":"instock","9":"virtual","10":"sold-individually","11":"purchasable","12":"product-type-listing_booking"},"yoast_head":"<!-- This site is optimized with the Yoast SEO plugin v24.0 - https:\/\/yoast.com\/wordpress\/plugins\/seo\/ -->\n<title>CROWNE PLAZA NICE - Linkeus Provence C\u00f4te d&#039;Azur Events<\/title>\n<meta name=\"robots\" content=\"index, follow, max-snippet:-1, max-image-preview:large, max-video-preview:-1\" \/>\n<link rel=\"canonical\" href=\"https:\/\/www.linkeus.fr\/en\/produit\/crowne-plaza-nice\/\" \/>\n<meta property=\"og:locale\" content=\"en_US\" \/>\n<meta property=\"og:type\" content=\"article\" \/>\n<meta property=\"og:title\" content=\"CROWNE PLAZA NICE - Linkeus Provence C\u00f4te d&#039;Azur Events\" \/>\n<meta property=\"og:description\" content=\"NEW OPENING\u00a0! Crowne Plaza Nice &#8211; Grand Arenas, an IHG brand new 4-star hotel with 129 rooms, opens in the heart of the expanding Nice &#8211; Grand Arenas eco-district\u00a0; a complex with 260 rooms divided into 3* and 4* with the Holiday Inn Express 3* recently opened in February 2021. The ultra modern eco-responsible demonstrator [&hellip;]\" \/>\n<meta property=\"og:url\" content=\"https:\/\/www.linkeus.fr\/en\/produit\/crowne-plaza-nice\/\" \/>\n<meta property=\"og:site_name\" content=\"Linkeus Provence C\u00f4te d&#039;Azur Events\" \/>\n<meta property=\"article:publisher\" content=\"https:\/\/www.facebook.com\/ProvenceCotedAzurEvents\" \/>\n<meta property=\"article:modified_time\" content=\"2022-11-22T13:25:37+00:00\" \/>\n<meta property=\"og:image\" content=\"https:\/\/www.linkeus.fr\/wp-content\/uploads\/2021\/07\/pce-image-resaux-sociaux-scaled.jpg\" \/>\n\t<meta property=\"og:image:width\" content=\"2560\" \/>\n\t<meta property=\"og:image:height\" content=\"1204\" \/>\n\t<meta property=\"og:image:type\" content=\"image\/jpeg\" \/>\n<meta name=\"twitter:card\" content=\"summary_large_image\" \/>\n<meta name=\"twitter:label1\" content=\"Est. reading time\" \/>\n\t<meta name=\"twitter:data1\" content=\"1 minute\" \/>\n<script type=\"application\/ld+json\" class=\"yoast-schema-graph\">{\"@context\":\"https:\/\/schema.org\",\"@graph\":[{\"@type\":\"WebPage\",\"@id\":\"https:\/\/www.linkeus.fr\/en\/produit\/crowne-plaza-nice\/\",\"url\":\"https:\/\/www.linkeus.fr\/en\/produit\/crowne-plaza-nice\/\",\"name\":\"CROWNE PLAZA NICE - Linkeus Provence C\u00f4te d&#039;Azur Events\",\"isPartOf\":{\"@id\":\"https:\/\/www.linkeus.fr\/#website\"},\"datePublished\":\"2022-03-11T11:31:49+00:00\",\"dateModified\":\"2022-11-22T13:25:37+00:00\",\"breadcrumb\":{\"@id\":\"https:\/\/www.linkeus.fr\/en\/produit\/crowne-plaza-nice\/#breadcrumb\"},\"inLanguage\":\"en-US\",\"potentialAction\":[{\"@type\":\"ReadAction\",\"target\":[\"https:\/\/www.linkeus.fr\/en\/produit\/crowne-plaza-nice\/\"]}]},{\"@type\":\"BreadcrumbList\",\"@id\":\"https:\/\/www.linkeus.fr\/en\/produit\/crowne-plaza-nice\/#breadcrumb\",\"itemListElement\":[{\"@type\":\"ListItem\",\"position\":1,\"name\":\"Accueil\",\"item\":\"https:\/\/www.linkeus.fr\/en\/\"},{\"@type\":\"ListItem\",\"position\":2,\"name\":\"Produits\",\"item\":\"https:\/\/www.linkeus.fr\/shop\/\"},{\"@type\":\"ListItem\",\"position\":3,\"name\":\"CROWNE PLAZA NICE\"}]},{\"@type\":\"WebSite\",\"@id\":\"https:\/\/www.linkeus.fr\/#website\",\"url\":\"https:\/\/www.linkeus.fr\/\",\"name\":\"Linkeus Provence C\u00f4te d&#039;Azur Events\",\"description\":\"Le bureau des congr\u00e8s regional : l&#039;interlocuteur privil\u00e9gi\u00e9 pour l&#039;organisation de vos \u00e9v\u00e8nements professionnels en Provence Alpes C\u00f4te d&#039;Azur\",\"publisher\":{\"@id\":\"https:\/\/www.linkeus.fr\/#organization\"},\"potentialAction\":[{\"@type\":\"SearchAction\",\"target\":{\"@type\":\"EntryPoint\",\"urlTemplate\":\"https:\/\/www.linkeus.fr\/?s={search_term_string}\"},\"query-input\":{\"@type\":\"PropertyValueSpecification\",\"valueRequired\":true,\"valueName\":\"search_term_string\"}}],\"inLanguage\":\"en-US\"},{\"@type\":\"Organization\",\"@id\":\"https:\/\/www.linkeus.fr\/#organization\",\"name\":\"Linkeus Provence C\u00f4te d&#039;Azur Events\",\"url\":\"https:\/\/www.linkeus.fr\/\",\"logo\":{\"@type\":\"ImageObject\",\"inLanguage\":\"en-US\",\"@id\":\"https:\/\/www.linkeus.fr\/#\/schema\/logo\/image\/\",\"url\":\"https:\/\/www.linkeus.fr\/wp-content\/uploads\/2022\/09\/log-linkeus290.png\",\"contentUrl\":\"https:\/\/www.linkeus.fr\/wp-content\/uploads\/2022\/09\/log-linkeus290.png\",\"width\":290,\"height\":100,\"caption\":\"Linkeus Provence C\u00f4te d&#039;Azur Events\"},\"image\":{\"@id\":\"https:\/\/www.linkeus.fr\/#\/schema\/logo\/image\/\"},\"sameAs\":[\"https:\/\/www.facebook.com\/ProvenceCotedAzurEvents\"]}]}<\/script>\n<!-- \/ Yoast SEO plugin. -->","yoast_head_json":{"title":"CROWNE PLAZA NICE - Linkeus Provence C\u00f4te d&#039;Azur Events","robots":{"index":"index","follow":"follow","max-snippet":"max-snippet:-1","max-image-preview":"max-image-preview:large","max-video-preview":"max-video-preview:-1"},"canonical":"https:\/\/www.linkeus.fr\/en\/produit\/crowne-plaza-nice\/","og_locale":"en_US","og_type":"article","og_title":"CROWNE PLAZA NICE - Linkeus Provence C\u00f4te d&#039;Azur Events","og_description":"NEW OPENING\u00a0! Crowne Plaza Nice &#8211; Grand Arenas, an IHG brand new 4-star hotel with 129 rooms, opens in the heart of the expanding Nice &#8211; Grand Arenas eco-district\u00a0; a complex with 260 rooms divided into 3* and 4* with the Holiday Inn Express 3* recently opened in February 2021. The ultra modern eco-responsible demonstrator [&hellip;]","og_url":"https:\/\/www.linkeus.fr\/en\/produit\/crowne-plaza-nice\/","og_site_name":"Linkeus Provence C\u00f4te d&#039;Azur Events","article_publisher":"https:\/\/www.facebook.com\/ProvenceCotedAzurEvents","article_modified_time":"2022-11-22T13:25:37+00:00","og_image":[{"width":2560,"height":1204,"url":"https:\/\/www.linkeus.fr\/wp-content\/uploads\/2021\/07\/pce-image-resaux-sociaux-scaled.jpg","type":"image\/jpeg"}],"twitter_card":"summary_large_image","twitter_misc":{"Est. reading time":"1 minute"},"schema":{"@context":"https:\/\/schema.org","@graph":[{"@type":"WebPage","@id":"https:\/\/www.linkeus.fr\/en\/produit\/crowne-plaza-nice\/","url":"https:\/\/www.linkeus.fr\/en\/produit\/crowne-plaza-nice\/","name":"CROWNE PLAZA NICE - Linkeus Provence C\u00f4te d&#039;Azur Events","isPartOf":{"@id":"https:\/\/www.linkeus.fr\/#website"},"datePublished":"2022-03-11T11:31:49+00:00","dateModified":"2022-11-22T13:25:37+00:00","breadcrumb":{"@id":"https:\/\/www.linkeus.fr\/en\/produit\/crowne-plaza-nice\/#breadcrumb"},"inLanguage":"en-US","potentialAction":[{"@type":"ReadAction","target":["https:\/\/www.linkeus.fr\/en\/produit\/crowne-plaza-nice\/"]}]},{"@type":"BreadcrumbList","@id":"https:\/\/www.linkeus.fr\/en\/produit\/crowne-plaza-nice\/#breadcrumb","itemListElement":[{"@type":"ListItem","position":1,"name":"Accueil","item":"https:\/\/www.linkeus.fr\/en\/"},{"@type":"ListItem","position":2,"name":"Produits","item":"https:\/\/www.linkeus.fr\/shop\/"},{"@type":"ListItem","position":3,"name":"CROWNE PLAZA NICE"}]},{"@type":"WebSite","@id":"https:\/\/www.linkeus.fr\/#website","url":"https:\/\/www.linkeus.fr\/","name":"Linkeus Provence C\u00f4te d&#039;Azur Events","description":"Le bureau des congr\u00e8s regional : l&#039;interlocuteur privil\u00e9gi\u00e9 pour l&#039;organisation de vos \u00e9v\u00e8nements professionnels en Provence Alpes C\u00f4te d&#039;Azur","publisher":{"@id":"https:\/\/www.linkeus.fr\/#organization"},"potentialAction":[{"@type":"SearchAction","target":{"@type":"EntryPoint","urlTemplate":"https:\/\/www.linkeus.fr\/?s={search_term_string}"},"query-input":{"@type":"PropertyValueSpecification","valueRequired":true,"valueName":"search_term_string"}}],"inLanguage":"en-US"},{"@type":"Organization","@id":"https:\/\/www.linkeus.fr\/#organization","name":"Linkeus Provence C\u00f4te d&#039;Azur Events","url":"https:\/\/www.linkeus.fr\/","logo":{"@type":"ImageObject","inLanguage":"en-US","@id":"https:\/\/www.linkeus.fr\/#\/schema\/logo\/image\/","url":"https:\/\/www.linkeus.fr\/wp-content\/uploads\/2022\/09\/log-linkeus290.png","contentUrl":"https:\/\/www.linkeus.fr\/wp-content\/uploads\/2022\/09\/log-linkeus290.png","width":290,"height":100,"caption":"Linkeus Provence C\u00f4te d&#039;Azur Events"},"image":{"@id":"https:\/\/www.linkeus.fr\/#\/schema\/logo\/image\/"},"sameAs":["https:\/\/www.facebook.com\/ProvenceCotedAzurEvents"]}]}},"_links":{"self":[{"href":"https:\/\/www.linkeus.fr\/en\/wp-json\/wp\/v2\/product\/22081","targetHints":{"allow":["GET"]}}],"collection":[{"href":"https:\/\/www.linkeus.fr\/en\/wp-json\/wp\/v2\/product"}],"about":[{"href":"https:\/\/www.linkeus.fr\/en\/wp-json\/wp\/v2\/types\/product"}],"replies":[{"embeddable":true,"href":"https:\/\/www.linkeus.fr\/en\/wp-json\/wp\/v2\/comments?post=22081"}],"wp:attachment":[{"href":"https:\/\/www.linkeus.fr\/en\/wp-json\/wp\/v2\/media?parent=22081"}],"wp:term":[{"taxonomy":"product_cat","embeddable":true,"href":"https:\/\/www.linkeus.fr\/en\/wp-json\/wp\/v2\/product_cat?post=22081"},{"taxonomy":"product_tag","embeddable":true,"href":"https:\/\/www.linkeus.fr\/en\/wp-json\/wp\/v2\/product_tag?post=22081"}],"curies":[{"name":"wp","href":"https:\/\/api.w.org\/{rel}","templated":true}]}}

<p>NEW OPENING ! Crowne Plaza Nice &#8211; Grand Arenas, an IHG brand new 4-star hotel with 129 rooms, opens in the heart of the expanding Nice &#8211; Grand Arenas eco-district ; a complex with 260 rooms divided into 3* and 4* with the Holiday Inn Express 3* recently opened in February 2021. The ultra modern eco-responsible demonstrator unit meets the latest energy saving standards.</p>
<p>&nbsp;</p>
<p>Its strategic location allows access to Terminal 1 of Nice Côte d&#8217;Azur Airport in less than 5 minutes thanks to the tram located in front of the hotel and to Nice city center in 10 minutes. The new multimodal hub, currently under construction facing the complex, including the future Nice Airport TGV station, will definitely complete the site&#8217;s connectivity.</p>
<p>&nbsp;</p>
<p>Aimed at welcoming a demanding clientele on business or leisure trips, the Crowne Plaza Nice &#8211; Grand Arenas meets the needs for space and comfort, in a carefully decorated setting, made with high-end materials.</p>
<p>&nbsp;</p>
<p>The magnificent rooms and suites in pearly and blue tones offer exceptional sleeping comfort.</p>
<p>&nbsp;</p>
<p>The hotel offers a total of 450m² of event space with daylight, thanks to its large windows and central glass canopy. It has 8 flexible rooms to accommodate any type of event up to 180 people.</p>
<p>&nbsp;</p>
<p>Finally, the launch of BALM | Restaurant &amp; Bar takes place, offering responsible, simple and tasty bistro-chic gastronomy, using fresh and local products. BALM&#8217;s ambition is to become the new favorite place in the area, a real nest, where you can share a moment of hospitality, conviviality and bistronomy!</p>
<p>A unique and highly expected concept in the heart of the Nice Grand Arenas business district !</p>

<!-- This site is optimized with the Yoast SEO plugin v24.0 - https://yoast.com/wordpress/plugins/seo/ -->
<title>CROWNE PLAZA NICE - Linkeus Provence Côte d&#039;Azur Events</title>
<meta name="robots" content="index, follow, max-snippet:-1, max-image-preview:large, max-video-preview:-1" />
<link rel="canonical" href="https://www.linkeus.fr/en/produit/crowne-plaza-nice/" />
<meta property="og:locale" content="en_US" />
<meta property="og:type" content="article" />
<meta property="og:title" content="CROWNE PLAZA NICE - Linkeus Provence Côte d&#039;Azur Events" />
<meta property="og:description" content="NEW OPENING ! Crowne Plaza Nice &#8211; Grand Arenas, an IHG brand new 4-star hotel with 129 rooms, opens in the heart of the expanding Nice &#8211; Grand Arenas eco-district ; a complex with 260 rooms divided into 3* and 4* with the Holiday Inn Express 3* recently opened in February 2021. The ultra modern eco-responsible demonstrator [&hellip;]" />
<meta property="og:url" content="https://www.linkeus.fr/en/produit/crowne-plaza-nice/" />
<meta property="og:site_name" content="Linkeus Provence Côte d&#039;Azur Events" />
<meta property="article:publisher" content="https://www.facebook.com/ProvenceCotedAzurEvents" />
<meta property="article:modified_time" content="2022-11-22T13:25:37+00:00" />
<meta property="og:image" content="https://www.linkeus.fr/wp-content/uploads/2021/07/pce-image-resaux-sociaux-scaled.jpg" />
	<meta property="og:image:width" content="2560" />
	<meta property="og:image:height" content="1204" />
	<meta property="og:image:type" content="image/jpeg" />
<meta name="twitter:card" content="summary_large_image" />
<meta name="twitter:label1" content="Est. reading time" />
	<meta name="twitter:data1" content="1 minute" />
<script type="application/ld+json" class="yoast-schema-graph">{"@context":"https://schema.org","@graph":[{"@type":"WebPage","@id":"https://www.linkeus.fr/en/produit/crowne-plaza-nice/","url":"https://www.linkeus.fr/en/produit/crowne-plaza-nice/","name":"CROWNE PLAZA NICE - Linkeus Provence Côte d&#039;Azur Events","isPartOf":{"@id":"https://www.linkeus.fr/#website"},"datePublished":"2022-03-11T11:31:49+00:00","dateModified":"2022-11-22T13:25:37+00:00","breadcrumb":{"@id":"https://www.linkeus.fr/en/produit/crowne-plaza-nice/#breadcrumb"},"inLanguage":"en-US","potentialAction":[{"@type":"ReadAction","target":["https://www.linkeus.fr/en/produit/crowne-plaza-nice/"]}]},{"@type":"BreadcrumbList","@id":"https://www.linkeus.fr/en/produit/crowne-plaza-nice/#breadcrumb","itemListElement":[{"@type":"ListItem","position":1,"name":"Accueil","item":"https://www.linkeus.fr/en/"},{"@type":"ListItem","position":2,"name":"Produits","item":"https://www.linkeus.fr/shop/"},{"@type":"ListItem","position":3,"name":"CROWNE PLAZA NICE"}]},{"@type":"WebSite","@id":"https://www.linkeus.fr/#website","url":"https://www.linkeus.fr/","name":"Linkeus Provence Côte d&#039;Azur Events","description":"Le bureau des congrès regional : l&#039;interlocuteur privilégié pour l&#039;organisation de vos évènements professionnels en Provence Alpes Côte d&#039;Azur","publisher":{"@id":"https://www.linkeus.fr/#organization"},"potentialAction":[{"@type":"SearchAction","target":{"@type":"EntryPoint","urlTemplate":"https://www.linkeus.fr/?s={search_term_string}"},"query-input":{"@type":"PropertyValueSpecification","valueRequired":true,"valueName":"search_term_string"}}],"inLanguage":"en-US"},{"@type":"Organization","@id":"https://www.linkeus.fr/#organization","name":"Linkeus Provence Côte d&#039;Azur Events","url":"https://www.linkeus.fr/","logo":{"@type":"ImageObject","inLanguage":"en-US","@id":"https://www.linkeus.fr/#/schema/logo/image/","url":"https://www.linkeus.fr/wp-content/uploads/2022/09/log-linkeus290.png","contentUrl":"https://www.linkeus.fr/wp-content/uploads/2022/09/log-linkeus290.png","width":290,"height":100,"caption":"Linkeus Provence Côte d&#039;Azur Events"},"image":{"@id":"https://www.linkeus.fr/#/schema/logo/image/"},"sameAs":["https://www.facebook.com/ProvenceCotedAzurEvents"]}]}</script>
<!-- / Yoast SEO plugin. -->

CROWNE PLAZA NICE - Linkeus Provence Côte d&#039;Azur Events

Linkeus Provence Côte d&#039;Azur Events

Le bureau des congrès regional : l&#039;interlocuteur privilégié pour l&#039;organisation de vos évènements professionnels en Provence Alpes Côte d&#039;Azur
