{"id":19567,"date":"2021-03-31T10:34:32","date_gmt":"2021-03-31T08:34:32","guid":{"rendered":"https:\/\/www.linkeus.fr\/produit\/palais-des-festivals-et-des-congres-de-cannes\/"},"modified":"2021-03-31T10:34:32","modified_gmt":"2021-03-31T08:34:32","slug":"palais-des-festivals-et-des-congres-de-cannes","status":"publish","type":"product","link":"https:\/\/www.linkeus.fr\/en\/produit\/palais-des-festivals-et-des-congres-de-cannes\/","title":{"rendered":"Palais des Festivals et des Congr\u00e8s de Cannes"},"content":{"rendered":"<p>Cannes is the first business destination after Paris. The city center is 25 minutes\u2019 drive from Nice International airport. Cannes has a well know-how on hosting conferences and trade shows up to 50000 people. 130 hotels (8,000 rooms), an exceptional natural environment between sea and mountains (the Croisette is only 1h30 drive from the ski resorts), an ideal climate with over 300 days of sunshine per year , its L\u00e9rins\u2019 Islands, nearly 500 restaurants, 700 shops, 3 casinos and 12 golf courses within an hour&#8217;s drive, all unified around its Congress center.<br \/>\nOptimized in 2015, this building of 80 000sqm has conference rooms and exhibition spaces more functional, modern and spacious. First Convention Center worldwide with triple ISO certification accompanied by labeling Social Responsibility, the Palais enjoys an idyllic location overlooking the sea and in the heart of the city. It will respond to all your needs: 35000sqm of exhibition spaces, 5 plenary rooms (150-2300 seats), 26 breakout rooms (10 to 250 seats) and 24 organizers\u2019 offices. Moreover, its 3 reception rooms are open onto terraces with stunning views on the sea.<br \/>\nWelcome to Cannes: your success will be ours!<br \/>\nAt your disposal to help you to find and to negotiate the perfect proposals for your events, please contact the sales manager, Johann VINCENT Mail : vincent@palaisdesfestivals.com &#8211; Fixe : +33 (0)4.92.99.31.71 &#8211; Mobile : +33 (0)6.16.74.14.48<\/p>\n<p>After obtaining the \u201cSanitary Security Label\u201d and \u201cEcovid Label\u201d issued by SOCOTEC in July 2020, in February 2021, the Palais des Festivals et des Congr\u00e8s de Cannes was awarded North America\u2019s top health certification for public hospitality facilities: GBAC STAR<a name=\"x_x__Hlk66175558\" data-linkindex=\"6\"><\/a>\u2122 Facility. Awarded by the Global Biorisk Advisory Council*, this certification attests the implementation of the strictest protocols in terms of cleaning, disinfection and prevention of infectious diseases within the establishment. Already issued to the largest convention centres in the United States, this certification has for the first time been awarded to a convention centre in France. The Palais once again proves its commitment to hosting international events with the utmost respect for health protocols.<\/p>\n<p>Cannes and the Palais des Festivals have joined the Hibrid City Alliance, a group of destinations offering a multiplex innovating solution to international event organisers. Through this strategic partnership, Cannes confirms its leading position as the 1st B2B french city after Paris and prepares to welcoming new hybrid international events.<\/p>\n<p>&nbsp;<\/p>\n","protected":false},"excerpt":{"rendered":"<p>Cannes is the first business destination after Paris. The city center is 25 minutes\u2019 drive from Nice International airport. Cannes has a well know-how on hosting conferences and trade shows up to 50000 people. 130 hotels (8,000 rooms), an exceptional natural environment between sea and mountains (the Croisette is only 1h30 drive from the ski [&hellip;]<\/p>\n","protected":false},"featured_media":0,"comment_status":"closed","ping_status":"closed","template":"","meta":{"inline_featured_image":false},"product_cat":[30],"product_tag":[],"class_list":{"0":"post-19567","1":"product","2":"type-product","3":"status-publish","5":"product_cat-listeo-booking","7":"first","8":"instock","9":"virtual","10":"sold-individually","11":"purchasable","12":"product-type-listing_booking"},"yoast_head":"<!-- This site is optimized with the Yoast SEO plugin v24.0 - https:\/\/yoast.com\/wordpress\/plugins\/seo\/ -->\n<title>Palais des Festivals et des Congr\u00e8s de Cannes - Linkeus Provence C\u00f4te d&#039;Azur Events<\/title>\n<meta name=\"robots\" content=\"index, follow, max-snippet:-1, max-image-preview:large, max-video-preview:-1\" \/>\n<link rel=\"canonical\" href=\"https:\/\/www.linkeus.fr\/en\/produit\/palais-des-festivals-et-des-congres-de-cannes\/\" \/>\n<meta property=\"og:locale\" content=\"en_US\" \/>\n<meta property=\"og:type\" content=\"article\" \/>\n<meta property=\"og:title\" content=\"Palais des Festivals et des Congr\u00e8s de Cannes - Linkeus Provence C\u00f4te d&#039;Azur Events\" \/>\n<meta property=\"og:description\" content=\"Cannes is the first business destination after Paris. The city center is 25 minutes\u2019 drive from Nice International airport. Cannes has a well know-how on hosting conferences and trade shows up to 50000 people. 130 hotels (8,000 rooms), an exceptional natural environment between sea and mountains (the Croisette is only 1h30 drive from the ski [&hellip;]\" \/>\n<meta property=\"og:url\" content=\"https:\/\/www.linkeus.fr\/en\/produit\/palais-des-festivals-et-des-congres-de-cannes\/\" \/>\n<meta property=\"og:site_name\" content=\"Linkeus Provence C\u00f4te d&#039;Azur Events\" \/>\n<meta property=\"article:publisher\" content=\"https:\/\/www.facebook.com\/ProvenceCotedAzurEvents\" \/>\n<meta property=\"og:image\" content=\"https:\/\/www.linkeus.fr\/wp-content\/uploads\/2021\/07\/pce-image-resaux-sociaux-scaled.jpg\" \/>\n\t<meta property=\"og:image:width\" content=\"2560\" \/>\n\t<meta property=\"og:image:height\" content=\"1204\" \/>\n\t<meta property=\"og:image:type\" content=\"image\/jpeg\" \/>\n<meta name=\"twitter:card\" content=\"summary_large_image\" \/>\n<meta name=\"twitter:label1\" content=\"Est. reading time\" \/>\n\t<meta name=\"twitter:data1\" content=\"2 minutes\" \/>\n<script type=\"application\/ld+json\" class=\"yoast-schema-graph\">{\"@context\":\"https:\/\/schema.org\",\"@graph\":[{\"@type\":\"WebPage\",\"@id\":\"https:\/\/www.linkeus.fr\/en\/produit\/palais-des-festivals-et-des-congres-de-cannes\/\",\"url\":\"https:\/\/www.linkeus.fr\/en\/produit\/palais-des-festivals-et-des-congres-de-cannes\/\",\"name\":\"Palais des Festivals et des Congr\u00e8s de Cannes - Linkeus Provence C\u00f4te d&#039;Azur Events\",\"isPartOf\":{\"@id\":\"https:\/\/www.linkeus.fr\/#website\"},\"datePublished\":\"2021-03-31T08:34:32+00:00\",\"dateModified\":\"2021-03-31T08:34:32+00:00\",\"breadcrumb\":{\"@id\":\"https:\/\/www.linkeus.fr\/en\/produit\/palais-des-festivals-et-des-congres-de-cannes\/#breadcrumb\"},\"inLanguage\":\"en-US\",\"potentialAction\":[{\"@type\":\"ReadAction\",\"target\":[\"https:\/\/www.linkeus.fr\/en\/produit\/palais-des-festivals-et-des-congres-de-cannes\/\"]}]},{\"@type\":\"BreadcrumbList\",\"@id\":\"https:\/\/www.linkeus.fr\/en\/produit\/palais-des-festivals-et-des-congres-de-cannes\/#breadcrumb\",\"itemListElement\":[{\"@type\":\"ListItem\",\"position\":1,\"name\":\"Accueil\",\"item\":\"https:\/\/www.linkeus.fr\/en\/\"},{\"@type\":\"ListItem\",\"position\":2,\"name\":\"Produits\",\"item\":\"https:\/\/www.linkeus.fr\/shop\/\"},{\"@type\":\"ListItem\",\"position\":3,\"name\":\"Palais des Festivals et des Congr\u00e8s de Cannes\"}]},{\"@type\":\"WebSite\",\"@id\":\"https:\/\/www.linkeus.fr\/#website\",\"url\":\"https:\/\/www.linkeus.fr\/\",\"name\":\"Linkeus Provence C\u00f4te d&#039;Azur Events\",\"description\":\"Le bureau des congr\u00e8s regional : l&#039;interlocuteur privil\u00e9gi\u00e9 pour l&#039;organisation de vos \u00e9v\u00e8nements professionnels en Provence Alpes C\u00f4te d&#039;Azur\",\"publisher\":{\"@id\":\"https:\/\/www.linkeus.fr\/#organization\"},\"potentialAction\":[{\"@type\":\"SearchAction\",\"target\":{\"@type\":\"EntryPoint\",\"urlTemplate\":\"https:\/\/www.linkeus.fr\/?s={search_term_string}\"},\"query-input\":{\"@type\":\"PropertyValueSpecification\",\"valueRequired\":true,\"valueName\":\"search_term_string\"}}],\"inLanguage\":\"en-US\"},{\"@type\":\"Organization\",\"@id\":\"https:\/\/www.linkeus.fr\/#organization\",\"name\":\"Linkeus Provence C\u00f4te d&#039;Azur Events\",\"url\":\"https:\/\/www.linkeus.fr\/\",\"logo\":{\"@type\":\"ImageObject\",\"inLanguage\":\"en-US\",\"@id\":\"https:\/\/www.linkeus.fr\/#\/schema\/logo\/image\/\",\"url\":\"https:\/\/www.linkeus.fr\/wp-content\/uploads\/2022\/09\/log-linkeus290.png\",\"contentUrl\":\"https:\/\/www.linkeus.fr\/wp-content\/uploads\/2022\/09\/log-linkeus290.png\",\"width\":290,\"height\":100,\"caption\":\"Linkeus Provence C\u00f4te d&#039;Azur Events\"},\"image\":{\"@id\":\"https:\/\/www.linkeus.fr\/#\/schema\/logo\/image\/\"},\"sameAs\":[\"https:\/\/www.facebook.com\/ProvenceCotedAzurEvents\"]}]}<\/script>\n<!-- \/ Yoast SEO plugin. -->","yoast_head_json":{"title":"Palais des Festivals et des Congr\u00e8s de Cannes - Linkeus Provence C\u00f4te d&#039;Azur Events","robots":{"index":"index","follow":"follow","max-snippet":"max-snippet:-1","max-image-preview":"max-image-preview:large","max-video-preview":"max-video-preview:-1"},"canonical":"https:\/\/www.linkeus.fr\/en\/produit\/palais-des-festivals-et-des-congres-de-cannes\/","og_locale":"en_US","og_type":"article","og_title":"Palais des Festivals et des Congr\u00e8s de Cannes - Linkeus Provence C\u00f4te d&#039;Azur Events","og_description":"Cannes is the first business destination after Paris. The city center is 25 minutes\u2019 drive from Nice International airport. Cannes has a well know-how on hosting conferences and trade shows up to 50000 people. 130 hotels (8,000 rooms), an exceptional natural environment between sea and mountains (the Croisette is only 1h30 drive from the ski [&hellip;]","og_url":"https:\/\/www.linkeus.fr\/en\/produit\/palais-des-festivals-et-des-congres-de-cannes\/","og_site_name":"Linkeus Provence C\u00f4te d&#039;Azur Events","article_publisher":"https:\/\/www.facebook.com\/ProvenceCotedAzurEvents","og_image":[{"width":2560,"height":1204,"url":"https:\/\/www.linkeus.fr\/wp-content\/uploads\/2021\/07\/pce-image-resaux-sociaux-scaled.jpg","type":"image\/jpeg"}],"twitter_card":"summary_large_image","twitter_misc":{"Est. reading time":"2 minutes"},"schema":{"@context":"https:\/\/schema.org","@graph":[{"@type":"WebPage","@id":"https:\/\/www.linkeus.fr\/en\/produit\/palais-des-festivals-et-des-congres-de-cannes\/","url":"https:\/\/www.linkeus.fr\/en\/produit\/palais-des-festivals-et-des-congres-de-cannes\/","name":"Palais des Festivals et des Congr\u00e8s de Cannes - Linkeus Provence C\u00f4te d&#039;Azur Events","isPartOf":{"@id":"https:\/\/www.linkeus.fr\/#website"},"datePublished":"2021-03-31T08:34:32+00:00","dateModified":"2021-03-31T08:34:32+00:00","breadcrumb":{"@id":"https:\/\/www.linkeus.fr\/en\/produit\/palais-des-festivals-et-des-congres-de-cannes\/#breadcrumb"},"inLanguage":"en-US","potentialAction":[{"@type":"ReadAction","target":["https:\/\/www.linkeus.fr\/en\/produit\/palais-des-festivals-et-des-congres-de-cannes\/"]}]},{"@type":"BreadcrumbList","@id":"https:\/\/www.linkeus.fr\/en\/produit\/palais-des-festivals-et-des-congres-de-cannes\/#breadcrumb","itemListElement":[{"@type":"ListItem","position":1,"name":"Accueil","item":"https:\/\/www.linkeus.fr\/en\/"},{"@type":"ListItem","position":2,"name":"Produits","item":"https:\/\/www.linkeus.fr\/shop\/"},{"@type":"ListItem","position":3,"name":"Palais des Festivals et des Congr\u00e8s de Cannes"}]},{"@type":"WebSite","@id":"https:\/\/www.linkeus.fr\/#website","url":"https:\/\/www.linkeus.fr\/","name":"Linkeus Provence C\u00f4te d&#039;Azur Events","description":"Le bureau des congr\u00e8s regional : l&#039;interlocuteur privil\u00e9gi\u00e9 pour l&#039;organisation de vos \u00e9v\u00e8nements professionnels en Provence Alpes C\u00f4te d&#039;Azur","publisher":{"@id":"https:\/\/www.linkeus.fr\/#organization"},"potentialAction":[{"@type":"SearchAction","target":{"@type":"EntryPoint","urlTemplate":"https:\/\/www.linkeus.fr\/?s={search_term_string}"},"query-input":{"@type":"PropertyValueSpecification","valueRequired":true,"valueName":"search_term_string"}}],"inLanguage":"en-US"},{"@type":"Organization","@id":"https:\/\/www.linkeus.fr\/#organization","name":"Linkeus Provence C\u00f4te d&#039;Azur Events","url":"https:\/\/www.linkeus.fr\/","logo":{"@type":"ImageObject","inLanguage":"en-US","@id":"https:\/\/www.linkeus.fr\/#\/schema\/logo\/image\/","url":"https:\/\/www.linkeus.fr\/wp-content\/uploads\/2022\/09\/log-linkeus290.png","contentUrl":"https:\/\/www.linkeus.fr\/wp-content\/uploads\/2022\/09\/log-linkeus290.png","width":290,"height":100,"caption":"Linkeus Provence C\u00f4te d&#039;Azur Events"},"image":{"@id":"https:\/\/www.linkeus.fr\/#\/schema\/logo\/image\/"},"sameAs":["https:\/\/www.facebook.com\/ProvenceCotedAzurEvents"]}]}},"_links":{"self":[{"href":"https:\/\/www.linkeus.fr\/en\/wp-json\/wp\/v2\/product\/19567","targetHints":{"allow":["GET"]}}],"collection":[{"href":"https:\/\/www.linkeus.fr\/en\/wp-json\/wp\/v2\/product"}],"about":[{"href":"https:\/\/www.linkeus.fr\/en\/wp-json\/wp\/v2\/types\/product"}],"replies":[{"embeddable":true,"href":"https:\/\/www.linkeus.fr\/en\/wp-json\/wp\/v2\/comments?post=19567"}],"wp:attachment":[{"href":"https:\/\/www.linkeus.fr\/en\/wp-json\/wp\/v2\/media?parent=19567"}],"wp:term":[{"taxonomy":"product_cat","embeddable":true,"href":"https:\/\/www.linkeus.fr\/en\/wp-json\/wp\/v2\/product_cat?post=19567"},{"taxonomy":"product_tag","embeddable":true,"href":"https:\/\/www.linkeus.fr\/en\/wp-json\/wp\/v2\/product_tag?post=19567"}],"curies":[{"name":"wp","href":"https:\/\/api.w.org\/{rel}","templated":true}]}}

Palais des Festivals et des Congrès de Cannes

<p>Cannes is the first business destination after Paris. The city center is 25 minutes’ drive from Nice International airport. Cannes has a well know-how on hosting conferences and trade shows up to 50000 people. 130 hotels (8,000 rooms), an exceptional natural environment between sea and mountains (the Croisette is only 1h30 drive from the ski resorts), an ideal climate with over 300 days of sunshine per year , its Lérins’ Islands, nearly 500 restaurants, 700 shops, 3 casinos and 12 golf courses within an hour&#8217;s drive, all unified around its Congress center.<br />
Optimized in 2015, this building of 80 000sqm has conference rooms and exhibition spaces more functional, modern and spacious. First Convention Center worldwide with triple ISO certification accompanied by labeling Social Responsibility, the Palais enjoys an idyllic location overlooking the sea and in the heart of the city. It will respond to all your needs: 35000sqm of exhibition spaces, 5 plenary rooms (150-2300 seats), 26 breakout rooms (10 to 250 seats) and 24 organizers’ offices. Moreover, its 3 reception rooms are open onto terraces with stunning views on the sea.<br />
Welcome to Cannes: your success will be ours!<br />
At your disposal to help you to find and to negotiate the perfect proposals for your events, please contact the sales manager, Johann VINCENT Mail : vincent@palaisdesfestivals.com &#8211; Fixe : +33 (0)4.92.99.31.71 &#8211; Mobile : +33 (0)6.16.74.14.48</p>
<p>After obtaining the “Sanitary Security Label” and “Ecovid Label” issued by SOCOTEC in July 2020, in February 2021, the Palais des Festivals et des Congrès de Cannes was awarded North America’s top health certification for public hospitality facilities: GBAC STAR<a name="x_x__Hlk66175558" data-linkindex="6"></a>™ Facility. Awarded by the Global Biorisk Advisory Council*, this certification attests the implementation of the strictest protocols in terms of cleaning, disinfection and prevention of infectious diseases within the establishment. Already issued to the largest convention centres in the United States, this certification has for the first time been awarded to a convention centre in France. The Palais once again proves its commitment to hosting international events with the utmost respect for health protocols.</p>
<p>Cannes and the Palais des Festivals have joined the Hibrid City Alliance, a group of destinations offering a multiplex innovating solution to international event organisers. Through this strategic partnership, Cannes confirms its leading position as the 1st B2B french city after Paris and prepares to welcoming new hybrid international events.</p>
<p>&nbsp;</p>

<!-- This site is optimized with the Yoast SEO plugin v24.0 - https://yoast.com/wordpress/plugins/seo/ -->
<title>Palais des Festivals et des Congrès de Cannes - Linkeus Provence Côte d&#039;Azur Events</title>
<meta name="robots" content="index, follow, max-snippet:-1, max-image-preview:large, max-video-preview:-1" />
<link rel="canonical" href="https://www.linkeus.fr/en/produit/palais-des-festivals-et-des-congres-de-cannes/" />
<meta property="og:locale" content="en_US" />
<meta property="og:type" content="article" />
<meta property="og:title" content="Palais des Festivals et des Congrès de Cannes - Linkeus Provence Côte d&#039;Azur Events" />
<meta property="og:description" content="Cannes is the first business destination after Paris. The city center is 25 minutes’ drive from Nice International airport. Cannes has a well know-how on hosting conferences and trade shows up to 50000 people. 130 hotels (8,000 rooms), an exceptional natural environment between sea and mountains (the Croisette is only 1h30 drive from the ski [&hellip;]" />
<meta property="og:url" content="https://www.linkeus.fr/en/produit/palais-des-festivals-et-des-congres-de-cannes/" />
<meta property="og:site_name" content="Linkeus Provence Côte d&#039;Azur Events" />
<meta property="article:publisher" content="https://www.facebook.com/ProvenceCotedAzurEvents" />
<meta property="og:image" content="https://www.linkeus.fr/wp-content/uploads/2021/07/pce-image-resaux-sociaux-scaled.jpg" />
	<meta property="og:image:width" content="2560" />
	<meta property="og:image:height" content="1204" />
	<meta property="og:image:type" content="image/jpeg" />
<meta name="twitter:card" content="summary_large_image" />
<meta name="twitter:label1" content="Est. reading time" />
	<meta name="twitter:data1" content="2 minutes" />
<script type="application/ld+json" class="yoast-schema-graph">{"@context":"https://schema.org","@graph":[{"@type":"WebPage","@id":"https://www.linkeus.fr/en/produit/palais-des-festivals-et-des-congres-de-cannes/","url":"https://www.linkeus.fr/en/produit/palais-des-festivals-et-des-congres-de-cannes/","name":"Palais des Festivals et des Congrès de Cannes - Linkeus Provence Côte d&#039;Azur Events","isPartOf":{"@id":"https://www.linkeus.fr/#website"},"datePublished":"2021-03-31T08:34:32+00:00","dateModified":"2021-03-31T08:34:32+00:00","breadcrumb":{"@id":"https://www.linkeus.fr/en/produit/palais-des-festivals-et-des-congres-de-cannes/#breadcrumb"},"inLanguage":"en-US","potentialAction":[{"@type":"ReadAction","target":["https://www.linkeus.fr/en/produit/palais-des-festivals-et-des-congres-de-cannes/"]}]},{"@type":"BreadcrumbList","@id":"https://www.linkeus.fr/en/produit/palais-des-festivals-et-des-congres-de-cannes/#breadcrumb","itemListElement":[{"@type":"ListItem","position":1,"name":"Accueil","item":"https://www.linkeus.fr/en/"},{"@type":"ListItem","position":2,"name":"Produits","item":"https://www.linkeus.fr/shop/"},{"@type":"ListItem","position":3,"name":"Palais des Festivals et des Congrès de Cannes"}]},{"@type":"WebSite","@id":"https://www.linkeus.fr/#website","url":"https://www.linkeus.fr/","name":"Linkeus Provence Côte d&#039;Azur Events","description":"Le bureau des congrès regional : l&#039;interlocuteur privilégié pour l&#039;organisation de vos évènements professionnels en Provence Alpes Côte d&#039;Azur","publisher":{"@id":"https://www.linkeus.fr/#organization"},"potentialAction":[{"@type":"SearchAction","target":{"@type":"EntryPoint","urlTemplate":"https://www.linkeus.fr/?s={search_term_string}"},"query-input":{"@type":"PropertyValueSpecification","valueRequired":true,"valueName":"search_term_string"}}],"inLanguage":"en-US"},{"@type":"Organization","@id":"https://www.linkeus.fr/#organization","name":"Linkeus Provence Côte d&#039;Azur Events","url":"https://www.linkeus.fr/","logo":{"@type":"ImageObject","inLanguage":"en-US","@id":"https://www.linkeus.fr/#/schema/logo/image/","url":"https://www.linkeus.fr/wp-content/uploads/2022/09/log-linkeus290.png","contentUrl":"https://www.linkeus.fr/wp-content/uploads/2022/09/log-linkeus290.png","width":290,"height":100,"caption":"Linkeus Provence Côte d&#039;Azur Events"},"image":{"@id":"https://www.linkeus.fr/#/schema/logo/image/"},"sameAs":["https://www.facebook.com/ProvenceCotedAzurEvents"]}]}</script>
<!-- / Yoast SEO plugin. -->

Palais des Festivals et des Congrès de Cannes - Linkeus Provence Côte d&#039;Azur Events

Linkeus Provence Côte d&#039;Azur Events

Le bureau des congrès regional : l&#039;interlocuteur privilégié pour l&#039;organisation de vos évènements professionnels en Provence Alpes Côte d&#039;Azur
