{"id":19508,"date":"2021-03-29T15:44:23","date_gmt":"2021-03-29T13:44:23","guid":{"rendered":"https:\/\/www.linkeus.fr\/produit\/les-iles-paul-ricard-2\/"},"modified":"2021-03-29T15:44:23","modified_gmt":"2021-03-29T13:44:23","slug":"les-iles-paul-ricard-2","status":"publish","type":"product","link":"https:\/\/www.linkeus.fr\/en\/produit\/les-iles-paul-ricard-2\/","title":{"rendered":"Les Iles Paul Ricard"},"content":{"rendered":"<p>LES \u00ceLES PAUL RICARD<br \/>\nIn Provence, between Toulon and Marseille, the Iles Paul Ricard benefit of an ideal situation to organize your event. You can enjoy quality workspaces with tailored services for a study day of 20 people up to an event with a scale of 600 people with accommodation. Also, numerous outside spaces can be given to fit out a space favored for the breaks, cocktails,\u00a0 brunch, meals, activities \u2026Anything is possible on the Iles Paul Ricard!<\/p>\n<p>ILE DES EMBIEZ<br \/>\nThe Ile de Embiez, situated in 12 minutes by boat by Six Six-Fours-Les-Plages, has one of the largest hosting capacities in the Var to organize events:<br \/>\n&#8211; 15 meeting rooms with capacities of 10 up to 750 people<br \/>\n&#8211; A 64 bedroom 4* hotel<br \/>\n&#8211; 150 apartments which can house 2 to 8 people<br \/>\n&#8211; 8 premium housings<br \/>\n&#8211; 1 Provencal farmhouse with 6 bedroom and 7 secondary housing<\/p>\n<p>TOTAL HOUSING CAPACITY: 323 bedrooms<\/p>\n<p>ILE DE BENDOR<br \/>\nThe Ile de Bendor, situated at 7 minutes by boat by Bandol, is the perfect place to organize any type of event. The island has:<br \/>\n&#8211; 2 reception halls which can host up to 200 people sitting and 260 people as a cocktail lounge<br \/>\n&#8211; 6 subcommittee\u2019s rooms with A\/C<br \/>\n&#8211; A 55 bedroom 4* hotel<br \/>\n&#8211; 8 villas with gardens which can house up to 4 people.<\/p>\n<p>TOTAL HOUSING CAPACITY: 130 people<\/p>\n<p>CATERING<\/p>\n<p><span id=\"s2_1\">In these exceptional surroundings, the restaurant is run by the Executive Chef, one of the Best Craftsmen in France. Several options are available: buffets, cocktails, themed workshops, meals served by the plate, brunch; and can be organised both indoors in one of our restaurant or seminar rooms, and outdoors (terrace, pine forest, square, esplanade, beach, etc.)<\/span><span id=\"s2_3\"><br \/>\n<\/span><\/p>\n<p>ACTIVITIES<\/p>\n<p>Also, many activities can be organised: Olympics, treasure hunt, catamaran, orienteering race, stand-up paddle, kayak, regatta, petanque, visit of the creeks, escape game, running, construction of go-karts and cardboard boats, yoga, muscular awakening, bicycle, small train, visit of the cellar, diving\/snorkeling, rugby, parasailing, towed buoy, flashmob and choir.<\/p>\n<p>Our team is at your disposal to study the organisation of your event and make it a real success!<\/p>\n","protected":false},"excerpt":{"rendered":"<p>LES \u00ceLES PAUL RICARD In Provence, between Toulon and Marseille, the Iles Paul Ricard benefit of an ideal situation to organize your event. You can enjoy quality workspaces with tailored services for a study day of 20 people up to an event with a scale of 600 people with accommodation. Also, numerous outside spaces can [&hellip;]<\/p>\n","protected":false},"featured_media":0,"comment_status":"closed","ping_status":"closed","template":"","meta":{"inline_featured_image":false},"product_cat":[30],"product_tag":[],"class_list":{"0":"post-19508","1":"product","2":"type-product","3":"status-publish","5":"product_cat-listeo-booking","7":"first","8":"instock","9":"virtual","10":"sold-individually","11":"purchasable","12":"product-type-listing_booking"},"yoast_head":"<!-- This site is optimized with the Yoast SEO plugin v24.0 - https:\/\/yoast.com\/wordpress\/plugins\/seo\/ -->\n<title>Les Iles Paul Ricard - Linkeus Provence C\u00f4te d&#039;Azur Events<\/title>\n<meta name=\"robots\" content=\"index, follow, max-snippet:-1, max-image-preview:large, max-video-preview:-1\" \/>\n<link rel=\"canonical\" href=\"https:\/\/www.linkeus.fr\/en\/produit\/les-iles-paul-ricard-2\/\" \/>\n<meta property=\"og:locale\" content=\"en_US\" \/>\n<meta property=\"og:type\" content=\"article\" \/>\n<meta property=\"og:title\" content=\"Les Iles Paul Ricard - Linkeus Provence C\u00f4te d&#039;Azur Events\" \/>\n<meta property=\"og:description\" content=\"LES \u00ceLES PAUL RICARD In Provence, between Toulon and Marseille, the Iles Paul Ricard benefit of an ideal situation to organize your event. You can enjoy quality workspaces with tailored services for a study day of 20 people up to an event with a scale of 600 people with accommodation. Also, numerous outside spaces can [&hellip;]\" \/>\n<meta property=\"og:url\" content=\"https:\/\/www.linkeus.fr\/en\/produit\/les-iles-paul-ricard-2\/\" \/>\n<meta property=\"og:site_name\" content=\"Linkeus Provence C\u00f4te d&#039;Azur Events\" \/>\n<meta property=\"article:publisher\" content=\"https:\/\/www.facebook.com\/ProvenceCotedAzurEvents\" \/>\n<meta property=\"og:image\" content=\"https:\/\/www.linkeus.fr\/wp-content\/uploads\/2021\/07\/pce-image-resaux-sociaux-scaled.jpg\" \/>\n\t<meta property=\"og:image:width\" content=\"2560\" \/>\n\t<meta property=\"og:image:height\" content=\"1204\" \/>\n\t<meta property=\"og:image:type\" content=\"image\/jpeg\" \/>\n<meta name=\"twitter:card\" content=\"summary_large_image\" \/>\n<meta name=\"twitter:label1\" content=\"Est. reading time\" \/>\n\t<meta name=\"twitter:data1\" content=\"2 minutes\" \/>\n<script type=\"application\/ld+json\" class=\"yoast-schema-graph\">{\"@context\":\"https:\/\/schema.org\",\"@graph\":[{\"@type\":\"WebPage\",\"@id\":\"https:\/\/www.linkeus.fr\/en\/produit\/les-iles-paul-ricard-2\/\",\"url\":\"https:\/\/www.linkeus.fr\/en\/produit\/les-iles-paul-ricard-2\/\",\"name\":\"Les Iles Paul Ricard - Linkeus Provence C\u00f4te d&#039;Azur Events\",\"isPartOf\":{\"@id\":\"https:\/\/www.linkeus.fr\/#website\"},\"datePublished\":\"2021-03-29T13:44:23+00:00\",\"dateModified\":\"2021-03-29T13:44:23+00:00\",\"breadcrumb\":{\"@id\":\"https:\/\/www.linkeus.fr\/en\/produit\/les-iles-paul-ricard-2\/#breadcrumb\"},\"inLanguage\":\"en-US\",\"potentialAction\":[{\"@type\":\"ReadAction\",\"target\":[\"https:\/\/www.linkeus.fr\/en\/produit\/les-iles-paul-ricard-2\/\"]}]},{\"@type\":\"BreadcrumbList\",\"@id\":\"https:\/\/www.linkeus.fr\/en\/produit\/les-iles-paul-ricard-2\/#breadcrumb\",\"itemListElement\":[{\"@type\":\"ListItem\",\"position\":1,\"name\":\"Accueil\",\"item\":\"https:\/\/www.linkeus.fr\/en\/\"},{\"@type\":\"ListItem\",\"position\":2,\"name\":\"Produits\",\"item\":\"https:\/\/www.linkeus.fr\/shop\/\"},{\"@type\":\"ListItem\",\"position\":3,\"name\":\"Les Iles Paul Ricard\"}]},{\"@type\":\"WebSite\",\"@id\":\"https:\/\/www.linkeus.fr\/#website\",\"url\":\"https:\/\/www.linkeus.fr\/\",\"name\":\"Linkeus Provence C\u00f4te d&#039;Azur Events\",\"description\":\"Le bureau des congr\u00e8s regional : l&#039;interlocuteur privil\u00e9gi\u00e9 pour l&#039;organisation de vos \u00e9v\u00e8nements professionnels en Provence Alpes C\u00f4te d&#039;Azur\",\"publisher\":{\"@id\":\"https:\/\/www.linkeus.fr\/#organization\"},\"potentialAction\":[{\"@type\":\"SearchAction\",\"target\":{\"@type\":\"EntryPoint\",\"urlTemplate\":\"https:\/\/www.linkeus.fr\/?s={search_term_string}\"},\"query-input\":{\"@type\":\"PropertyValueSpecification\",\"valueRequired\":true,\"valueName\":\"search_term_string\"}}],\"inLanguage\":\"en-US\"},{\"@type\":\"Organization\",\"@id\":\"https:\/\/www.linkeus.fr\/#organization\",\"name\":\"Linkeus Provence C\u00f4te d&#039;Azur Events\",\"url\":\"https:\/\/www.linkeus.fr\/\",\"logo\":{\"@type\":\"ImageObject\",\"inLanguage\":\"en-US\",\"@id\":\"https:\/\/www.linkeus.fr\/#\/schema\/logo\/image\/\",\"url\":\"https:\/\/www.linkeus.fr\/wp-content\/uploads\/2022\/09\/log-linkeus290.png\",\"contentUrl\":\"https:\/\/www.linkeus.fr\/wp-content\/uploads\/2022\/09\/log-linkeus290.png\",\"width\":290,\"height\":100,\"caption\":\"Linkeus Provence C\u00f4te d&#039;Azur Events\"},\"image\":{\"@id\":\"https:\/\/www.linkeus.fr\/#\/schema\/logo\/image\/\"},\"sameAs\":[\"https:\/\/www.facebook.com\/ProvenceCotedAzurEvents\"]}]}<\/script>\n<!-- \/ Yoast SEO plugin. -->","yoast_head_json":{"title":"Les Iles Paul Ricard - Linkeus Provence C\u00f4te d&#039;Azur Events","robots":{"index":"index","follow":"follow","max-snippet":"max-snippet:-1","max-image-preview":"max-image-preview:large","max-video-preview":"max-video-preview:-1"},"canonical":"https:\/\/www.linkeus.fr\/en\/produit\/les-iles-paul-ricard-2\/","og_locale":"en_US","og_type":"article","og_title":"Les Iles Paul Ricard - Linkeus Provence C\u00f4te d&#039;Azur Events","og_description":"LES \u00ceLES PAUL RICARD In Provence, between Toulon and Marseille, the Iles Paul Ricard benefit of an ideal situation to organize your event. You can enjoy quality workspaces with tailored services for a study day of 20 people up to an event with a scale of 600 people with accommodation. Also, numerous outside spaces can [&hellip;]","og_url":"https:\/\/www.linkeus.fr\/en\/produit\/les-iles-paul-ricard-2\/","og_site_name":"Linkeus Provence C\u00f4te d&#039;Azur Events","article_publisher":"https:\/\/www.facebook.com\/ProvenceCotedAzurEvents","og_image":[{"width":2560,"height":1204,"url":"https:\/\/www.linkeus.fr\/wp-content\/uploads\/2021\/07\/pce-image-resaux-sociaux-scaled.jpg","type":"image\/jpeg"}],"twitter_card":"summary_large_image","twitter_misc":{"Est. reading time":"2 minutes"},"schema":{"@context":"https:\/\/schema.org","@graph":[{"@type":"WebPage","@id":"https:\/\/www.linkeus.fr\/en\/produit\/les-iles-paul-ricard-2\/","url":"https:\/\/www.linkeus.fr\/en\/produit\/les-iles-paul-ricard-2\/","name":"Les Iles Paul Ricard - Linkeus Provence C\u00f4te d&#039;Azur Events","isPartOf":{"@id":"https:\/\/www.linkeus.fr\/#website"},"datePublished":"2021-03-29T13:44:23+00:00","dateModified":"2021-03-29T13:44:23+00:00","breadcrumb":{"@id":"https:\/\/www.linkeus.fr\/en\/produit\/les-iles-paul-ricard-2\/#breadcrumb"},"inLanguage":"en-US","potentialAction":[{"@type":"ReadAction","target":["https:\/\/www.linkeus.fr\/en\/produit\/les-iles-paul-ricard-2\/"]}]},{"@type":"BreadcrumbList","@id":"https:\/\/www.linkeus.fr\/en\/produit\/les-iles-paul-ricard-2\/#breadcrumb","itemListElement":[{"@type":"ListItem","position":1,"name":"Accueil","item":"https:\/\/www.linkeus.fr\/en\/"},{"@type":"ListItem","position":2,"name":"Produits","item":"https:\/\/www.linkeus.fr\/shop\/"},{"@type":"ListItem","position":3,"name":"Les Iles Paul Ricard"}]},{"@type":"WebSite","@id":"https:\/\/www.linkeus.fr\/#website","url":"https:\/\/www.linkeus.fr\/","name":"Linkeus Provence C\u00f4te d&#039;Azur Events","description":"Le bureau des congr\u00e8s regional : l&#039;interlocuteur privil\u00e9gi\u00e9 pour l&#039;organisation de vos \u00e9v\u00e8nements professionnels en Provence Alpes C\u00f4te d&#039;Azur","publisher":{"@id":"https:\/\/www.linkeus.fr\/#organization"},"potentialAction":[{"@type":"SearchAction","target":{"@type":"EntryPoint","urlTemplate":"https:\/\/www.linkeus.fr\/?s={search_term_string}"},"query-input":{"@type":"PropertyValueSpecification","valueRequired":true,"valueName":"search_term_string"}}],"inLanguage":"en-US"},{"@type":"Organization","@id":"https:\/\/www.linkeus.fr\/#organization","name":"Linkeus Provence C\u00f4te d&#039;Azur Events","url":"https:\/\/www.linkeus.fr\/","logo":{"@type":"ImageObject","inLanguage":"en-US","@id":"https:\/\/www.linkeus.fr\/#\/schema\/logo\/image\/","url":"https:\/\/www.linkeus.fr\/wp-content\/uploads\/2022\/09\/log-linkeus290.png","contentUrl":"https:\/\/www.linkeus.fr\/wp-content\/uploads\/2022\/09\/log-linkeus290.png","width":290,"height":100,"caption":"Linkeus Provence C\u00f4te d&#039;Azur Events"},"image":{"@id":"https:\/\/www.linkeus.fr\/#\/schema\/logo\/image\/"},"sameAs":["https:\/\/www.facebook.com\/ProvenceCotedAzurEvents"]}]}},"_links":{"self":[{"href":"https:\/\/www.linkeus.fr\/en\/wp-json\/wp\/v2\/product\/19508","targetHints":{"allow":["GET"]}}],"collection":[{"href":"https:\/\/www.linkeus.fr\/en\/wp-json\/wp\/v2\/product"}],"about":[{"href":"https:\/\/www.linkeus.fr\/en\/wp-json\/wp\/v2\/types\/product"}],"replies":[{"embeddable":true,"href":"https:\/\/www.linkeus.fr\/en\/wp-json\/wp\/v2\/comments?post=19508"}],"wp:attachment":[{"href":"https:\/\/www.linkeus.fr\/en\/wp-json\/wp\/v2\/media?parent=19508"}],"wp:term":[{"taxonomy":"product_cat","embeddable":true,"href":"https:\/\/www.linkeus.fr\/en\/wp-json\/wp\/v2\/product_cat?post=19508"},{"taxonomy":"product_tag","embeddable":true,"href":"https:\/\/www.linkeus.fr\/en\/wp-json\/wp\/v2\/product_tag?post=19508"}],"curies":[{"name":"wp","href":"https:\/\/api.w.org\/{rel}","templated":true}]}}

<p>LES ÎLES PAUL RICARD<br />
In Provence, between Toulon and Marseille, the Iles Paul Ricard benefit of an ideal situation to organize your event. You can enjoy quality workspaces with tailored services for a study day of 20 people up to an event with a scale of 600 people with accommodation. Also, numerous outside spaces can be given to fit out a space favored for the breaks, cocktails,  brunch, meals, activities …Anything is possible on the Iles Paul Ricard!</p>
<p>ILE DES EMBIEZ<br />
The Ile de Embiez, situated in 12 minutes by boat by Six Six-Fours-Les-Plages, has one of the largest hosting capacities in the Var to organize events:<br />
&#8211; 15 meeting rooms with capacities of 10 up to 750 people<br />
&#8211; A 64 bedroom 4* hotel<br />
&#8211; 150 apartments which can house 2 to 8 people<br />
&#8211; 8 premium housings<br />
&#8211; 1 Provencal farmhouse with 6 bedroom and 7 secondary housing</p>
<p>TOTAL HOUSING CAPACITY: 323 bedrooms</p>
<p>ILE DE BENDOR<br />
The Ile de Bendor, situated at 7 minutes by boat by Bandol, is the perfect place to organize any type of event. The island has:<br />
&#8211; 2 reception halls which can host up to 200 people sitting and 260 people as a cocktail lounge<br />
&#8211; 6 subcommittee’s rooms with A/C<br />
&#8211; A 55 bedroom 4* hotel<br />
&#8211; 8 villas with gardens which can house up to 4 people.</p>
<p>TOTAL HOUSING CAPACITY: 130 people</p>
<p>CATERING</p>
<p><span id="s2_1">In these exceptional surroundings, the restaurant is run by the Executive Chef, one of the Best Craftsmen in France. Several options are available: buffets, cocktails, themed workshops, meals served by the plate, brunch; and can be organised both indoors in one of our restaurant or seminar rooms, and outdoors (terrace, pine forest, square, esplanade, beach, etc.)</span><span id="s2_3"><br />
</span></p>
<p>ACTIVITIES</p>
<p>Also, many activities can be organised: Olympics, treasure hunt, catamaran, orienteering race, stand-up paddle, kayak, regatta, petanque, visit of the creeks, escape game, running, construction of go-karts and cardboard boats, yoga, muscular awakening, bicycle, small train, visit of the cellar, diving/snorkeling, rugby, parasailing, towed buoy, flashmob and choir.</p>
<p>Our team is at your disposal to study the organisation of your event and make it a real success!</p>

<p>LES ÎLES PAUL RICARD In Provence, between Toulon and Marseille, the Iles Paul Ricard benefit of an ideal situation to organize your event. You can enjoy quality workspaces with tailored services for a study day of 20 people up to an event with a scale of 600 people with accommodation. Also, numerous outside spaces can [&hellip;]</p>

<!-- This site is optimized with the Yoast SEO plugin v24.0 - https://yoast.com/wordpress/plugins/seo/ -->
<title>Les Iles Paul Ricard - Linkeus Provence Côte d&#039;Azur Events</title>
<meta name="robots" content="index, follow, max-snippet:-1, max-image-preview:large, max-video-preview:-1" />
<link rel="canonical" href="https://www.linkeus.fr/en/produit/les-iles-paul-ricard-2/" />
<meta property="og:locale" content="en_US" />
<meta property="og:type" content="article" />
<meta property="og:title" content="Les Iles Paul Ricard - Linkeus Provence Côte d&#039;Azur Events" />
<meta property="og:description" content="LES ÎLES PAUL RICARD In Provence, between Toulon and Marseille, the Iles Paul Ricard benefit of an ideal situation to organize your event. You can enjoy quality workspaces with tailored services for a study day of 20 people up to an event with a scale of 600 people with accommodation. Also, numerous outside spaces can [&hellip;]" />
<meta property="og:url" content="https://www.linkeus.fr/en/produit/les-iles-paul-ricard-2/" />
<meta property="og:site_name" content="Linkeus Provence Côte d&#039;Azur Events" />
<meta property="article:publisher" content="https://www.facebook.com/ProvenceCotedAzurEvents" />
<meta property="og:image" content="https://www.linkeus.fr/wp-content/uploads/2021/07/pce-image-resaux-sociaux-scaled.jpg" />
	<meta property="og:image:width" content="2560" />
	<meta property="og:image:height" content="1204" />
	<meta property="og:image:type" content="image/jpeg" />
<meta name="twitter:card" content="summary_large_image" />
<meta name="twitter:label1" content="Est. reading time" />
	<meta name="twitter:data1" content="2 minutes" />
<script type="application/ld+json" class="yoast-schema-graph">{"@context":"https://schema.org","@graph":[{"@type":"WebPage","@id":"https://www.linkeus.fr/en/produit/les-iles-paul-ricard-2/","url":"https://www.linkeus.fr/en/produit/les-iles-paul-ricard-2/","name":"Les Iles Paul Ricard - Linkeus Provence Côte d&#039;Azur Events","isPartOf":{"@id":"https://www.linkeus.fr/#website"},"datePublished":"2021-03-29T13:44:23+00:00","dateModified":"2021-03-29T13:44:23+00:00","breadcrumb":{"@id":"https://www.linkeus.fr/en/produit/les-iles-paul-ricard-2/#breadcrumb"},"inLanguage":"en-US","potentialAction":[{"@type":"ReadAction","target":["https://www.linkeus.fr/en/produit/les-iles-paul-ricard-2/"]}]},{"@type":"BreadcrumbList","@id":"https://www.linkeus.fr/en/produit/les-iles-paul-ricard-2/#breadcrumb","itemListElement":[{"@type":"ListItem","position":1,"name":"Accueil","item":"https://www.linkeus.fr/en/"},{"@type":"ListItem","position":2,"name":"Produits","item":"https://www.linkeus.fr/shop/"},{"@type":"ListItem","position":3,"name":"Les Iles Paul Ricard"}]},{"@type":"WebSite","@id":"https://www.linkeus.fr/#website","url":"https://www.linkeus.fr/","name":"Linkeus Provence Côte d&#039;Azur Events","description":"Le bureau des congrès regional : l&#039;interlocuteur privilégié pour l&#039;organisation de vos évènements professionnels en Provence Alpes Côte d&#039;Azur","publisher":{"@id":"https://www.linkeus.fr/#organization"},"potentialAction":[{"@type":"SearchAction","target":{"@type":"EntryPoint","urlTemplate":"https://www.linkeus.fr/?s={search_term_string}"},"query-input":{"@type":"PropertyValueSpecification","valueRequired":true,"valueName":"search_term_string"}}],"inLanguage":"en-US"},{"@type":"Organization","@id":"https://www.linkeus.fr/#organization","name":"Linkeus Provence Côte d&#039;Azur Events","url":"https://www.linkeus.fr/","logo":{"@type":"ImageObject","inLanguage":"en-US","@id":"https://www.linkeus.fr/#/schema/logo/image/","url":"https://www.linkeus.fr/wp-content/uploads/2022/09/log-linkeus290.png","contentUrl":"https://www.linkeus.fr/wp-content/uploads/2022/09/log-linkeus290.png","width":290,"height":100,"caption":"Linkeus Provence Côte d&#039;Azur Events"},"image":{"@id":"https://www.linkeus.fr/#/schema/logo/image/"},"sameAs":["https://www.facebook.com/ProvenceCotedAzurEvents"]}]}</script>
<!-- / Yoast SEO plugin. -->

Les Iles Paul Ricard - Linkeus Provence Côte d&#039;Azur Events

LES ÎLES PAUL RICARD In Provence, between Toulon and Marseille, the Iles Paul Ricard benefit of an ideal situation to organize your event. You can enjoy quality workspaces with tailored services for a study day of 20 people up to an event with a scale of 600 people with accommodation. Also, numerous outside spaces can [&hellip;]

Linkeus Provence Côte d&#039;Azur Events

Le bureau des congrès regional : l&#039;interlocuteur privilégié pour l&#039;organisation de vos évènements professionnels en Provence Alpes Côte d&#039;Azur
