{"id":29311,"date":"2025-05-16T14:26:11","date_gmt":"2025-05-16T12:26:11","guid":{"rendered":"https:\/\/www.linkeus.fr\/adherent\/ibis-styles-toulon-centre-port\/"},"modified":"2026-01-29T14:33:55","modified_gmt":"2026-01-29T13:33:55","slug":"ibis-styles-toulon-centre-port","status":"publish","type":"listing","link":"https:\/\/www.linkeus.fr\/en\/adherent\/ibis-styles-toulon-centre-port\/","title":{"rendered":"Ibis Styles Toulon Centre Port"},"content":{"rendered":"<p><span data-ccp-props=\"{&quot;201341983&quot;:0,&quot;335559739&quot;:0,&quot;335559740&quot;:240}\">\u00a0<\/span><\/p>\n<p><span data-contrast=\"none\">Located in Toulon, Ibis Styles Toulon Centre Port hotel is a 5-minute walk to the harbour and old town. It offers a terrace and provides a continental breakfast.<\/span><br \/>\n<span data-contrast=\"none\">The air-conditioned guest rooms feature satellite TV and modern en suite facilities. All guest rooms are serviced by a lift at Ibis Styles Toulon Centre Port.<\/span><br \/>\n<span data-contrast=\"none\">Traditional French cuisine is served in the restaurant and guests can enjoy a drink in the hotel bar.<\/span><br \/>\n<span data-contrast=\"none\">The hotel is located opposite the Neptune Congress Centre and the famous Mayol Rugby Stadium is a 3-minute walk away. Paid public parking is available nearby.<\/span><span data-ccp-props=\"{&quot;201341983&quot;:0,&quot;335559739&quot;:0,&quot;335559740&quot;:240}\">\u00a0<\/span><\/p>\n","protected":false},"author":3,"featured_media":29324,"comment_status":"open","ping_status":"closed","template":"","meta":{"inline_featured_image":false},"listing_category":[126,127,142],"event_category":[],"service_category":[],"rental_category":[],"classifieds_category":[],"listing_feature":[],"region":[],"class_list":["post-29311","listing","type-listing","status-publish","has-post-thumbnail","hentry","listing_category-3-hotels","listing_category-4-hotels","listing_category-hotels-en"],"yoast_head":"<!-- This site is optimized with the Yoast SEO plugin v24.0 - https:\/\/yoast.com\/wordpress\/plugins\/seo\/ -->\n<title>Ibis Styles Toulon Centre Port agence \u00e9v\u00e8nementielle artistique- Linkeus Provence C\u00f4te d&#039;Azur Events<\/title>\n<meta name=\"description\" content=\"Located in Toulon, Ibis Styles Toulon Centre Port hotel is a 5-minute walk to the harbour and old town. It offers a terrace and provides a continental breakfast.\" \/>\n<meta name=\"robots\" content=\"index, follow, max-snippet:-1, max-image-preview:large, max-video-preview:-1\" \/>\n<link rel=\"canonical\" href=\"https:\/\/www.linkeus.fr\/en\/adherent\/ibis-styles-toulon-centre-port\/\" \/>\n<meta property=\"og:locale\" content=\"en_US\" \/>\n<meta property=\"og:type\" content=\"article\" \/>\n<meta property=\"og:title\" content=\"Ibis Styles Toulon Centre Port agence \u00e9v\u00e8nementielle artistique- Linkeus Provence C\u00f4te d&#039;Azur Events\" \/>\n<meta property=\"og:description\" content=\"Located in Toulon, Ibis Styles Toulon Centre Port hotel is a 5-minute walk to the harbour and old town. It offers a terrace and provides a continental breakfast.\" \/>\n<meta property=\"og:url\" content=\"https:\/\/www.linkeus.fr\/en\/adherent\/ibis-styles-toulon-centre-port\/\" \/>\n<meta property=\"og:site_name\" content=\"Linkeus Provence C\u00f4te d&#039;Azur Events\" \/>\n<meta property=\"article:publisher\" content=\"https:\/\/www.facebook.com\/ProvenceCotedAzurEvents\" \/>\n<meta property=\"article:modified_time\" content=\"2026-01-29T13:33:55+00:00\" \/>\n<meta property=\"og:image\" content=\"https:\/\/www.linkeus.fr\/wp-content\/uploads\/2025\/05\/IMGP3657.jpg\" \/>\n\t<meta property=\"og:image:width\" content=\"1024\" \/>\n\t<meta property=\"og:image:height\" content=\"678\" \/>\n\t<meta property=\"og:image:type\" content=\"image\/jpeg\" \/>\n<meta name=\"twitter:card\" content=\"summary_large_image\" \/>\n<meta name=\"twitter:label1\" content=\"Est. reading time\" \/>\n\t<meta name=\"twitter:data1\" content=\"1 minute\" \/>\n<script type=\"application\/ld+json\" class=\"yoast-schema-graph\">{\"@context\":\"https:\/\/schema.org\",\"@graph\":[{\"@type\":\"WebPage\",\"@id\":\"https:\/\/www.linkeus.fr\/en\/adherent\/ibis-styles-toulon-centre-port\/\",\"url\":\"https:\/\/www.linkeus.fr\/en\/adherent\/ibis-styles-toulon-centre-port\/\",\"name\":\"Ibis Styles Toulon Centre Port agence \u00e9v\u00e8nementielle artistique- Linkeus Provence C\u00f4te d&#039;Azur Events\",\"isPartOf\":{\"@id\":\"https:\/\/www.linkeus.fr\/#website\"},\"primaryImageOfPage\":{\"@id\":\"https:\/\/www.linkeus.fr\/en\/adherent\/ibis-styles-toulon-centre-port\/#primaryimage\"},\"image\":{\"@id\":\"https:\/\/www.linkeus.fr\/en\/adherent\/ibis-styles-toulon-centre-port\/#primaryimage\"},\"thumbnailUrl\":\"https:\/\/www.linkeus.fr\/wp-content\/uploads\/2025\/05\/IMGP3657.jpg\",\"datePublished\":\"2025-05-16T12:26:11+00:00\",\"dateModified\":\"2026-01-29T13:33:55+00:00\",\"description\":\"Located in Toulon, Ibis Styles Toulon Centre Port hotel is a 5-minute walk to the harbour and old town. It offers a terrace and provides a continental breakfast.\",\"breadcrumb\":{\"@id\":\"https:\/\/www.linkeus.fr\/en\/adherent\/ibis-styles-toulon-centre-port\/#breadcrumb\"},\"inLanguage\":\"en-US\",\"potentialAction\":[{\"@type\":\"ReadAction\",\"target\":[\"https:\/\/www.linkeus.fr\/en\/adherent\/ibis-styles-toulon-centre-port\/\"]}]},{\"@type\":\"ImageObject\",\"inLanguage\":\"en-US\",\"@id\":\"https:\/\/www.linkeus.fr\/en\/adherent\/ibis-styles-toulon-centre-port\/#primaryimage\",\"url\":\"https:\/\/www.linkeus.fr\/wp-content\/uploads\/2025\/05\/IMGP3657.jpg\",\"contentUrl\":\"https:\/\/www.linkeus.fr\/wp-content\/uploads\/2025\/05\/IMGP3657.jpg\",\"width\":1024,\"height\":678},{\"@type\":\"BreadcrumbList\",\"@id\":\"https:\/\/www.linkeus.fr\/en\/adherent\/ibis-styles-toulon-centre-port\/#breadcrumb\",\"itemListElement\":[{\"@type\":\"ListItem\",\"position\":1,\"name\":\"Accueil\",\"item\":\"https:\/\/www.linkeus.fr\/en\/\"},{\"@type\":\"ListItem\",\"position\":2,\"name\":\"Annonces\",\"item\":\"https:\/\/www.linkeus.fr\/adherents\/\"},{\"@type\":\"ListItem\",\"position\":3,\"name\":\"Ibis Styles Toulon Centre Port\"}]},{\"@type\":\"WebSite\",\"@id\":\"https:\/\/www.linkeus.fr\/#website\",\"url\":\"https:\/\/www.linkeus.fr\/\",\"name\":\"Linkeus Provence C\u00f4te d&#039;Azur Events\",\"description\":\"Le bureau des congr\u00e8s regional : l&#039;interlocuteur privil\u00e9gi\u00e9 pour l&#039;organisation de vos \u00e9v\u00e8nements professionnels en Provence Alpes C\u00f4te d&#039;Azur\",\"publisher\":{\"@id\":\"https:\/\/www.linkeus.fr\/#organization\"},\"potentialAction\":[{\"@type\":\"SearchAction\",\"target\":{\"@type\":\"EntryPoint\",\"urlTemplate\":\"https:\/\/www.linkeus.fr\/?s={search_term_string}\"},\"query-input\":{\"@type\":\"PropertyValueSpecification\",\"valueRequired\":true,\"valueName\":\"search_term_string\"}}],\"inLanguage\":\"en-US\"},{\"@type\":\"Organization\",\"@id\":\"https:\/\/www.linkeus.fr\/#organization\",\"name\":\"Linkeus Provence C\u00f4te d&#039;Azur Events\",\"url\":\"https:\/\/www.linkeus.fr\/\",\"logo\":{\"@type\":\"ImageObject\",\"inLanguage\":\"en-US\",\"@id\":\"https:\/\/www.linkeus.fr\/#\/schema\/logo\/image\/\",\"url\":\"https:\/\/www.linkeus.fr\/wp-content\/uploads\/2022\/09\/log-linkeus290.png\",\"contentUrl\":\"https:\/\/www.linkeus.fr\/wp-content\/uploads\/2022\/09\/log-linkeus290.png\",\"width\":290,\"height\":100,\"caption\":\"Linkeus Provence C\u00f4te d&#039;Azur Events\"},\"image\":{\"@id\":\"https:\/\/www.linkeus.fr\/#\/schema\/logo\/image\/\"},\"sameAs\":[\"https:\/\/www.facebook.com\/ProvenceCotedAzurEvents\"]}]}<\/script>\n<!-- \/ Yoast SEO plugin. -->","yoast_head_json":{"title":"Ibis Styles Toulon Centre Port agence \u00e9v\u00e8nementielle artistique- Linkeus Provence C\u00f4te d&#039;Azur Events","description":"Located in Toulon, Ibis Styles Toulon Centre Port hotel is a 5-minute walk to the harbour and old town. It offers a terrace and provides a continental breakfast.","robots":{"index":"index","follow":"follow","max-snippet":"max-snippet:-1","max-image-preview":"max-image-preview:large","max-video-preview":"max-video-preview:-1"},"canonical":"https:\/\/www.linkeus.fr\/en\/adherent\/ibis-styles-toulon-centre-port\/","og_locale":"en_US","og_type":"article","og_title":"Ibis Styles Toulon Centre Port agence \u00e9v\u00e8nementielle artistique- Linkeus Provence C\u00f4te d&#039;Azur Events","og_description":"Located in Toulon, Ibis Styles Toulon Centre Port hotel is a 5-minute walk to the harbour and old town. It offers a terrace and provides a continental breakfast.","og_url":"https:\/\/www.linkeus.fr\/en\/adherent\/ibis-styles-toulon-centre-port\/","og_site_name":"Linkeus Provence C\u00f4te d&#039;Azur Events","article_publisher":"https:\/\/www.facebook.com\/ProvenceCotedAzurEvents","article_modified_time":"2026-01-29T13:33:55+00:00","og_image":[{"width":1024,"height":678,"url":"https:\/\/www.linkeus.fr\/wp-content\/uploads\/2025\/05\/IMGP3657.jpg","type":"image\/jpeg"}],"twitter_card":"summary_large_image","twitter_misc":{"Est. reading time":"1 minute"},"schema":{"@context":"https:\/\/schema.org","@graph":[{"@type":"WebPage","@id":"https:\/\/www.linkeus.fr\/en\/adherent\/ibis-styles-toulon-centre-port\/","url":"https:\/\/www.linkeus.fr\/en\/adherent\/ibis-styles-toulon-centre-port\/","name":"Ibis Styles Toulon Centre Port agence \u00e9v\u00e8nementielle artistique- Linkeus Provence C\u00f4te d&#039;Azur Events","isPartOf":{"@id":"https:\/\/www.linkeus.fr\/#website"},"primaryImageOfPage":{"@id":"https:\/\/www.linkeus.fr\/en\/adherent\/ibis-styles-toulon-centre-port\/#primaryimage"},"image":{"@id":"https:\/\/www.linkeus.fr\/en\/adherent\/ibis-styles-toulon-centre-port\/#primaryimage"},"thumbnailUrl":"https:\/\/www.linkeus.fr\/wp-content\/uploads\/2025\/05\/IMGP3657.jpg","datePublished":"2025-05-16T12:26:11+00:00","dateModified":"2026-01-29T13:33:55+00:00","description":"Located in Toulon, Ibis Styles Toulon Centre Port hotel is a 5-minute walk to the harbour and old town. It offers a terrace and provides a continental breakfast.","breadcrumb":{"@id":"https:\/\/www.linkeus.fr\/en\/adherent\/ibis-styles-toulon-centre-port\/#breadcrumb"},"inLanguage":"en-US","potentialAction":[{"@type":"ReadAction","target":["https:\/\/www.linkeus.fr\/en\/adherent\/ibis-styles-toulon-centre-port\/"]}]},{"@type":"ImageObject","inLanguage":"en-US","@id":"https:\/\/www.linkeus.fr\/en\/adherent\/ibis-styles-toulon-centre-port\/#primaryimage","url":"https:\/\/www.linkeus.fr\/wp-content\/uploads\/2025\/05\/IMGP3657.jpg","contentUrl":"https:\/\/www.linkeus.fr\/wp-content\/uploads\/2025\/05\/IMGP3657.jpg","width":1024,"height":678},{"@type":"BreadcrumbList","@id":"https:\/\/www.linkeus.fr\/en\/adherent\/ibis-styles-toulon-centre-port\/#breadcrumb","itemListElement":[{"@type":"ListItem","position":1,"name":"Accueil","item":"https:\/\/www.linkeus.fr\/en\/"},{"@type":"ListItem","position":2,"name":"Annonces","item":"https:\/\/www.linkeus.fr\/adherents\/"},{"@type":"ListItem","position":3,"name":"Ibis Styles Toulon Centre Port"}]},{"@type":"WebSite","@id":"https:\/\/www.linkeus.fr\/#website","url":"https:\/\/www.linkeus.fr\/","name":"Linkeus Provence C\u00f4te d&#039;Azur Events","description":"Le bureau des congr\u00e8s regional : l&#039;interlocuteur privil\u00e9gi\u00e9 pour l&#039;organisation de vos \u00e9v\u00e8nements professionnels en Provence Alpes C\u00f4te d&#039;Azur","publisher":{"@id":"https:\/\/www.linkeus.fr\/#organization"},"potentialAction":[{"@type":"SearchAction","target":{"@type":"EntryPoint","urlTemplate":"https:\/\/www.linkeus.fr\/?s={search_term_string}"},"query-input":{"@type":"PropertyValueSpecification","valueRequired":true,"valueName":"search_term_string"}}],"inLanguage":"en-US"},{"@type":"Organization","@id":"https:\/\/www.linkeus.fr\/#organization","name":"Linkeus Provence C\u00f4te d&#039;Azur Events","url":"https:\/\/www.linkeus.fr\/","logo":{"@type":"ImageObject","inLanguage":"en-US","@id":"https:\/\/www.linkeus.fr\/#\/schema\/logo\/image\/","url":"https:\/\/www.linkeus.fr\/wp-content\/uploads\/2022\/09\/log-linkeus290.png","contentUrl":"https:\/\/www.linkeus.fr\/wp-content\/uploads\/2022\/09\/log-linkeus290.png","width":290,"height":100,"caption":"Linkeus Provence C\u00f4te d&#039;Azur Events"},"image":{"@id":"https:\/\/www.linkeus.fr\/#\/schema\/logo\/image\/"},"sameAs":["https:\/\/www.facebook.com\/ProvenceCotedAzurEvents"]}]}},"_links":{"self":[{"href":"https:\/\/www.linkeus.fr\/en\/wp-json\/wp\/v2\/listing\/29311","targetHints":{"allow":["GET"]}}],"collection":[{"href":"https:\/\/www.linkeus.fr\/en\/wp-json\/wp\/v2\/listing"}],"about":[{"href":"https:\/\/www.linkeus.fr\/en\/wp-json\/wp\/v2\/types\/listing"}],"author":[{"embeddable":true,"href":"https:\/\/www.linkeus.fr\/en\/wp-json\/wp\/v2\/users\/3"}],"replies":[{"embeddable":true,"href":"https:\/\/www.linkeus.fr\/en\/wp-json\/wp\/v2\/comments?post=29311"}],"wp:featuredmedia":[{"embeddable":true,"href":"https:\/\/www.linkeus.fr\/en\/wp-json\/wp\/v2\/media\/29324"}],"wp:attachment":[{"href":"https:\/\/www.linkeus.fr\/en\/wp-json\/wp\/v2\/media?parent=29311"}],"wp:term":[{"taxonomy":"listing_category","embeddable":true,"href":"https:\/\/www.linkeus.fr\/en\/wp-json\/wp\/v2\/listing_category?post=29311"},{"taxonomy":"event_category","embeddable":true,"href":"https:\/\/www.linkeus.fr\/en\/wp-json\/wp\/v2\/event_category?post=29311"},{"taxonomy":"service_category","embeddable":true,"href":"https:\/\/www.linkeus.fr\/en\/wp-json\/wp\/v2\/service_category?post=29311"},{"taxonomy":"rental_category","embeddable":true,"href":"https:\/\/www.linkeus.fr\/en\/wp-json\/wp\/v2\/rental_category?post=29311"},{"taxonomy":"classifieds_category","embeddable":true,"href":"https:\/\/www.linkeus.fr\/en\/wp-json\/wp\/v2\/classifieds_category?post=29311"},{"taxonomy":"listing_feature","embeddable":true,"href":"https:\/\/www.linkeus.fr\/en\/wp-json\/wp\/v2\/listing_feature?post=29311"},{"taxonomy":"region","embeddable":true,"href":"https:\/\/www.linkeus.fr\/en\/wp-json\/wp\/v2\/region?post=29311"}],"curies":[{"name":"wp","href":"https:\/\/api.w.org\/{rel}","templated":true}]}}

<!-- This site is optimized with the Yoast SEO plugin v24.0 - https://yoast.com/wordpress/plugins/seo/ -->
<title>Ibis Styles Toulon Centre Port agence évènementielle artistique- Linkeus Provence Côte d&#039;Azur Events</title>
<meta name="description" content="Located in Toulon, Ibis Styles Toulon Centre Port hotel is a 5-minute walk to the harbour and old town. It offers a terrace and provides a continental breakfast." />
<meta name="robots" content="index, follow, max-snippet:-1, max-image-preview:large, max-video-preview:-1" />
<link rel="canonical" href="https://www.linkeus.fr/en/adherent/ibis-styles-toulon-centre-port/" />
<meta property="og:locale" content="en_US" />
<meta property="og:type" content="article" />
<meta property="og:title" content="Ibis Styles Toulon Centre Port agence évènementielle artistique- Linkeus Provence Côte d&#039;Azur Events" />
<meta property="og:description" content="Located in Toulon, Ibis Styles Toulon Centre Port hotel is a 5-minute walk to the harbour and old town. It offers a terrace and provides a continental breakfast." />
<meta property="og:url" content="https://www.linkeus.fr/en/adherent/ibis-styles-toulon-centre-port/" />
<meta property="og:site_name" content="Linkeus Provence Côte d&#039;Azur Events" />
<meta property="article:publisher" content="https://www.facebook.com/ProvenceCotedAzurEvents" />
<meta property="article:modified_time" content="2026-01-29T13:33:55+00:00" />
<meta property="og:image" content="https://www.linkeus.fr/wp-content/uploads/2025/05/IMGP3657.jpg" />
	<meta property="og:image:width" content="1024" />
	<meta property="og:image:height" content="678" />
	<meta property="og:image:type" content="image/jpeg" />
<meta name="twitter:card" content="summary_large_image" />
<meta name="twitter:label1" content="Est. reading time" />
	<meta name="twitter:data1" content="1 minute" />
<script type="application/ld+json" class="yoast-schema-graph">{"@context":"https://schema.org","@graph":[{"@type":"WebPage","@id":"https://www.linkeus.fr/en/adherent/ibis-styles-toulon-centre-port/","url":"https://www.linkeus.fr/en/adherent/ibis-styles-toulon-centre-port/","name":"Ibis Styles Toulon Centre Port agence évènementielle artistique- Linkeus Provence Côte d&#039;Azur Events","isPartOf":{"@id":"https://www.linkeus.fr/#website"},"primaryImageOfPage":{"@id":"https://www.linkeus.fr/en/adherent/ibis-styles-toulon-centre-port/#primaryimage"},"image":{"@id":"https://www.linkeus.fr/en/adherent/ibis-styles-toulon-centre-port/#primaryimage"},"thumbnailUrl":"https://www.linkeus.fr/wp-content/uploads/2025/05/IMGP3657.jpg","datePublished":"2025-05-16T12:26:11+00:00","dateModified":"2026-01-29T13:33:55+00:00","description":"Located in Toulon, Ibis Styles Toulon Centre Port hotel is a 5-minute walk to the harbour and old town. It offers a terrace and provides a continental breakfast.","breadcrumb":{"@id":"https://www.linkeus.fr/en/adherent/ibis-styles-toulon-centre-port/#breadcrumb"},"inLanguage":"en-US","potentialAction":[{"@type":"ReadAction","target":["https://www.linkeus.fr/en/adherent/ibis-styles-toulon-centre-port/"]}]},{"@type":"ImageObject","inLanguage":"en-US","@id":"https://www.linkeus.fr/en/adherent/ibis-styles-toulon-centre-port/#primaryimage","url":"https://www.linkeus.fr/wp-content/uploads/2025/05/IMGP3657.jpg","contentUrl":"https://www.linkeus.fr/wp-content/uploads/2025/05/IMGP3657.jpg","width":1024,"height":678},{"@type":"BreadcrumbList","@id":"https://www.linkeus.fr/en/adherent/ibis-styles-toulon-centre-port/#breadcrumb","itemListElement":[{"@type":"ListItem","position":1,"name":"Accueil","item":"https://www.linkeus.fr/en/"},{"@type":"ListItem","position":2,"name":"Annonces","item":"https://www.linkeus.fr/adherents/"},{"@type":"ListItem","position":3,"name":"Ibis Styles Toulon Centre Port"}]},{"@type":"WebSite","@id":"https://www.linkeus.fr/#website","url":"https://www.linkeus.fr/","name":"Linkeus Provence Côte d&#039;Azur Events","description":"Le bureau des congrès regional : l&#039;interlocuteur privilégié pour l&#039;organisation de vos évènements professionnels en Provence Alpes Côte d&#039;Azur","publisher":{"@id":"https://www.linkeus.fr/#organization"},"potentialAction":[{"@type":"SearchAction","target":{"@type":"EntryPoint","urlTemplate":"https://www.linkeus.fr/?s={search_term_string}"},"query-input":{"@type":"PropertyValueSpecification","valueRequired":true,"valueName":"search_term_string"}}],"inLanguage":"en-US"},{"@type":"Organization","@id":"https://www.linkeus.fr/#organization","name":"Linkeus Provence Côte d&#039;Azur Events","url":"https://www.linkeus.fr/","logo":{"@type":"ImageObject","inLanguage":"en-US","@id":"https://www.linkeus.fr/#/schema/logo/image/","url":"https://www.linkeus.fr/wp-content/uploads/2022/09/log-linkeus290.png","contentUrl":"https://www.linkeus.fr/wp-content/uploads/2022/09/log-linkeus290.png","width":290,"height":100,"caption":"Linkeus Provence Côte d&#039;Azur Events"},"image":{"@id":"https://www.linkeus.fr/#/schema/logo/image/"},"sameAs":["https://www.facebook.com/ProvenceCotedAzurEvents"]}]}</script>
<!-- / Yoast SEO plugin. -->

Ibis Styles Toulon Centre Port agence évènementielle artistique- Linkeus Provence Côte d&#039;Azur Events

Linkeus Provence Côte d&#039;Azur Events

Le bureau des congrès regional : l&#039;interlocuteur privilégié pour l&#039;organisation de vos évènements professionnels en Provence Alpes Côte d&#039;Azur
