{"id":15615,"date":"2020-08-11T14:46:47","date_gmt":"2020-08-11T12:46:47","guid":{"rendered":"https:\/\/www.linkeus.fr\/\/listing\/abbaye-de-sainte-croix\/"},"modified":"2022-11-21T12:58:42","modified_gmt":"2022-11-21T11:58:42","slug":"abbaye-de-sainte-croix","status":"publish","type":"listing","link":"https:\/\/www.linkeus.fr\/en\/adherent\/abbaye-de-sainte-croix\/","title":{"rendered":"Abbaye de Sainte Croix"},"content":{"rendered":"<p>Overlooking Salon de Provence, l\u2019Abbaye de Sainte Croix welcomes you: 25 rooms, panoramic terrace, restaurant, 2 meeting rooms, 1 chapel, swimming pool and 20 hectares of pinery.<\/p>\n","protected":false},"author":2,"featured_media":4698,"comment_status":"open","ping_status":"closed","template":"","meta":{"inline_featured_image":false},"listing_category":[127,142],"event_category":[],"service_category":[],"rental_category":[143],"classifieds_category":[],"listing_feature":[],"region":[112],"class_list":["post-15615","listing","type-listing","status-publish","has-post-thumbnail","hentry","listing_category-4-hotels","listing_category-hotels-en","rental_category-adherents-bedouk","region-provence-alpes-cote-dazur-en"],"yoast_head":"<!-- This site is optimized with the Yoast SEO plugin v24.0 - https:\/\/yoast.com\/wordpress\/plugins\/seo\/ -->\n<title>Abbaye de Sainte Croix - Linkeus Provence C\u00f4te d&#039;Azur Events<\/title>\n<meta name=\"robots\" content=\"index, follow, max-snippet:-1, max-image-preview:large, max-video-preview:-1\" \/>\n<link rel=\"canonical\" href=\"https:\/\/www.linkeus.fr\/en\/adherent\/abbaye-de-sainte-croix\/\" \/>\n<meta property=\"og:locale\" content=\"en_US\" \/>\n<meta property=\"og:type\" content=\"article\" \/>\n<meta property=\"og:title\" content=\"Abbaye de Sainte Croix - Linkeus Provence C\u00f4te d&#039;Azur Events\" \/>\n<meta property=\"og:description\" content=\"Overlooking Salon de Provence, l\u2019Abbaye de Sainte Croix welcomes you: 25 rooms, panoramic terrace, restaurant, 2 meeting rooms, 1 chapel, swimming pool and 20 hectares of pinery.\" \/>\n<meta property=\"og:url\" content=\"https:\/\/www.linkeus.fr\/en\/adherent\/abbaye-de-sainte-croix\/\" \/>\n<meta property=\"og:site_name\" content=\"Linkeus Provence C\u00f4te d&#039;Azur Events\" \/>\n<meta property=\"article:publisher\" content=\"https:\/\/www.facebook.com\/ProvenceCotedAzurEvents\" \/>\n<meta property=\"article:modified_time\" content=\"2022-11-21T11:58:42+00:00\" \/>\n<meta property=\"og:image\" content=\"https:\/\/www.linkeus.fr\/wp-content\/uploads\/2020\/08\/161121.Logo_declinaison-etablissement-abbaye-de-sainte-croix_RVB-beige_GARRIGAE.png\" \/>\n\t<meta property=\"og:image:width\" content=\"3543\" \/>\n\t<meta property=\"og:image:height\" content=\"1754\" \/>\n\t<meta property=\"og:image:type\" content=\"image\/png\" \/>\n<meta name=\"twitter:card\" content=\"summary_large_image\" \/>\n<script type=\"application\/ld+json\" class=\"yoast-schema-graph\">{\"@context\":\"https:\/\/schema.org\",\"@graph\":[{\"@type\":\"WebPage\",\"@id\":\"https:\/\/www.linkeus.fr\/en\/adherent\/abbaye-de-sainte-croix\/\",\"url\":\"https:\/\/www.linkeus.fr\/en\/adherent\/abbaye-de-sainte-croix\/\",\"name\":\"Abbaye de Sainte Croix - Linkeus Provence C\u00f4te d&#039;Azur Events\",\"isPartOf\":{\"@id\":\"https:\/\/www.linkeus.fr\/#website\"},\"primaryImageOfPage\":{\"@id\":\"https:\/\/www.linkeus.fr\/en\/adherent\/abbaye-de-sainte-croix\/#primaryimage\"},\"image\":{\"@id\":\"https:\/\/www.linkeus.fr\/en\/adherent\/abbaye-de-sainte-croix\/#primaryimage\"},\"thumbnailUrl\":\"https:\/\/www.linkeus.fr\/wp-content\/uploads\/2020\/08\/161121.Logo_declinaison-etablissement-abbaye-de-sainte-croix_RVB-beige_GARRIGAE.png\",\"datePublished\":\"2020-08-11T12:46:47+00:00\",\"dateModified\":\"2022-11-21T11:58:42+00:00\",\"breadcrumb\":{\"@id\":\"https:\/\/www.linkeus.fr\/en\/adherent\/abbaye-de-sainte-croix\/#breadcrumb\"},\"inLanguage\":\"en-US\",\"potentialAction\":[{\"@type\":\"ReadAction\",\"target\":[\"https:\/\/www.linkeus.fr\/en\/adherent\/abbaye-de-sainte-croix\/\"]}]},{\"@type\":\"ImageObject\",\"inLanguage\":\"en-US\",\"@id\":\"https:\/\/www.linkeus.fr\/en\/adherent\/abbaye-de-sainte-croix\/#primaryimage\",\"url\":\"https:\/\/www.linkeus.fr\/wp-content\/uploads\/2020\/08\/161121.Logo_declinaison-etablissement-abbaye-de-sainte-croix_RVB-beige_GARRIGAE.png\",\"contentUrl\":\"https:\/\/www.linkeus.fr\/wp-content\/uploads\/2020\/08\/161121.Logo_declinaison-etablissement-abbaye-de-sainte-croix_RVB-beige_GARRIGAE.png\",\"width\":3543,\"height\":1754,\"caption\":\"Abbaye de Sainte Croix\"},{\"@type\":\"BreadcrumbList\",\"@id\":\"https:\/\/www.linkeus.fr\/en\/adherent\/abbaye-de-sainte-croix\/#breadcrumb\",\"itemListElement\":[{\"@type\":\"ListItem\",\"position\":1,\"name\":\"Accueil\",\"item\":\"https:\/\/www.linkeus.fr\/en\/\"},{\"@type\":\"ListItem\",\"position\":2,\"name\":\"Annonces\",\"item\":\"https:\/\/www.linkeus.fr\/adherents\/\"},{\"@type\":\"ListItem\",\"position\":3,\"name\":\"Abbaye de Sainte Croix\"}]},{\"@type\":\"WebSite\",\"@id\":\"https:\/\/www.linkeus.fr\/#website\",\"url\":\"https:\/\/www.linkeus.fr\/\",\"name\":\"Linkeus Provence C\u00f4te d&#039;Azur Events\",\"description\":\"Le bureau des congr\u00e8s regional : l&#039;interlocuteur privil\u00e9gi\u00e9 pour l&#039;organisation de vos \u00e9v\u00e8nements professionnels en Provence Alpes C\u00f4te d&#039;Azur\",\"publisher\":{\"@id\":\"https:\/\/www.linkeus.fr\/#organization\"},\"potentialAction\":[{\"@type\":\"SearchAction\",\"target\":{\"@type\":\"EntryPoint\",\"urlTemplate\":\"https:\/\/www.linkeus.fr\/?s={search_term_string}\"},\"query-input\":{\"@type\":\"PropertyValueSpecification\",\"valueRequired\":true,\"valueName\":\"search_term_string\"}}],\"inLanguage\":\"en-US\"},{\"@type\":\"Organization\",\"@id\":\"https:\/\/www.linkeus.fr\/#organization\",\"name\":\"Linkeus Provence C\u00f4te d&#039;Azur Events\",\"url\":\"https:\/\/www.linkeus.fr\/\",\"logo\":{\"@type\":\"ImageObject\",\"inLanguage\":\"en-US\",\"@id\":\"https:\/\/www.linkeus.fr\/#\/schema\/logo\/image\/\",\"url\":\"https:\/\/www.linkeus.fr\/wp-content\/uploads\/2022\/09\/log-linkeus290.png\",\"contentUrl\":\"https:\/\/www.linkeus.fr\/wp-content\/uploads\/2022\/09\/log-linkeus290.png\",\"width\":290,\"height\":100,\"caption\":\"Linkeus Provence C\u00f4te d&#039;Azur Events\"},\"image\":{\"@id\":\"https:\/\/www.linkeus.fr\/#\/schema\/logo\/image\/\"},\"sameAs\":[\"https:\/\/www.facebook.com\/ProvenceCotedAzurEvents\"]}]}<\/script>\n<!-- \/ Yoast SEO plugin. -->","yoast_head_json":{"title":"Abbaye de Sainte Croix - Linkeus Provence C\u00f4te d&#039;Azur Events","robots":{"index":"index","follow":"follow","max-snippet":"max-snippet:-1","max-image-preview":"max-image-preview:large","max-video-preview":"max-video-preview:-1"},"canonical":"https:\/\/www.linkeus.fr\/en\/adherent\/abbaye-de-sainte-croix\/","og_locale":"en_US","og_type":"article","og_title":"Abbaye de Sainte Croix - Linkeus Provence C\u00f4te d&#039;Azur Events","og_description":"Overlooking Salon de Provence, l\u2019Abbaye de Sainte Croix welcomes you: 25 rooms, panoramic terrace, restaurant, 2 meeting rooms, 1 chapel, swimming pool and 20 hectares of pinery.","og_url":"https:\/\/www.linkeus.fr\/en\/adherent\/abbaye-de-sainte-croix\/","og_site_name":"Linkeus Provence C\u00f4te d&#039;Azur Events","article_publisher":"https:\/\/www.facebook.com\/ProvenceCotedAzurEvents","article_modified_time":"2022-11-21T11:58:42+00:00","og_image":[{"width":3543,"height":1754,"url":"https:\/\/www.linkeus.fr\/wp-content\/uploads\/2020\/08\/161121.Logo_declinaison-etablissement-abbaye-de-sainte-croix_RVB-beige_GARRIGAE.png","type":"image\/png"}],"twitter_card":"summary_large_image","schema":{"@context":"https:\/\/schema.org","@graph":[{"@type":"WebPage","@id":"https:\/\/www.linkeus.fr\/en\/adherent\/abbaye-de-sainte-croix\/","url":"https:\/\/www.linkeus.fr\/en\/adherent\/abbaye-de-sainte-croix\/","name":"Abbaye de Sainte Croix - Linkeus Provence C\u00f4te d&#039;Azur Events","isPartOf":{"@id":"https:\/\/www.linkeus.fr\/#website"},"primaryImageOfPage":{"@id":"https:\/\/www.linkeus.fr\/en\/adherent\/abbaye-de-sainte-croix\/#primaryimage"},"image":{"@id":"https:\/\/www.linkeus.fr\/en\/adherent\/abbaye-de-sainte-croix\/#primaryimage"},"thumbnailUrl":"https:\/\/www.linkeus.fr\/wp-content\/uploads\/2020\/08\/161121.Logo_declinaison-etablissement-abbaye-de-sainte-croix_RVB-beige_GARRIGAE.png","datePublished":"2020-08-11T12:46:47+00:00","dateModified":"2022-11-21T11:58:42+00:00","breadcrumb":{"@id":"https:\/\/www.linkeus.fr\/en\/adherent\/abbaye-de-sainte-croix\/#breadcrumb"},"inLanguage":"en-US","potentialAction":[{"@type":"ReadAction","target":["https:\/\/www.linkeus.fr\/en\/adherent\/abbaye-de-sainte-croix\/"]}]},{"@type":"ImageObject","inLanguage":"en-US","@id":"https:\/\/www.linkeus.fr\/en\/adherent\/abbaye-de-sainte-croix\/#primaryimage","url":"https:\/\/www.linkeus.fr\/wp-content\/uploads\/2020\/08\/161121.Logo_declinaison-etablissement-abbaye-de-sainte-croix_RVB-beige_GARRIGAE.png","contentUrl":"https:\/\/www.linkeus.fr\/wp-content\/uploads\/2020\/08\/161121.Logo_declinaison-etablissement-abbaye-de-sainte-croix_RVB-beige_GARRIGAE.png","width":3543,"height":1754,"caption":"Abbaye de Sainte Croix"},{"@type":"BreadcrumbList","@id":"https:\/\/www.linkeus.fr\/en\/adherent\/abbaye-de-sainte-croix\/#breadcrumb","itemListElement":[{"@type":"ListItem","position":1,"name":"Accueil","item":"https:\/\/www.linkeus.fr\/en\/"},{"@type":"ListItem","position":2,"name":"Annonces","item":"https:\/\/www.linkeus.fr\/adherents\/"},{"@type":"ListItem","position":3,"name":"Abbaye de Sainte Croix"}]},{"@type":"WebSite","@id":"https:\/\/www.linkeus.fr\/#website","url":"https:\/\/www.linkeus.fr\/","name":"Linkeus Provence C\u00f4te d&#039;Azur Events","description":"Le bureau des congr\u00e8s regional : l&#039;interlocuteur privil\u00e9gi\u00e9 pour l&#039;organisation de vos \u00e9v\u00e8nements professionnels en Provence Alpes C\u00f4te d&#039;Azur","publisher":{"@id":"https:\/\/www.linkeus.fr\/#organization"},"potentialAction":[{"@type":"SearchAction","target":{"@type":"EntryPoint","urlTemplate":"https:\/\/www.linkeus.fr\/?s={search_term_string}"},"query-input":{"@type":"PropertyValueSpecification","valueRequired":true,"valueName":"search_term_string"}}],"inLanguage":"en-US"},{"@type":"Organization","@id":"https:\/\/www.linkeus.fr\/#organization","name":"Linkeus Provence C\u00f4te d&#039;Azur Events","url":"https:\/\/www.linkeus.fr\/","logo":{"@type":"ImageObject","inLanguage":"en-US","@id":"https:\/\/www.linkeus.fr\/#\/schema\/logo\/image\/","url":"https:\/\/www.linkeus.fr\/wp-content\/uploads\/2022\/09\/log-linkeus290.png","contentUrl":"https:\/\/www.linkeus.fr\/wp-content\/uploads\/2022\/09\/log-linkeus290.png","width":290,"height":100,"caption":"Linkeus Provence C\u00f4te d&#039;Azur Events"},"image":{"@id":"https:\/\/www.linkeus.fr\/#\/schema\/logo\/image\/"},"sameAs":["https:\/\/www.facebook.com\/ProvenceCotedAzurEvents"]}]}},"_links":{"self":[{"href":"https:\/\/www.linkeus.fr\/en\/wp-json\/wp\/v2\/listing\/15615","targetHints":{"allow":["GET"]}}],"collection":[{"href":"https:\/\/www.linkeus.fr\/en\/wp-json\/wp\/v2\/listing"}],"about":[{"href":"https:\/\/www.linkeus.fr\/en\/wp-json\/wp\/v2\/types\/listing"}],"author":[{"embeddable":true,"href":"https:\/\/www.linkeus.fr\/en\/wp-json\/wp\/v2\/users\/2"}],"replies":[{"embeddable":true,"href":"https:\/\/www.linkeus.fr\/en\/wp-json\/wp\/v2\/comments?post=15615"}],"wp:featuredmedia":[{"embeddable":true,"href":"https:\/\/www.linkeus.fr\/en\/wp-json\/wp\/v2\/media\/4698"}],"wp:attachment":[{"href":"https:\/\/www.linkeus.fr\/en\/wp-json\/wp\/v2\/media?parent=15615"}],"wp:term":[{"taxonomy":"listing_category","embeddable":true,"href":"https:\/\/www.linkeus.fr\/en\/wp-json\/wp\/v2\/listing_category?post=15615"},{"taxonomy":"event_category","embeddable":true,"href":"https:\/\/www.linkeus.fr\/en\/wp-json\/wp\/v2\/event_category?post=15615"},{"taxonomy":"service_category","embeddable":true,"href":"https:\/\/www.linkeus.fr\/en\/wp-json\/wp\/v2\/service_category?post=15615"},{"taxonomy":"rental_category","embeddable":true,"href":"https:\/\/www.linkeus.fr\/en\/wp-json\/wp\/v2\/rental_category?post=15615"},{"taxonomy":"classifieds_category","embeddable":true,"href":"https:\/\/www.linkeus.fr\/en\/wp-json\/wp\/v2\/classifieds_category?post=15615"},{"taxonomy":"listing_feature","embeddable":true,"href":"https:\/\/www.linkeus.fr\/en\/wp-json\/wp\/v2\/listing_feature?post=15615"},{"taxonomy":"region","embeddable":true,"href":"https:\/\/www.linkeus.fr\/en\/wp-json\/wp\/v2\/region?post=15615"}],"curies":[{"name":"wp","href":"https:\/\/api.w.org\/{rel}","templated":true}]}}

<!-- This site is optimized with the Yoast SEO plugin v24.0 - https://yoast.com/wordpress/plugins/seo/ -->
<title>Abbaye de Sainte Croix - Linkeus Provence Côte d&#039;Azur Events</title>
<meta name="robots" content="index, follow, max-snippet:-1, max-image-preview:large, max-video-preview:-1" />
<link rel="canonical" href="https://www.linkeus.fr/en/adherent/abbaye-de-sainte-croix/" />
<meta property="og:locale" content="en_US" />
<meta property="og:type" content="article" />
<meta property="og:title" content="Abbaye de Sainte Croix - Linkeus Provence Côte d&#039;Azur Events" />
<meta property="og:description" content="Overlooking Salon de Provence, l’Abbaye de Sainte Croix welcomes you: 25 rooms, panoramic terrace, restaurant, 2 meeting rooms, 1 chapel, swimming pool and 20 hectares of pinery." />
<meta property="og:url" content="https://www.linkeus.fr/en/adherent/abbaye-de-sainte-croix/" />
<meta property="og:site_name" content="Linkeus Provence Côte d&#039;Azur Events" />
<meta property="article:publisher" content="https://www.facebook.com/ProvenceCotedAzurEvents" />
<meta property="article:modified_time" content="2022-11-21T11:58:42+00:00" />
<meta property="og:image" content="https://www.linkeus.fr/wp-content/uploads/2020/08/161121.Logo_declinaison-etablissement-abbaye-de-sainte-croix_RVB-beige_GARRIGAE.png" />
	<meta property="og:image:width" content="3543" />
	<meta property="og:image:height" content="1754" />
	<meta property="og:image:type" content="image/png" />
<meta name="twitter:card" content="summary_large_image" />
<script type="application/ld+json" class="yoast-schema-graph">{"@context":"https://schema.org","@graph":[{"@type":"WebPage","@id":"https://www.linkeus.fr/en/adherent/abbaye-de-sainte-croix/","url":"https://www.linkeus.fr/en/adherent/abbaye-de-sainte-croix/","name":"Abbaye de Sainte Croix - Linkeus Provence Côte d&#039;Azur Events","isPartOf":{"@id":"https://www.linkeus.fr/#website"},"primaryImageOfPage":{"@id":"https://www.linkeus.fr/en/adherent/abbaye-de-sainte-croix/#primaryimage"},"image":{"@id":"https://www.linkeus.fr/en/adherent/abbaye-de-sainte-croix/#primaryimage"},"thumbnailUrl":"https://www.linkeus.fr/wp-content/uploads/2020/08/161121.Logo_declinaison-etablissement-abbaye-de-sainte-croix_RVB-beige_GARRIGAE.png","datePublished":"2020-08-11T12:46:47+00:00","dateModified":"2022-11-21T11:58:42+00:00","breadcrumb":{"@id":"https://www.linkeus.fr/en/adherent/abbaye-de-sainte-croix/#breadcrumb"},"inLanguage":"en-US","potentialAction":[{"@type":"ReadAction","target":["https://www.linkeus.fr/en/adherent/abbaye-de-sainte-croix/"]}]},{"@type":"ImageObject","inLanguage":"en-US","@id":"https://www.linkeus.fr/en/adherent/abbaye-de-sainte-croix/#primaryimage","url":"https://www.linkeus.fr/wp-content/uploads/2020/08/161121.Logo_declinaison-etablissement-abbaye-de-sainte-croix_RVB-beige_GARRIGAE.png","contentUrl":"https://www.linkeus.fr/wp-content/uploads/2020/08/161121.Logo_declinaison-etablissement-abbaye-de-sainte-croix_RVB-beige_GARRIGAE.png","width":3543,"height":1754,"caption":"Abbaye de Sainte Croix"},{"@type":"BreadcrumbList","@id":"https://www.linkeus.fr/en/adherent/abbaye-de-sainte-croix/#breadcrumb","itemListElement":[{"@type":"ListItem","position":1,"name":"Accueil","item":"https://www.linkeus.fr/en/"},{"@type":"ListItem","position":2,"name":"Annonces","item":"https://www.linkeus.fr/adherents/"},{"@type":"ListItem","position":3,"name":"Abbaye de Sainte Croix"}]},{"@type":"WebSite","@id":"https://www.linkeus.fr/#website","url":"https://www.linkeus.fr/","name":"Linkeus Provence Côte d&#039;Azur Events","description":"Le bureau des congrès regional : l&#039;interlocuteur privilégié pour l&#039;organisation de vos évènements professionnels en Provence Alpes Côte d&#039;Azur","publisher":{"@id":"https://www.linkeus.fr/#organization"},"potentialAction":[{"@type":"SearchAction","target":{"@type":"EntryPoint","urlTemplate":"https://www.linkeus.fr/?s={search_term_string}"},"query-input":{"@type":"PropertyValueSpecification","valueRequired":true,"valueName":"search_term_string"}}],"inLanguage":"en-US"},{"@type":"Organization","@id":"https://www.linkeus.fr/#organization","name":"Linkeus Provence Côte d&#039;Azur Events","url":"https://www.linkeus.fr/","logo":{"@type":"ImageObject","inLanguage":"en-US","@id":"https://www.linkeus.fr/#/schema/logo/image/","url":"https://www.linkeus.fr/wp-content/uploads/2022/09/log-linkeus290.png","contentUrl":"https://www.linkeus.fr/wp-content/uploads/2022/09/log-linkeus290.png","width":290,"height":100,"caption":"Linkeus Provence Côte d&#039;Azur Events"},"image":{"@id":"https://www.linkeus.fr/#/schema/logo/image/"},"sameAs":["https://www.facebook.com/ProvenceCotedAzurEvents"]}]}</script>
<!-- / Yoast SEO plugin. -->

Abbaye de Sainte Croix - Linkeus Provence Côte d&#039;Azur Events

Linkeus Provence Côte d&#039;Azur Events

Le bureau des congrès regional : l&#039;interlocuteur privilégié pour l&#039;organisation de vos évènements professionnels en Provence Alpes Côte d&#039;Azur
