{"id":15533,"date":"2020-08-11T14:44:58","date_gmt":"2020-08-11T12:44:58","guid":{"rendered":"https:\/\/www.linkeus.fr\/\/listing\/regional-tourist-board-provence-alps-cote-dazur\/"},"modified":"2026-01-29T09:47:43","modified_gmt":"2026-01-29T08:47:43","slug":"regional-tourist-board-provence-alps-cote-dazur","status":"publish","type":"listing","link":"https:\/\/www.linkeus.fr\/en\/adherent\/regional-tourist-board-provence-alps-cote-dazur\/","title":{"rendered":"Regional tourist board Provence Alps Cote d&#8217;Azur"},"content":{"rendered":"<p>The CRT has for main mission the valuation and the promotion of the tourism offer of the region Provence-Alpes-C\u00f4te d&#8217;Azur.<\/p>\n<p>\u00a9A.Mouton CRTPACA<\/p>\n","protected":false},"author":2,"featured_media":26487,"comment_status":"open","ping_status":"closed","template":"","meta":{"inline_featured_image":false},"listing_category":[123,140],"event_category":[],"service_category":[],"rental_category":[],"classifieds_category":[],"listing_feature":[],"region":[112],"class_list":["post-15533","listing","type-listing","status-publish","has-post-thumbnail","hentry","listing_category-convention-bureaus","listing_category-institutional","region-provence-alpes-cote-dazur-en"],"yoast_head":"<!-- This site is optimized with the Yoast SEO plugin v24.0 - https:\/\/yoast.com\/wordpress\/plugins\/seo\/ -->\n<title>Comit\u00e9 R\u00e9gional du Tourisme PACA<\/title>\n<meta name=\"description\" content=\"The Provence Alpes C\u00f4te d&#039;Azur Regional Tourism Committee promotes and enhances the tourism offerings of the Provence-Alpes-C\u00f4te d&#039;Azur region.\" \/>\n<meta name=\"robots\" content=\"index, follow, max-snippet:-1, max-image-preview:large, max-video-preview:-1\" \/>\n<link rel=\"canonical\" href=\"https:\/\/www.linkeus.fr\/en\/adherent\/regional-tourist-board-provence-alps-cote-dazur\/\" \/>\n<meta property=\"og:locale\" content=\"en_US\" \/>\n<meta property=\"og:type\" content=\"article\" \/>\n<meta property=\"og:title\" content=\"Comit\u00e9 R\u00e9gional du Tourisme PACA\" \/>\n<meta property=\"og:description\" content=\"The Provence Alpes C\u00f4te d&#039;Azur Regional Tourism Committee promotes and enhances the tourism offerings of the Provence-Alpes-C\u00f4te d&#039;Azur region.\" \/>\n<meta property=\"og:url\" content=\"https:\/\/www.linkeus.fr\/en\/adherent\/regional-tourist-board-provence-alps-cote-dazur\/\" \/>\n<meta property=\"og:site_name\" content=\"Linkeus Provence C\u00f4te d&#039;Azur Events\" \/>\n<meta property=\"article:publisher\" content=\"https:\/\/www.facebook.com\/ProvenceCotedAzurEvents\" \/>\n<meta property=\"article:modified_time\" content=\"2026-01-29T08:47:43+00:00\" \/>\n<meta property=\"og:image\" content=\"https:\/\/www.linkeus.fr\/wp-content\/uploads\/2020\/08\/Capture-decran-2024-02-19-160230.png\" \/>\n\t<meta property=\"og:image:width\" content=\"788\" \/>\n\t<meta property=\"og:image:height\" content=\"200\" \/>\n\t<meta property=\"og:image:type\" content=\"image\/png\" \/>\n<meta name=\"twitter:card\" content=\"summary_large_image\" \/>\n<meta name=\"twitter:label1\" content=\"Est. reading time\" \/>\n\t<meta name=\"twitter:data1\" content=\"1 minute\" \/>\n<script type=\"application\/ld+json\" class=\"yoast-schema-graph\">{\"@context\":\"https:\/\/schema.org\",\"@graph\":[{\"@type\":\"WebPage\",\"@id\":\"https:\/\/www.linkeus.fr\/en\/adherent\/regional-tourist-board-provence-alps-cote-dazur\/\",\"url\":\"https:\/\/www.linkeus.fr\/en\/adherent\/regional-tourist-board-provence-alps-cote-dazur\/\",\"name\":\"Comit\u00e9 R\u00e9gional du Tourisme PACA\",\"isPartOf\":{\"@id\":\"https:\/\/www.linkeus.fr\/#website\"},\"primaryImageOfPage\":{\"@id\":\"https:\/\/www.linkeus.fr\/en\/adherent\/regional-tourist-board-provence-alps-cote-dazur\/#primaryimage\"},\"image\":{\"@id\":\"https:\/\/www.linkeus.fr\/en\/adherent\/regional-tourist-board-provence-alps-cote-dazur\/#primaryimage\"},\"thumbnailUrl\":\"https:\/\/www.linkeus.fr\/wp-content\/uploads\/2020\/08\/Capture-decran-2024-02-19-160230.png\",\"datePublished\":\"2020-08-11T12:44:58+00:00\",\"dateModified\":\"2026-01-29T08:47:43+00:00\",\"description\":\"The Provence Alpes C\u00f4te d'Azur Regional Tourism Committee promotes and enhances the tourism offerings of the Provence-Alpes-C\u00f4te d'Azur region.\",\"breadcrumb\":{\"@id\":\"https:\/\/www.linkeus.fr\/en\/adherent\/regional-tourist-board-provence-alps-cote-dazur\/#breadcrumb\"},\"inLanguage\":\"en-US\",\"potentialAction\":[{\"@type\":\"ReadAction\",\"target\":[\"https:\/\/www.linkeus.fr\/en\/adherent\/regional-tourist-board-provence-alps-cote-dazur\/\"]}]},{\"@type\":\"ImageObject\",\"inLanguage\":\"en-US\",\"@id\":\"https:\/\/www.linkeus.fr\/en\/adherent\/regional-tourist-board-provence-alps-cote-dazur\/#primaryimage\",\"url\":\"https:\/\/www.linkeus.fr\/wp-content\/uploads\/2020\/08\/Capture-decran-2024-02-19-160230.png\",\"contentUrl\":\"https:\/\/www.linkeus.fr\/wp-content\/uploads\/2020\/08\/Capture-decran-2024-02-19-160230.png\",\"width\":788,\"height\":200},{\"@type\":\"BreadcrumbList\",\"@id\":\"https:\/\/www.linkeus.fr\/en\/adherent\/regional-tourist-board-provence-alps-cote-dazur\/#breadcrumb\",\"itemListElement\":[{\"@type\":\"ListItem\",\"position\":1,\"name\":\"Accueil\",\"item\":\"https:\/\/www.linkeus.fr\/en\/\"},{\"@type\":\"ListItem\",\"position\":2,\"name\":\"Annonces\",\"item\":\"https:\/\/www.linkeus.fr\/adherents\/\"},{\"@type\":\"ListItem\",\"position\":3,\"name\":\"Regional tourist board Provence Alps Cote d&rsquo;Azur\"}]},{\"@type\":\"WebSite\",\"@id\":\"https:\/\/www.linkeus.fr\/#website\",\"url\":\"https:\/\/www.linkeus.fr\/\",\"name\":\"Linkeus Provence C\u00f4te d&#039;Azur Events\",\"description\":\"Le bureau des congr\u00e8s regional : l&#039;interlocuteur privil\u00e9gi\u00e9 pour l&#039;organisation de vos \u00e9v\u00e8nements professionnels en Provence Alpes C\u00f4te d&#039;Azur\",\"publisher\":{\"@id\":\"https:\/\/www.linkeus.fr\/#organization\"},\"potentialAction\":[{\"@type\":\"SearchAction\",\"target\":{\"@type\":\"EntryPoint\",\"urlTemplate\":\"https:\/\/www.linkeus.fr\/?s={search_term_string}\"},\"query-input\":{\"@type\":\"PropertyValueSpecification\",\"valueRequired\":true,\"valueName\":\"search_term_string\"}}],\"inLanguage\":\"en-US\"},{\"@type\":\"Organization\",\"@id\":\"https:\/\/www.linkeus.fr\/#organization\",\"name\":\"Linkeus Provence C\u00f4te d&#039;Azur Events\",\"url\":\"https:\/\/www.linkeus.fr\/\",\"logo\":{\"@type\":\"ImageObject\",\"inLanguage\":\"en-US\",\"@id\":\"https:\/\/www.linkeus.fr\/#\/schema\/logo\/image\/\",\"url\":\"https:\/\/www.linkeus.fr\/wp-content\/uploads\/2022\/09\/log-linkeus290.png\",\"contentUrl\":\"https:\/\/www.linkeus.fr\/wp-content\/uploads\/2022\/09\/log-linkeus290.png\",\"width\":290,\"height\":100,\"caption\":\"Linkeus Provence C\u00f4te d&#039;Azur Events\"},\"image\":{\"@id\":\"https:\/\/www.linkeus.fr\/#\/schema\/logo\/image\/\"},\"sameAs\":[\"https:\/\/www.facebook.com\/ProvenceCotedAzurEvents\"]}]}<\/script>\n<!-- \/ Yoast SEO plugin. -->","yoast_head_json":{"title":"Comit\u00e9 R\u00e9gional du Tourisme PACA","description":"The Provence Alpes C\u00f4te d'Azur Regional Tourism Committee promotes and enhances the tourism offerings of the Provence-Alpes-C\u00f4te d'Azur region.","robots":{"index":"index","follow":"follow","max-snippet":"max-snippet:-1","max-image-preview":"max-image-preview:large","max-video-preview":"max-video-preview:-1"},"canonical":"https:\/\/www.linkeus.fr\/en\/adherent\/regional-tourist-board-provence-alps-cote-dazur\/","og_locale":"en_US","og_type":"article","og_title":"Comit\u00e9 R\u00e9gional du Tourisme PACA","og_description":"The Provence Alpes C\u00f4te d'Azur Regional Tourism Committee promotes and enhances the tourism offerings of the Provence-Alpes-C\u00f4te d'Azur region.","og_url":"https:\/\/www.linkeus.fr\/en\/adherent\/regional-tourist-board-provence-alps-cote-dazur\/","og_site_name":"Linkeus Provence C\u00f4te d&#039;Azur Events","article_publisher":"https:\/\/www.facebook.com\/ProvenceCotedAzurEvents","article_modified_time":"2026-01-29T08:47:43+00:00","og_image":[{"width":788,"height":200,"url":"https:\/\/www.linkeus.fr\/wp-content\/uploads\/2020\/08\/Capture-decran-2024-02-19-160230.png","type":"image\/png"}],"twitter_card":"summary_large_image","twitter_misc":{"Est. reading time":"1 minute"},"schema":{"@context":"https:\/\/schema.org","@graph":[{"@type":"WebPage","@id":"https:\/\/www.linkeus.fr\/en\/adherent\/regional-tourist-board-provence-alps-cote-dazur\/","url":"https:\/\/www.linkeus.fr\/en\/adherent\/regional-tourist-board-provence-alps-cote-dazur\/","name":"Comit\u00e9 R\u00e9gional du Tourisme PACA","isPartOf":{"@id":"https:\/\/www.linkeus.fr\/#website"},"primaryImageOfPage":{"@id":"https:\/\/www.linkeus.fr\/en\/adherent\/regional-tourist-board-provence-alps-cote-dazur\/#primaryimage"},"image":{"@id":"https:\/\/www.linkeus.fr\/en\/adherent\/regional-tourist-board-provence-alps-cote-dazur\/#primaryimage"},"thumbnailUrl":"https:\/\/www.linkeus.fr\/wp-content\/uploads\/2020\/08\/Capture-decran-2024-02-19-160230.png","datePublished":"2020-08-11T12:44:58+00:00","dateModified":"2026-01-29T08:47:43+00:00","description":"The Provence Alpes C\u00f4te d'Azur Regional Tourism Committee promotes and enhances the tourism offerings of the Provence-Alpes-C\u00f4te d'Azur region.","breadcrumb":{"@id":"https:\/\/www.linkeus.fr\/en\/adherent\/regional-tourist-board-provence-alps-cote-dazur\/#breadcrumb"},"inLanguage":"en-US","potentialAction":[{"@type":"ReadAction","target":["https:\/\/www.linkeus.fr\/en\/adherent\/regional-tourist-board-provence-alps-cote-dazur\/"]}]},{"@type":"ImageObject","inLanguage":"en-US","@id":"https:\/\/www.linkeus.fr\/en\/adherent\/regional-tourist-board-provence-alps-cote-dazur\/#primaryimage","url":"https:\/\/www.linkeus.fr\/wp-content\/uploads\/2020\/08\/Capture-decran-2024-02-19-160230.png","contentUrl":"https:\/\/www.linkeus.fr\/wp-content\/uploads\/2020\/08\/Capture-decran-2024-02-19-160230.png","width":788,"height":200},{"@type":"BreadcrumbList","@id":"https:\/\/www.linkeus.fr\/en\/adherent\/regional-tourist-board-provence-alps-cote-dazur\/#breadcrumb","itemListElement":[{"@type":"ListItem","position":1,"name":"Accueil","item":"https:\/\/www.linkeus.fr\/en\/"},{"@type":"ListItem","position":2,"name":"Annonces","item":"https:\/\/www.linkeus.fr\/adherents\/"},{"@type":"ListItem","position":3,"name":"Regional tourist board Provence Alps Cote d&rsquo;Azur"}]},{"@type":"WebSite","@id":"https:\/\/www.linkeus.fr\/#website","url":"https:\/\/www.linkeus.fr\/","name":"Linkeus Provence C\u00f4te d&#039;Azur Events","description":"Le bureau des congr\u00e8s regional : l&#039;interlocuteur privil\u00e9gi\u00e9 pour l&#039;organisation de vos \u00e9v\u00e8nements professionnels en Provence Alpes C\u00f4te d&#039;Azur","publisher":{"@id":"https:\/\/www.linkeus.fr\/#organization"},"potentialAction":[{"@type":"SearchAction","target":{"@type":"EntryPoint","urlTemplate":"https:\/\/www.linkeus.fr\/?s={search_term_string}"},"query-input":{"@type":"PropertyValueSpecification","valueRequired":true,"valueName":"search_term_string"}}],"inLanguage":"en-US"},{"@type":"Organization","@id":"https:\/\/www.linkeus.fr\/#organization","name":"Linkeus Provence C\u00f4te d&#039;Azur Events","url":"https:\/\/www.linkeus.fr\/","logo":{"@type":"ImageObject","inLanguage":"en-US","@id":"https:\/\/www.linkeus.fr\/#\/schema\/logo\/image\/","url":"https:\/\/www.linkeus.fr\/wp-content\/uploads\/2022\/09\/log-linkeus290.png","contentUrl":"https:\/\/www.linkeus.fr\/wp-content\/uploads\/2022\/09\/log-linkeus290.png","width":290,"height":100,"caption":"Linkeus Provence C\u00f4te d&#039;Azur Events"},"image":{"@id":"https:\/\/www.linkeus.fr\/#\/schema\/logo\/image\/"},"sameAs":["https:\/\/www.facebook.com\/ProvenceCotedAzurEvents"]}]}},"_links":{"self":[{"href":"https:\/\/www.linkeus.fr\/en\/wp-json\/wp\/v2\/listing\/15533","targetHints":{"allow":["GET"]}}],"collection":[{"href":"https:\/\/www.linkeus.fr\/en\/wp-json\/wp\/v2\/listing"}],"about":[{"href":"https:\/\/www.linkeus.fr\/en\/wp-json\/wp\/v2\/types\/listing"}],"author":[{"embeddable":true,"href":"https:\/\/www.linkeus.fr\/en\/wp-json\/wp\/v2\/users\/2"}],"replies":[{"embeddable":true,"href":"https:\/\/www.linkeus.fr\/en\/wp-json\/wp\/v2\/comments?post=15533"}],"wp:featuredmedia":[{"embeddable":true,"href":"https:\/\/www.linkeus.fr\/en\/wp-json\/wp\/v2\/media\/26487"}],"wp:attachment":[{"href":"https:\/\/www.linkeus.fr\/en\/wp-json\/wp\/v2\/media?parent=15533"}],"wp:term":[{"taxonomy":"listing_category","embeddable":true,"href":"https:\/\/www.linkeus.fr\/en\/wp-json\/wp\/v2\/listing_category?post=15533"},{"taxonomy":"event_category","embeddable":true,"href":"https:\/\/www.linkeus.fr\/en\/wp-json\/wp\/v2\/event_category?post=15533"},{"taxonomy":"service_category","embeddable":true,"href":"https:\/\/www.linkeus.fr\/en\/wp-json\/wp\/v2\/service_category?post=15533"},{"taxonomy":"rental_category","embeddable":true,"href":"https:\/\/www.linkeus.fr\/en\/wp-json\/wp\/v2\/rental_category?post=15533"},{"taxonomy":"classifieds_category","embeddable":true,"href":"https:\/\/www.linkeus.fr\/en\/wp-json\/wp\/v2\/classifieds_category?post=15533"},{"taxonomy":"listing_feature","embeddable":true,"href":"https:\/\/www.linkeus.fr\/en\/wp-json\/wp\/v2\/listing_feature?post=15533"},{"taxonomy":"region","embeddable":true,"href":"https:\/\/www.linkeus.fr\/en\/wp-json\/wp\/v2\/region?post=15533"}],"curies":[{"name":"wp","href":"https:\/\/api.w.org\/{rel}","templated":true}]}}

<p>The CRT has for main mission the valuation and the promotion of the tourism offer of the region Provence-Alpes-Côte d&#8217;Azur.</p>
<p>©A.Mouton CRTPACA</p>

<!-- This site is optimized with the Yoast SEO plugin v24.0 - https://yoast.com/wordpress/plugins/seo/ -->
<title>Comité Régional du Tourisme PACA</title>
<meta name="description" content="The Provence Alpes Côte d&#039;Azur Regional Tourism Committee promotes and enhances the tourism offerings of the Provence-Alpes-Côte d&#039;Azur region." />
<meta name="robots" content="index, follow, max-snippet:-1, max-image-preview:large, max-video-preview:-1" />
<link rel="canonical" href="https://www.linkeus.fr/en/adherent/regional-tourist-board-provence-alps-cote-dazur/" />
<meta property="og:locale" content="en_US" />
<meta property="og:type" content="article" />
<meta property="og:title" content="Comité Régional du Tourisme PACA" />
<meta property="og:description" content="The Provence Alpes Côte d&#039;Azur Regional Tourism Committee promotes and enhances the tourism offerings of the Provence-Alpes-Côte d&#039;Azur region." />
<meta property="og:url" content="https://www.linkeus.fr/en/adherent/regional-tourist-board-provence-alps-cote-dazur/" />
<meta property="og:site_name" content="Linkeus Provence Côte d&#039;Azur Events" />
<meta property="article:publisher" content="https://www.facebook.com/ProvenceCotedAzurEvents" />
<meta property="article:modified_time" content="2026-01-29T08:47:43+00:00" />
<meta property="og:image" content="https://www.linkeus.fr/wp-content/uploads/2020/08/Capture-decran-2024-02-19-160230.png" />
	<meta property="og:image:width" content="788" />
	<meta property="og:image:height" content="200" />
	<meta property="og:image:type" content="image/png" />
<meta name="twitter:card" content="summary_large_image" />
<meta name="twitter:label1" content="Est. reading time" />
	<meta name="twitter:data1" content="1 minute" />
<script type="application/ld+json" class="yoast-schema-graph">{"@context":"https://schema.org","@graph":[{"@type":"WebPage","@id":"https://www.linkeus.fr/en/adherent/regional-tourist-board-provence-alps-cote-dazur/","url":"https://www.linkeus.fr/en/adherent/regional-tourist-board-provence-alps-cote-dazur/","name":"Comité Régional du Tourisme PACA","isPartOf":{"@id":"https://www.linkeus.fr/#website"},"primaryImageOfPage":{"@id":"https://www.linkeus.fr/en/adherent/regional-tourist-board-provence-alps-cote-dazur/#primaryimage"},"image":{"@id":"https://www.linkeus.fr/en/adherent/regional-tourist-board-provence-alps-cote-dazur/#primaryimage"},"thumbnailUrl":"https://www.linkeus.fr/wp-content/uploads/2020/08/Capture-decran-2024-02-19-160230.png","datePublished":"2020-08-11T12:44:58+00:00","dateModified":"2026-01-29T08:47:43+00:00","description":"The Provence Alpes Côte d'Azur Regional Tourism Committee promotes and enhances the tourism offerings of the Provence-Alpes-Côte d'Azur region.","breadcrumb":{"@id":"https://www.linkeus.fr/en/adherent/regional-tourist-board-provence-alps-cote-dazur/#breadcrumb"},"inLanguage":"en-US","potentialAction":[{"@type":"ReadAction","target":["https://www.linkeus.fr/en/adherent/regional-tourist-board-provence-alps-cote-dazur/"]}]},{"@type":"ImageObject","inLanguage":"en-US","@id":"https://www.linkeus.fr/en/adherent/regional-tourist-board-provence-alps-cote-dazur/#primaryimage","url":"https://www.linkeus.fr/wp-content/uploads/2020/08/Capture-decran-2024-02-19-160230.png","contentUrl":"https://www.linkeus.fr/wp-content/uploads/2020/08/Capture-decran-2024-02-19-160230.png","width":788,"height":200},{"@type":"BreadcrumbList","@id":"https://www.linkeus.fr/en/adherent/regional-tourist-board-provence-alps-cote-dazur/#breadcrumb","itemListElement":[{"@type":"ListItem","position":1,"name":"Accueil","item":"https://www.linkeus.fr/en/"},{"@type":"ListItem","position":2,"name":"Annonces","item":"https://www.linkeus.fr/adherents/"},{"@type":"ListItem","position":3,"name":"Regional tourist board Provence Alps Cote d&rsquo;Azur"}]},{"@type":"WebSite","@id":"https://www.linkeus.fr/#website","url":"https://www.linkeus.fr/","name":"Linkeus Provence Côte d&#039;Azur Events","description":"Le bureau des congrès regional : l&#039;interlocuteur privilégié pour l&#039;organisation de vos évènements professionnels en Provence Alpes Côte d&#039;Azur","publisher":{"@id":"https://www.linkeus.fr/#organization"},"potentialAction":[{"@type":"SearchAction","target":{"@type":"EntryPoint","urlTemplate":"https://www.linkeus.fr/?s={search_term_string}"},"query-input":{"@type":"PropertyValueSpecification","valueRequired":true,"valueName":"search_term_string"}}],"inLanguage":"en-US"},{"@type":"Organization","@id":"https://www.linkeus.fr/#organization","name":"Linkeus Provence Côte d&#039;Azur Events","url":"https://www.linkeus.fr/","logo":{"@type":"ImageObject","inLanguage":"en-US","@id":"https://www.linkeus.fr/#/schema/logo/image/","url":"https://www.linkeus.fr/wp-content/uploads/2022/09/log-linkeus290.png","contentUrl":"https://www.linkeus.fr/wp-content/uploads/2022/09/log-linkeus290.png","width":290,"height":100,"caption":"Linkeus Provence Côte d&#039;Azur Events"},"image":{"@id":"https://www.linkeus.fr/#/schema/logo/image/"},"sameAs":["https://www.facebook.com/ProvenceCotedAzurEvents"]}]}</script>
<!-- / Yoast SEO plugin. -->

Comité Régional du Tourisme PACA

The Provence Alpes Côte d'Azur Regional Tourism Committee promotes and enhances the tourism offerings of the Provence-Alpes-Côte d'Azur region.

Linkeus Provence Côte d&#039;Azur Events

Le bureau des congrès regional : l&#039;interlocuteur privilégié pour l&#039;organisation de vos évènements professionnels en Provence Alpes Côte d&#039;Azur
