{"id":15525,"date":"2020-08-11T14:44:14","date_gmt":"2020-08-11T12:44:14","guid":{"rendered":"https:\/\/www.linkeus.fr\/\/listing\/marseille-chanot-congress-and-exposition-centre\/"},"modified":"2025-11-18T09:44:06","modified_gmt":"2025-11-18T08:44:06","slug":"marseille-chanot-congress-and-exposition-centre","status":"publish","type":"listing","link":"https:\/\/www.linkeus.fr\/en\/adherent\/marseille-chanot-congress-and-exposition-centre\/","title":{"rendered":"Marseille Chanot, Congress and exposition centre"},"content":{"rendered":"<p>Marseille Chanot, Exhibition &amp; Congress centre, hosts the biggest events in Marseille and its region.<\/p>\n<p>Its total area of \u200b\u200b17 hectares brings together in a single secure space more than 102,000 m2 of outdoors areas and 51,000 m2 covered:<\/p>\n<ul>\n<li>Congress centre and Palais des Arts: 21 rooms and 2 auditoriums with 200 to 1,200 seats<\/li>\n<li>Palais des Ev\u00e9nements &amp; de l\u2019Europe: 11,500 m2 in total, 10,000 people, amphitheater up to 1600 to 3200 places<\/li>\n<li>Palais de la M\u00e9diterran\u00e9e, Palais Phoc\u00e9en and Grand Palais: 27,000 m2\u00a0 total<\/li>\n<\/ul>\n<p>Its perfect modularity also allows the holding of several simultaneous events: 250 congresses, conventions, general public or professional fairs, conferences, shows, competitions and exams&#8230; benefit from it each year.<\/p>\n<p>Chanot is directly connected to train and bus stations by metro, to the airport by tunnels and to the rest of the world by a state-of-the-art internet infrastructure.<\/p>\n<p>Its 1800 parking spaces are directly accessible from the motorways.<\/p>\n<p>Certified IS0 20 121 Sustainable Management of events, SAFIM, manager of Marseille Chanot, is also the first company to organize trade fairs in the South-East.<\/p>\n","protected":false},"author":2,"featured_media":1714,"comment_status":"open","ping_status":"closed","template":"","meta":{"inline_featured_image":false},"listing_category":[124],"event_category":[],"service_category":[],"rental_category":[143],"classifieds_category":[],"listing_feature":[],"region":[112],"class_list":["post-15525","listing","type-listing","status-publish","has-post-thumbnail","hentry","listing_category-convention-centers-and-event-venues","rental_category-adherents-bedouk","region-provence-alpes-cote-dazur-en"],"yoast_head":"<!-- This site is optimized with the Yoast SEO plugin v24.0 - https:\/\/yoast.com\/wordpress\/plugins\/seo\/ -->\n<title>Marseille Chanot<\/title>\n<meta name=\"robots\" content=\"index, follow, max-snippet:-1, max-image-preview:large, max-video-preview:-1\" \/>\n<link rel=\"canonical\" href=\"https:\/\/www.linkeus.fr\/en\/adherent\/marseille-chanot-congress-and-exposition-centre\/\" \/>\n<meta property=\"og:locale\" content=\"en_US\" \/>\n<meta property=\"og:type\" content=\"article\" \/>\n<meta property=\"og:title\" content=\"Marseille Chanot\" \/>\n<meta property=\"og:description\" content=\"Marseille Chanot, Exhibition &amp; Congress centre, hosts the biggest events in Marseille and its region. Its total area of \u200b\u200b17 hectares brings together in a single secure space more than 102,000 m2 of outdoors areas and 51,000 m2 covered: Congress centre and Palais des Arts: 21 rooms and 2 auditoriums with 200 to 1,200 seats [&hellip;]\" \/>\n<meta property=\"og:url\" content=\"https:\/\/www.linkeus.fr\/en\/adherent\/marseille-chanot-congress-and-exposition-centre\/\" \/>\n<meta property=\"og:site_name\" content=\"Linkeus Provence C\u00f4te d&#039;Azur Events\" \/>\n<meta property=\"article:publisher\" content=\"https:\/\/www.facebook.com\/ProvenceCotedAzurEvents\" \/>\n<meta property=\"article:modified_time\" content=\"2025-11-18T08:44:06+00:00\" \/>\n<meta property=\"og:image\" content=\"https:\/\/www.linkeus.fr\/wp-content\/uploads\/2020\/08\/marseillechanot.jpg\" \/>\n\t<meta property=\"og:image:width\" content=\"200\" \/>\n\t<meta property=\"og:image:height\" content=\"133\" \/>\n\t<meta property=\"og:image:type\" content=\"image\/jpeg\" \/>\n<meta name=\"twitter:card\" content=\"summary_large_image\" \/>\n<meta name=\"twitter:label1\" content=\"Est. reading time\" \/>\n\t<meta name=\"twitter:data1\" content=\"2 minutes\" \/>\n<script type=\"application\/ld+json\" class=\"yoast-schema-graph\">{\"@context\":\"https:\/\/schema.org\",\"@graph\":[{\"@type\":\"WebPage\",\"@id\":\"https:\/\/www.linkeus.fr\/en\/adherent\/marseille-chanot-congress-and-exposition-centre\/\",\"url\":\"https:\/\/www.linkeus.fr\/en\/adherent\/marseille-chanot-congress-and-exposition-centre\/\",\"name\":\"Marseille Chanot\",\"isPartOf\":{\"@id\":\"https:\/\/www.linkeus.fr\/#website\"},\"primaryImageOfPage\":{\"@id\":\"https:\/\/www.linkeus.fr\/en\/adherent\/marseille-chanot-congress-and-exposition-centre\/#primaryimage\"},\"image\":{\"@id\":\"https:\/\/www.linkeus.fr\/en\/adherent\/marseille-chanot-congress-and-exposition-centre\/#primaryimage\"},\"thumbnailUrl\":\"https:\/\/www.linkeus.fr\/wp-content\/uploads\/2020\/08\/marseillechanot.jpg\",\"datePublished\":\"2020-08-11T12:44:14+00:00\",\"dateModified\":\"2025-11-18T08:44:06+00:00\",\"breadcrumb\":{\"@id\":\"https:\/\/www.linkeus.fr\/en\/adherent\/marseille-chanot-congress-and-exposition-centre\/#breadcrumb\"},\"inLanguage\":\"en-US\",\"potentialAction\":[{\"@type\":\"ReadAction\",\"target\":[\"https:\/\/www.linkeus.fr\/en\/adherent\/marseille-chanot-congress-and-exposition-centre\/\"]}]},{\"@type\":\"ImageObject\",\"inLanguage\":\"en-US\",\"@id\":\"https:\/\/www.linkeus.fr\/en\/adherent\/marseille-chanot-congress-and-exposition-centre\/#primaryimage\",\"url\":\"https:\/\/www.linkeus.fr\/wp-content\/uploads\/2020\/08\/marseillechanot.jpg\",\"contentUrl\":\"https:\/\/www.linkeus.fr\/wp-content\/uploads\/2020\/08\/marseillechanot.jpg\",\"width\":200,\"height\":133},{\"@type\":\"BreadcrumbList\",\"@id\":\"https:\/\/www.linkeus.fr\/en\/adherent\/marseille-chanot-congress-and-exposition-centre\/#breadcrumb\",\"itemListElement\":[{\"@type\":\"ListItem\",\"position\":1,\"name\":\"Accueil\",\"item\":\"https:\/\/www.linkeus.fr\/en\/\"},{\"@type\":\"ListItem\",\"position\":2,\"name\":\"Annonces\",\"item\":\"https:\/\/www.linkeus.fr\/adherents\/\"},{\"@type\":\"ListItem\",\"position\":3,\"name\":\"Marseille Chanot, Congress and exposition centre\"}]},{\"@type\":\"WebSite\",\"@id\":\"https:\/\/www.linkeus.fr\/#website\",\"url\":\"https:\/\/www.linkeus.fr\/\",\"name\":\"Linkeus Provence C\u00f4te d&#039;Azur Events\",\"description\":\"Le bureau des congr\u00e8s regional : l&#039;interlocuteur privil\u00e9gi\u00e9 pour l&#039;organisation de vos \u00e9v\u00e8nements professionnels en Provence Alpes C\u00f4te d&#039;Azur\",\"publisher\":{\"@id\":\"https:\/\/www.linkeus.fr\/#organization\"},\"potentialAction\":[{\"@type\":\"SearchAction\",\"target\":{\"@type\":\"EntryPoint\",\"urlTemplate\":\"https:\/\/www.linkeus.fr\/?s={search_term_string}\"},\"query-input\":{\"@type\":\"PropertyValueSpecification\",\"valueRequired\":true,\"valueName\":\"search_term_string\"}}],\"inLanguage\":\"en-US\"},{\"@type\":\"Organization\",\"@id\":\"https:\/\/www.linkeus.fr\/#organization\",\"name\":\"Linkeus Provence C\u00f4te d&#039;Azur Events\",\"url\":\"https:\/\/www.linkeus.fr\/\",\"logo\":{\"@type\":\"ImageObject\",\"inLanguage\":\"en-US\",\"@id\":\"https:\/\/www.linkeus.fr\/#\/schema\/logo\/image\/\",\"url\":\"https:\/\/www.linkeus.fr\/wp-content\/uploads\/2022\/09\/log-linkeus290.png\",\"contentUrl\":\"https:\/\/www.linkeus.fr\/wp-content\/uploads\/2022\/09\/log-linkeus290.png\",\"width\":290,\"height\":100,\"caption\":\"Linkeus Provence C\u00f4te d&#039;Azur Events\"},\"image\":{\"@id\":\"https:\/\/www.linkeus.fr\/#\/schema\/logo\/image\/\"},\"sameAs\":[\"https:\/\/www.facebook.com\/ProvenceCotedAzurEvents\"]}]}<\/script>\n<!-- \/ Yoast SEO plugin. -->","yoast_head_json":{"title":"Marseille Chanot","robots":{"index":"index","follow":"follow","max-snippet":"max-snippet:-1","max-image-preview":"max-image-preview:large","max-video-preview":"max-video-preview:-1"},"canonical":"https:\/\/www.linkeus.fr\/en\/adherent\/marseille-chanot-congress-and-exposition-centre\/","og_locale":"en_US","og_type":"article","og_title":"Marseille Chanot","og_description":"Marseille Chanot, Exhibition &amp; Congress centre, hosts the biggest events in Marseille and its region. Its total area of \u200b\u200b17 hectares brings together in a single secure space more than 102,000 m2 of outdoors areas and 51,000 m2 covered: Congress centre and Palais des Arts: 21 rooms and 2 auditoriums with 200 to 1,200 seats [&hellip;]","og_url":"https:\/\/www.linkeus.fr\/en\/adherent\/marseille-chanot-congress-and-exposition-centre\/","og_site_name":"Linkeus Provence C\u00f4te d&#039;Azur Events","article_publisher":"https:\/\/www.facebook.com\/ProvenceCotedAzurEvents","article_modified_time":"2025-11-18T08:44:06+00:00","og_image":[{"width":200,"height":133,"url":"https:\/\/www.linkeus.fr\/wp-content\/uploads\/2020\/08\/marseillechanot.jpg","type":"image\/jpeg"}],"twitter_card":"summary_large_image","twitter_misc":{"Est. reading time":"2 minutes"},"schema":{"@context":"https:\/\/schema.org","@graph":[{"@type":"WebPage","@id":"https:\/\/www.linkeus.fr\/en\/adherent\/marseille-chanot-congress-and-exposition-centre\/","url":"https:\/\/www.linkeus.fr\/en\/adherent\/marseille-chanot-congress-and-exposition-centre\/","name":"Marseille Chanot","isPartOf":{"@id":"https:\/\/www.linkeus.fr\/#website"},"primaryImageOfPage":{"@id":"https:\/\/www.linkeus.fr\/en\/adherent\/marseille-chanot-congress-and-exposition-centre\/#primaryimage"},"image":{"@id":"https:\/\/www.linkeus.fr\/en\/adherent\/marseille-chanot-congress-and-exposition-centre\/#primaryimage"},"thumbnailUrl":"https:\/\/www.linkeus.fr\/wp-content\/uploads\/2020\/08\/marseillechanot.jpg","datePublished":"2020-08-11T12:44:14+00:00","dateModified":"2025-11-18T08:44:06+00:00","breadcrumb":{"@id":"https:\/\/www.linkeus.fr\/en\/adherent\/marseille-chanot-congress-and-exposition-centre\/#breadcrumb"},"inLanguage":"en-US","potentialAction":[{"@type":"ReadAction","target":["https:\/\/www.linkeus.fr\/en\/adherent\/marseille-chanot-congress-and-exposition-centre\/"]}]},{"@type":"ImageObject","inLanguage":"en-US","@id":"https:\/\/www.linkeus.fr\/en\/adherent\/marseille-chanot-congress-and-exposition-centre\/#primaryimage","url":"https:\/\/www.linkeus.fr\/wp-content\/uploads\/2020\/08\/marseillechanot.jpg","contentUrl":"https:\/\/www.linkeus.fr\/wp-content\/uploads\/2020\/08\/marseillechanot.jpg","width":200,"height":133},{"@type":"BreadcrumbList","@id":"https:\/\/www.linkeus.fr\/en\/adherent\/marseille-chanot-congress-and-exposition-centre\/#breadcrumb","itemListElement":[{"@type":"ListItem","position":1,"name":"Accueil","item":"https:\/\/www.linkeus.fr\/en\/"},{"@type":"ListItem","position":2,"name":"Annonces","item":"https:\/\/www.linkeus.fr\/adherents\/"},{"@type":"ListItem","position":3,"name":"Marseille Chanot, Congress and exposition centre"}]},{"@type":"WebSite","@id":"https:\/\/www.linkeus.fr\/#website","url":"https:\/\/www.linkeus.fr\/","name":"Linkeus Provence C\u00f4te d&#039;Azur Events","description":"Le bureau des congr\u00e8s regional : l&#039;interlocuteur privil\u00e9gi\u00e9 pour l&#039;organisation de vos \u00e9v\u00e8nements professionnels en Provence Alpes C\u00f4te d&#039;Azur","publisher":{"@id":"https:\/\/www.linkeus.fr\/#organization"},"potentialAction":[{"@type":"SearchAction","target":{"@type":"EntryPoint","urlTemplate":"https:\/\/www.linkeus.fr\/?s={search_term_string}"},"query-input":{"@type":"PropertyValueSpecification","valueRequired":true,"valueName":"search_term_string"}}],"inLanguage":"en-US"},{"@type":"Organization","@id":"https:\/\/www.linkeus.fr\/#organization","name":"Linkeus Provence C\u00f4te d&#039;Azur Events","url":"https:\/\/www.linkeus.fr\/","logo":{"@type":"ImageObject","inLanguage":"en-US","@id":"https:\/\/www.linkeus.fr\/#\/schema\/logo\/image\/","url":"https:\/\/www.linkeus.fr\/wp-content\/uploads\/2022\/09\/log-linkeus290.png","contentUrl":"https:\/\/www.linkeus.fr\/wp-content\/uploads\/2022\/09\/log-linkeus290.png","width":290,"height":100,"caption":"Linkeus Provence C\u00f4te d&#039;Azur Events"},"image":{"@id":"https:\/\/www.linkeus.fr\/#\/schema\/logo\/image\/"},"sameAs":["https:\/\/www.facebook.com\/ProvenceCotedAzurEvents"]}]}},"_links":{"self":[{"href":"https:\/\/www.linkeus.fr\/en\/wp-json\/wp\/v2\/listing\/15525","targetHints":{"allow":["GET"]}}],"collection":[{"href":"https:\/\/www.linkeus.fr\/en\/wp-json\/wp\/v2\/listing"}],"about":[{"href":"https:\/\/www.linkeus.fr\/en\/wp-json\/wp\/v2\/types\/listing"}],"author":[{"embeddable":true,"href":"https:\/\/www.linkeus.fr\/en\/wp-json\/wp\/v2\/users\/2"}],"replies":[{"embeddable":true,"href":"https:\/\/www.linkeus.fr\/en\/wp-json\/wp\/v2\/comments?post=15525"}],"wp:featuredmedia":[{"embeddable":true,"href":"https:\/\/www.linkeus.fr\/en\/wp-json\/wp\/v2\/media\/1714"}],"wp:attachment":[{"href":"https:\/\/www.linkeus.fr\/en\/wp-json\/wp\/v2\/media?parent=15525"}],"wp:term":[{"taxonomy":"listing_category","embeddable":true,"href":"https:\/\/www.linkeus.fr\/en\/wp-json\/wp\/v2\/listing_category?post=15525"},{"taxonomy":"event_category","embeddable":true,"href":"https:\/\/www.linkeus.fr\/en\/wp-json\/wp\/v2\/event_category?post=15525"},{"taxonomy":"service_category","embeddable":true,"href":"https:\/\/www.linkeus.fr\/en\/wp-json\/wp\/v2\/service_category?post=15525"},{"taxonomy":"rental_category","embeddable":true,"href":"https:\/\/www.linkeus.fr\/en\/wp-json\/wp\/v2\/rental_category?post=15525"},{"taxonomy":"classifieds_category","embeddable":true,"href":"https:\/\/www.linkeus.fr\/en\/wp-json\/wp\/v2\/classifieds_category?post=15525"},{"taxonomy":"listing_feature","embeddable":true,"href":"https:\/\/www.linkeus.fr\/en\/wp-json\/wp\/v2\/listing_feature?post=15525"},{"taxonomy":"region","embeddable":true,"href":"https:\/\/www.linkeus.fr\/en\/wp-json\/wp\/v2\/region?post=15525"}],"curies":[{"name":"wp","href":"https:\/\/api.w.org\/{rel}","templated":true}]}}

<p>Marseille Chanot, Exhibition &amp; Congress centre, hosts the biggest events in Marseille and its region.</p>
<p>Its total area of ​​17 hectares brings together in a single secure space more than 102,000 m2 of outdoors areas and 51,000 m2 covered:</p>
<ul>
<li>Congress centre and Palais des Arts: 21 rooms and 2 auditoriums with 200 to 1,200 seats</li>
<li>Palais des Evénements &amp; de l’Europe: 11,500 m2 in total, 10,000 people, amphitheater up to 1600 to 3200 places</li>
<li>Palais de la Méditerranée, Palais Phocéen and Grand Palais: 27,000 m2  total</li>
</ul>
<p>Its perfect modularity also allows the holding of several simultaneous events: 250 congresses, conventions, general public or professional fairs, conferences, shows, competitions and exams&#8230; benefit from it each year.</p>
<p>Chanot is directly connected to train and bus stations by metro, to the airport by tunnels and to the rest of the world by a state-of-the-art internet infrastructure.</p>
<p>Its 1800 parking spaces are directly accessible from the motorways.</p>
<p>Certified IS0 20 121 Sustainable Management of events, SAFIM, manager of Marseille Chanot, is also the first company to organize trade fairs in the South-East.</p>

<!-- This site is optimized with the Yoast SEO plugin v24.0 - https://yoast.com/wordpress/plugins/seo/ -->
<title>Marseille Chanot</title>
<meta name="robots" content="index, follow, max-snippet:-1, max-image-preview:large, max-video-preview:-1" />
<link rel="canonical" href="https://www.linkeus.fr/en/adherent/marseille-chanot-congress-and-exposition-centre/" />
<meta property="og:locale" content="en_US" />
<meta property="og:type" content="article" />
<meta property="og:title" content="Marseille Chanot" />
<meta property="og:description" content="Marseille Chanot, Exhibition &amp; Congress centre, hosts the biggest events in Marseille and its region. Its total area of ​​17 hectares brings together in a single secure space more than 102,000 m2 of outdoors areas and 51,000 m2 covered: Congress centre and Palais des Arts: 21 rooms and 2 auditoriums with 200 to 1,200 seats [&hellip;]" />
<meta property="og:url" content="https://www.linkeus.fr/en/adherent/marseille-chanot-congress-and-exposition-centre/" />
<meta property="og:site_name" content="Linkeus Provence Côte d&#039;Azur Events" />
<meta property="article:publisher" content="https://www.facebook.com/ProvenceCotedAzurEvents" />
<meta property="article:modified_time" content="2025-11-18T08:44:06+00:00" />
<meta property="og:image" content="https://www.linkeus.fr/wp-content/uploads/2020/08/marseillechanot.jpg" />
	<meta property="og:image:width" content="200" />
	<meta property="og:image:height" content="133" />
	<meta property="og:image:type" content="image/jpeg" />
<meta name="twitter:card" content="summary_large_image" />
<meta name="twitter:label1" content="Est. reading time" />
	<meta name="twitter:data1" content="2 minutes" />
<script type="application/ld+json" class="yoast-schema-graph">{"@context":"https://schema.org","@graph":[{"@type":"WebPage","@id":"https://www.linkeus.fr/en/adherent/marseille-chanot-congress-and-exposition-centre/","url":"https://www.linkeus.fr/en/adherent/marseille-chanot-congress-and-exposition-centre/","name":"Marseille Chanot","isPartOf":{"@id":"https://www.linkeus.fr/#website"},"primaryImageOfPage":{"@id":"https://www.linkeus.fr/en/adherent/marseille-chanot-congress-and-exposition-centre/#primaryimage"},"image":{"@id":"https://www.linkeus.fr/en/adherent/marseille-chanot-congress-and-exposition-centre/#primaryimage"},"thumbnailUrl":"https://www.linkeus.fr/wp-content/uploads/2020/08/marseillechanot.jpg","datePublished":"2020-08-11T12:44:14+00:00","dateModified":"2025-11-18T08:44:06+00:00","breadcrumb":{"@id":"https://www.linkeus.fr/en/adherent/marseille-chanot-congress-and-exposition-centre/#breadcrumb"},"inLanguage":"en-US","potentialAction":[{"@type":"ReadAction","target":["https://www.linkeus.fr/en/adherent/marseille-chanot-congress-and-exposition-centre/"]}]},{"@type":"ImageObject","inLanguage":"en-US","@id":"https://www.linkeus.fr/en/adherent/marseille-chanot-congress-and-exposition-centre/#primaryimage","url":"https://www.linkeus.fr/wp-content/uploads/2020/08/marseillechanot.jpg","contentUrl":"https://www.linkeus.fr/wp-content/uploads/2020/08/marseillechanot.jpg","width":200,"height":133},{"@type":"BreadcrumbList","@id":"https://www.linkeus.fr/en/adherent/marseille-chanot-congress-and-exposition-centre/#breadcrumb","itemListElement":[{"@type":"ListItem","position":1,"name":"Accueil","item":"https://www.linkeus.fr/en/"},{"@type":"ListItem","position":2,"name":"Annonces","item":"https://www.linkeus.fr/adherents/"},{"@type":"ListItem","position":3,"name":"Marseille Chanot, Congress and exposition centre"}]},{"@type":"WebSite","@id":"https://www.linkeus.fr/#website","url":"https://www.linkeus.fr/","name":"Linkeus Provence Côte d&#039;Azur Events","description":"Le bureau des congrès regional : l&#039;interlocuteur privilégié pour l&#039;organisation de vos évènements professionnels en Provence Alpes Côte d&#039;Azur","publisher":{"@id":"https://www.linkeus.fr/#organization"},"potentialAction":[{"@type":"SearchAction","target":{"@type":"EntryPoint","urlTemplate":"https://www.linkeus.fr/?s={search_term_string}"},"query-input":{"@type":"PropertyValueSpecification","valueRequired":true,"valueName":"search_term_string"}}],"inLanguage":"en-US"},{"@type":"Organization","@id":"https://www.linkeus.fr/#organization","name":"Linkeus Provence Côte d&#039;Azur Events","url":"https://www.linkeus.fr/","logo":{"@type":"ImageObject","inLanguage":"en-US","@id":"https://www.linkeus.fr/#/schema/logo/image/","url":"https://www.linkeus.fr/wp-content/uploads/2022/09/log-linkeus290.png","contentUrl":"https://www.linkeus.fr/wp-content/uploads/2022/09/log-linkeus290.png","width":290,"height":100,"caption":"Linkeus Provence Côte d&#039;Azur Events"},"image":{"@id":"https://www.linkeus.fr/#/schema/logo/image/"},"sameAs":["https://www.facebook.com/ProvenceCotedAzurEvents"]}]}</script>
<!-- / Yoast SEO plugin. -->

Linkeus Provence Côte d&#039;Azur Events

Le bureau des congrès regional : l&#039;interlocuteur privilégié pour l&#039;organisation de vos évènements professionnels en Provence Alpes Côte d&#039;Azur
