{"id":15433,"date":"2020-08-11T14:42:57","date_gmt":"2020-08-11T12:42:57","guid":{"rendered":"https:\/\/www.linkeus.fr\/\/listing\/arles-tourist-office\/"},"modified":"2022-11-22T14:17:08","modified_gmt":"2022-11-22T13:17:08","slug":"arles-tourist-office","status":"publish","type":"listing","link":"https:\/\/www.linkeus.fr\/en\/adherent\/arles-tourist-office\/","title":{"rendered":"Arles Tourist Office"},"content":{"rendered":"<p>Land of history, land of flavors, land of passions&#8230;<br \/>\nArles and the Camargue reveal themselves to those who know how to take the time. For here, more than 2,000 years of history await you. If there are few traces left of the passage of the Greeks, the vestiges of the ancient Roman colony Arelate are everywhere. Amphitheater, ancient theater, Cryptoporticus, Baths of Constantine, remains of the Forum&#8230; All these monuments will be in the spotlight in 2021, for the 40th anniversary of their classification as UNESCO World Heritage!<br \/>\nTake the time to imagine the future&#8230; With Luma Arles, a vast cultural center conceived as an archipelago, inaugurated in spring 2021.<br \/>\nAnd finally, savor the present moment. That of the epicureans. Pleasure of the good tables of Arles&#8230; The joy of traditional festivals&#8230; The excitement of festivals and concerts&#8230;<\/p>\n","protected":false},"author":2,"featured_media":21861,"comment_status":"open","ping_status":"closed","template":"","meta":{"inline_featured_image":false},"listing_category":[123],"event_category":[],"service_category":[],"rental_category":[143],"classifieds_category":[],"listing_feature":[],"region":[112],"class_list":["post-15433","listing","type-listing","status-publish","has-post-thumbnail","hentry","listing_category-convention-bureaus","rental_category-adherents-bedouk","region-provence-alpes-cote-dazur-en"],"yoast_head":"<!-- This site is optimized with the Yoast SEO plugin v24.0 - https:\/\/yoast.com\/wordpress\/plugins\/seo\/ -->\n<title>Office de Tourisme d&#039;Arles<\/title>\n<meta name=\"robots\" content=\"index, follow, max-snippet:-1, max-image-preview:large, max-video-preview:-1\" \/>\n<link rel=\"canonical\" href=\"https:\/\/www.linkeus.fr\/en\/adherent\/arles-tourist-office\/\" \/>\n<meta property=\"og:locale\" content=\"en_US\" \/>\n<meta property=\"og:type\" content=\"article\" \/>\n<meta property=\"og:title\" content=\"Office de Tourisme d&#039;Arles\" \/>\n<meta property=\"og:description\" content=\"Land of history, land of flavors, land of passions&#8230; Arles and the Camargue reveal themselves to those who know how to take the time. For here, more than 2,000 years of history await you. If there are few traces left of the passage of the Greeks, the vestiges of the ancient Roman colony Arelate are [&hellip;]\" \/>\n<meta property=\"og:url\" content=\"https:\/\/www.linkeus.fr\/en\/adherent\/arles-tourist-office\/\" \/>\n<meta property=\"og:site_name\" content=\"Linkeus Provence C\u00f4te d&#039;Azur Events\" \/>\n<meta property=\"article:publisher\" content=\"https:\/\/www.facebook.com\/ProvenceCotedAzurEvents\" \/>\n<meta property=\"article:modified_time\" content=\"2022-11-22T13:17:08+00:00\" \/>\n<meta property=\"og:image\" content=\"https:\/\/www.linkeus.fr\/wp-content\/uploads\/2020\/08\/Centre_Arles_vue_a\u00e9rienne\u00a9B.Levet2_-scaled.jpg\" \/>\n\t<meta property=\"og:image:width\" content=\"2560\" \/>\n\t<meta property=\"og:image:height\" content=\"2287\" \/>\n\t<meta property=\"og:image:type\" content=\"image\/jpeg\" \/>\n<meta name=\"twitter:card\" content=\"summary_large_image\" \/>\n<meta name=\"twitter:label1\" content=\"Est. reading time\" \/>\n\t<meta name=\"twitter:data1\" content=\"1 minute\" \/>\n<script type=\"application\/ld+json\" class=\"yoast-schema-graph\">{\"@context\":\"https:\/\/schema.org\",\"@graph\":[{\"@type\":\"WebPage\",\"@id\":\"https:\/\/www.linkeus.fr\/en\/adherent\/arles-tourist-office\/\",\"url\":\"https:\/\/www.linkeus.fr\/en\/adherent\/arles-tourist-office\/\",\"name\":\"Office de Tourisme d'Arles\",\"isPartOf\":{\"@id\":\"https:\/\/www.linkeus.fr\/#website\"},\"primaryImageOfPage\":{\"@id\":\"https:\/\/www.linkeus.fr\/en\/adherent\/arles-tourist-office\/#primaryimage\"},\"image\":{\"@id\":\"https:\/\/www.linkeus.fr\/en\/adherent\/arles-tourist-office\/#primaryimage\"},\"thumbnailUrl\":\"https:\/\/www.linkeus.fr\/wp-content\/uploads\/2020\/08\/Centre_Arles_vue_a\u00e9rienne\u00a9B.Levet2_-scaled.jpg\",\"datePublished\":\"2020-08-11T12:42:57+00:00\",\"dateModified\":\"2022-11-22T13:17:08+00:00\",\"breadcrumb\":{\"@id\":\"https:\/\/www.linkeus.fr\/en\/adherent\/arles-tourist-office\/#breadcrumb\"},\"inLanguage\":\"en-US\",\"potentialAction\":[{\"@type\":\"ReadAction\",\"target\":[\"https:\/\/www.linkeus.fr\/en\/adherent\/arles-tourist-office\/\"]}]},{\"@type\":\"ImageObject\",\"inLanguage\":\"en-US\",\"@id\":\"https:\/\/www.linkeus.fr\/en\/adherent\/arles-tourist-office\/#primaryimage\",\"url\":\"https:\/\/www.linkeus.fr\/wp-content\/uploads\/2020\/08\/Centre_Arles_vue_a\u00e9rienne\u00a9B.Levet2_-scaled.jpg\",\"contentUrl\":\"https:\/\/www.linkeus.fr\/wp-content\/uploads\/2020\/08\/Centre_Arles_vue_a\u00e9rienne\u00a9B.Levet2_-scaled.jpg\",\"width\":2560,\"height\":2287},{\"@type\":\"BreadcrumbList\",\"@id\":\"https:\/\/www.linkeus.fr\/en\/adherent\/arles-tourist-office\/#breadcrumb\",\"itemListElement\":[{\"@type\":\"ListItem\",\"position\":1,\"name\":\"Accueil\",\"item\":\"https:\/\/www.linkeus.fr\/en\/\"},{\"@type\":\"ListItem\",\"position\":2,\"name\":\"Annonces\",\"item\":\"https:\/\/www.linkeus.fr\/adherents\/\"},{\"@type\":\"ListItem\",\"position\":3,\"name\":\"Arles Tourist Office\"}]},{\"@type\":\"WebSite\",\"@id\":\"https:\/\/www.linkeus.fr\/#website\",\"url\":\"https:\/\/www.linkeus.fr\/\",\"name\":\"Linkeus Provence C\u00f4te d&#039;Azur Events\",\"description\":\"Le bureau des congr\u00e8s regional : l&#039;interlocuteur privil\u00e9gi\u00e9 pour l&#039;organisation de vos \u00e9v\u00e8nements professionnels en Provence Alpes C\u00f4te d&#039;Azur\",\"publisher\":{\"@id\":\"https:\/\/www.linkeus.fr\/#organization\"},\"potentialAction\":[{\"@type\":\"SearchAction\",\"target\":{\"@type\":\"EntryPoint\",\"urlTemplate\":\"https:\/\/www.linkeus.fr\/?s={search_term_string}\"},\"query-input\":{\"@type\":\"PropertyValueSpecification\",\"valueRequired\":true,\"valueName\":\"search_term_string\"}}],\"inLanguage\":\"en-US\"},{\"@type\":\"Organization\",\"@id\":\"https:\/\/www.linkeus.fr\/#organization\",\"name\":\"Linkeus Provence C\u00f4te d&#039;Azur Events\",\"url\":\"https:\/\/www.linkeus.fr\/\",\"logo\":{\"@type\":\"ImageObject\",\"inLanguage\":\"en-US\",\"@id\":\"https:\/\/www.linkeus.fr\/#\/schema\/logo\/image\/\",\"url\":\"https:\/\/www.linkeus.fr\/wp-content\/uploads\/2022\/09\/log-linkeus290.png\",\"contentUrl\":\"https:\/\/www.linkeus.fr\/wp-content\/uploads\/2022\/09\/log-linkeus290.png\",\"width\":290,\"height\":100,\"caption\":\"Linkeus Provence C\u00f4te d&#039;Azur Events\"},\"image\":{\"@id\":\"https:\/\/www.linkeus.fr\/#\/schema\/logo\/image\/\"},\"sameAs\":[\"https:\/\/www.facebook.com\/ProvenceCotedAzurEvents\"]}]}<\/script>\n<!-- \/ Yoast SEO plugin. -->","yoast_head_json":{"title":"Office de Tourisme d'Arles","robots":{"index":"index","follow":"follow","max-snippet":"max-snippet:-1","max-image-preview":"max-image-preview:large","max-video-preview":"max-video-preview:-1"},"canonical":"https:\/\/www.linkeus.fr\/en\/adherent\/arles-tourist-office\/","og_locale":"en_US","og_type":"article","og_title":"Office de Tourisme d'Arles","og_description":"Land of history, land of flavors, land of passions&#8230; Arles and the Camargue reveal themselves to those who know how to take the time. For here, more than 2,000 years of history await you. If there are few traces left of the passage of the Greeks, the vestiges of the ancient Roman colony Arelate are [&hellip;]","og_url":"https:\/\/www.linkeus.fr\/en\/adherent\/arles-tourist-office\/","og_site_name":"Linkeus Provence C\u00f4te d&#039;Azur Events","article_publisher":"https:\/\/www.facebook.com\/ProvenceCotedAzurEvents","article_modified_time":"2022-11-22T13:17:08+00:00","og_image":[{"width":2560,"height":2287,"url":"https:\/\/www.linkeus.fr\/wp-content\/uploads\/2020\/08\/Centre_Arles_vue_a\u00e9rienne\u00a9B.Levet2_-scaled.jpg","type":"image\/jpeg"}],"twitter_card":"summary_large_image","twitter_misc":{"Est. reading time":"1 minute"},"schema":{"@context":"https:\/\/schema.org","@graph":[{"@type":"WebPage","@id":"https:\/\/www.linkeus.fr\/en\/adherent\/arles-tourist-office\/","url":"https:\/\/www.linkeus.fr\/en\/adherent\/arles-tourist-office\/","name":"Office de Tourisme d'Arles","isPartOf":{"@id":"https:\/\/www.linkeus.fr\/#website"},"primaryImageOfPage":{"@id":"https:\/\/www.linkeus.fr\/en\/adherent\/arles-tourist-office\/#primaryimage"},"image":{"@id":"https:\/\/www.linkeus.fr\/en\/adherent\/arles-tourist-office\/#primaryimage"},"thumbnailUrl":"https:\/\/www.linkeus.fr\/wp-content\/uploads\/2020\/08\/Centre_Arles_vue_a\u00e9rienne\u00a9B.Levet2_-scaled.jpg","datePublished":"2020-08-11T12:42:57+00:00","dateModified":"2022-11-22T13:17:08+00:00","breadcrumb":{"@id":"https:\/\/www.linkeus.fr\/en\/adherent\/arles-tourist-office\/#breadcrumb"},"inLanguage":"en-US","potentialAction":[{"@type":"ReadAction","target":["https:\/\/www.linkeus.fr\/en\/adherent\/arles-tourist-office\/"]}]},{"@type":"ImageObject","inLanguage":"en-US","@id":"https:\/\/www.linkeus.fr\/en\/adherent\/arles-tourist-office\/#primaryimage","url":"https:\/\/www.linkeus.fr\/wp-content\/uploads\/2020\/08\/Centre_Arles_vue_a\u00e9rienne\u00a9B.Levet2_-scaled.jpg","contentUrl":"https:\/\/www.linkeus.fr\/wp-content\/uploads\/2020\/08\/Centre_Arles_vue_a\u00e9rienne\u00a9B.Levet2_-scaled.jpg","width":2560,"height":2287},{"@type":"BreadcrumbList","@id":"https:\/\/www.linkeus.fr\/en\/adherent\/arles-tourist-office\/#breadcrumb","itemListElement":[{"@type":"ListItem","position":1,"name":"Accueil","item":"https:\/\/www.linkeus.fr\/en\/"},{"@type":"ListItem","position":2,"name":"Annonces","item":"https:\/\/www.linkeus.fr\/adherents\/"},{"@type":"ListItem","position":3,"name":"Arles Tourist Office"}]},{"@type":"WebSite","@id":"https:\/\/www.linkeus.fr\/#website","url":"https:\/\/www.linkeus.fr\/","name":"Linkeus Provence C\u00f4te d&#039;Azur Events","description":"Le bureau des congr\u00e8s regional : l&#039;interlocuteur privil\u00e9gi\u00e9 pour l&#039;organisation de vos \u00e9v\u00e8nements professionnels en Provence Alpes C\u00f4te d&#039;Azur","publisher":{"@id":"https:\/\/www.linkeus.fr\/#organization"},"potentialAction":[{"@type":"SearchAction","target":{"@type":"EntryPoint","urlTemplate":"https:\/\/www.linkeus.fr\/?s={search_term_string}"},"query-input":{"@type":"PropertyValueSpecification","valueRequired":true,"valueName":"search_term_string"}}],"inLanguage":"en-US"},{"@type":"Organization","@id":"https:\/\/www.linkeus.fr\/#organization","name":"Linkeus Provence C\u00f4te d&#039;Azur Events","url":"https:\/\/www.linkeus.fr\/","logo":{"@type":"ImageObject","inLanguage":"en-US","@id":"https:\/\/www.linkeus.fr\/#\/schema\/logo\/image\/","url":"https:\/\/www.linkeus.fr\/wp-content\/uploads\/2022\/09\/log-linkeus290.png","contentUrl":"https:\/\/www.linkeus.fr\/wp-content\/uploads\/2022\/09\/log-linkeus290.png","width":290,"height":100,"caption":"Linkeus Provence C\u00f4te d&#039;Azur Events"},"image":{"@id":"https:\/\/www.linkeus.fr\/#\/schema\/logo\/image\/"},"sameAs":["https:\/\/www.facebook.com\/ProvenceCotedAzurEvents"]}]}},"_links":{"self":[{"href":"https:\/\/www.linkeus.fr\/en\/wp-json\/wp\/v2\/listing\/15433","targetHints":{"allow":["GET"]}}],"collection":[{"href":"https:\/\/www.linkeus.fr\/en\/wp-json\/wp\/v2\/listing"}],"about":[{"href":"https:\/\/www.linkeus.fr\/en\/wp-json\/wp\/v2\/types\/listing"}],"author":[{"embeddable":true,"href":"https:\/\/www.linkeus.fr\/en\/wp-json\/wp\/v2\/users\/2"}],"replies":[{"embeddable":true,"href":"https:\/\/www.linkeus.fr\/en\/wp-json\/wp\/v2\/comments?post=15433"}],"wp:featuredmedia":[{"embeddable":true,"href":"https:\/\/www.linkeus.fr\/en\/wp-json\/wp\/v2\/media\/21861"}],"wp:attachment":[{"href":"https:\/\/www.linkeus.fr\/en\/wp-json\/wp\/v2\/media?parent=15433"}],"wp:term":[{"taxonomy":"listing_category","embeddable":true,"href":"https:\/\/www.linkeus.fr\/en\/wp-json\/wp\/v2\/listing_category?post=15433"},{"taxonomy":"event_category","embeddable":true,"href":"https:\/\/www.linkeus.fr\/en\/wp-json\/wp\/v2\/event_category?post=15433"},{"taxonomy":"service_category","embeddable":true,"href":"https:\/\/www.linkeus.fr\/en\/wp-json\/wp\/v2\/service_category?post=15433"},{"taxonomy":"rental_category","embeddable":true,"href":"https:\/\/www.linkeus.fr\/en\/wp-json\/wp\/v2\/rental_category?post=15433"},{"taxonomy":"classifieds_category","embeddable":true,"href":"https:\/\/www.linkeus.fr\/en\/wp-json\/wp\/v2\/classifieds_category?post=15433"},{"taxonomy":"listing_feature","embeddable":true,"href":"https:\/\/www.linkeus.fr\/en\/wp-json\/wp\/v2\/listing_feature?post=15433"},{"taxonomy":"region","embeddable":true,"href":"https:\/\/www.linkeus.fr\/en\/wp-json\/wp\/v2\/region?post=15433"}],"curies":[{"name":"wp","href":"https:\/\/api.w.org\/{rel}","templated":true}]}}

<!-- This site is optimized with the Yoast SEO plugin v24.0 - https://yoast.com/wordpress/plugins/seo/ -->
<title>Office de Tourisme d&#039;Arles</title>
<meta name="robots" content="index, follow, max-snippet:-1, max-image-preview:large, max-video-preview:-1" />
<link rel="canonical" href="https://www.linkeus.fr/en/adherent/arles-tourist-office/" />
<meta property="og:locale" content="en_US" />
<meta property="og:type" content="article" />
<meta property="og:title" content="Office de Tourisme d&#039;Arles" />
<meta property="og:description" content="Land of history, land of flavors, land of passions&#8230; Arles and the Camargue reveal themselves to those who know how to take the time. For here, more than 2,000 years of history await you. If there are few traces left of the passage of the Greeks, the vestiges of the ancient Roman colony Arelate are [&hellip;]" />
<meta property="og:url" content="https://www.linkeus.fr/en/adherent/arles-tourist-office/" />
<meta property="og:site_name" content="Linkeus Provence Côte d&#039;Azur Events" />
<meta property="article:publisher" content="https://www.facebook.com/ProvenceCotedAzurEvents" />
<meta property="article:modified_time" content="2022-11-22T13:17:08+00:00" />
<meta property="og:image" content="https://www.linkeus.fr/wp-content/uploads/2020/08/Centre_Arles_vue_aérienne©B.Levet2_-scaled.jpg" />
	<meta property="og:image:width" content="2560" />
	<meta property="og:image:height" content="2287" />
	<meta property="og:image:type" content="image/jpeg" />
<meta name="twitter:card" content="summary_large_image" />
<meta name="twitter:label1" content="Est. reading time" />
	<meta name="twitter:data1" content="1 minute" />
<script type="application/ld+json" class="yoast-schema-graph">{"@context":"https://schema.org","@graph":[{"@type":"WebPage","@id":"https://www.linkeus.fr/en/adherent/arles-tourist-office/","url":"https://www.linkeus.fr/en/adherent/arles-tourist-office/","name":"Office de Tourisme d'Arles","isPartOf":{"@id":"https://www.linkeus.fr/#website"},"primaryImageOfPage":{"@id":"https://www.linkeus.fr/en/adherent/arles-tourist-office/#primaryimage"},"image":{"@id":"https://www.linkeus.fr/en/adherent/arles-tourist-office/#primaryimage"},"thumbnailUrl":"https://www.linkeus.fr/wp-content/uploads/2020/08/Centre_Arles_vue_aérienne©B.Levet2_-scaled.jpg","datePublished":"2020-08-11T12:42:57+00:00","dateModified":"2022-11-22T13:17:08+00:00","breadcrumb":{"@id":"https://www.linkeus.fr/en/adherent/arles-tourist-office/#breadcrumb"},"inLanguage":"en-US","potentialAction":[{"@type":"ReadAction","target":["https://www.linkeus.fr/en/adherent/arles-tourist-office/"]}]},{"@type":"ImageObject","inLanguage":"en-US","@id":"https://www.linkeus.fr/en/adherent/arles-tourist-office/#primaryimage","url":"https://www.linkeus.fr/wp-content/uploads/2020/08/Centre_Arles_vue_aérienne©B.Levet2_-scaled.jpg","contentUrl":"https://www.linkeus.fr/wp-content/uploads/2020/08/Centre_Arles_vue_aérienne©B.Levet2_-scaled.jpg","width":2560,"height":2287},{"@type":"BreadcrumbList","@id":"https://www.linkeus.fr/en/adherent/arles-tourist-office/#breadcrumb","itemListElement":[{"@type":"ListItem","position":1,"name":"Accueil","item":"https://www.linkeus.fr/en/"},{"@type":"ListItem","position":2,"name":"Annonces","item":"https://www.linkeus.fr/adherents/"},{"@type":"ListItem","position":3,"name":"Arles Tourist Office"}]},{"@type":"WebSite","@id":"https://www.linkeus.fr/#website","url":"https://www.linkeus.fr/","name":"Linkeus Provence Côte d&#039;Azur Events","description":"Le bureau des congrès regional : l&#039;interlocuteur privilégié pour l&#039;organisation de vos évènements professionnels en Provence Alpes Côte d&#039;Azur","publisher":{"@id":"https://www.linkeus.fr/#organization"},"potentialAction":[{"@type":"SearchAction","target":{"@type":"EntryPoint","urlTemplate":"https://www.linkeus.fr/?s={search_term_string}"},"query-input":{"@type":"PropertyValueSpecification","valueRequired":true,"valueName":"search_term_string"}}],"inLanguage":"en-US"},{"@type":"Organization","@id":"https://www.linkeus.fr/#organization","name":"Linkeus Provence Côte d&#039;Azur Events","url":"https://www.linkeus.fr/","logo":{"@type":"ImageObject","inLanguage":"en-US","@id":"https://www.linkeus.fr/#/schema/logo/image/","url":"https://www.linkeus.fr/wp-content/uploads/2022/09/log-linkeus290.png","contentUrl":"https://www.linkeus.fr/wp-content/uploads/2022/09/log-linkeus290.png","width":290,"height":100,"caption":"Linkeus Provence Côte d&#039;Azur Events"},"image":{"@id":"https://www.linkeus.fr/#/schema/logo/image/"},"sameAs":["https://www.facebook.com/ProvenceCotedAzurEvents"]}]}</script>
<!-- / Yoast SEO plugin. -->

Linkeus Provence Côte d&#039;Azur Events

https://www.linkeus.fr/wp-content/uploads/2020/08/Centre_Arles_vue_aérienne©B.Levet2_-scaled.jpg

Le bureau des congrès regional : l&#039;interlocuteur privilégié pour l&#039;organisation de vos évènements professionnels en Provence Alpes Côte d&#039;Azur
